{"id":13018,"date":"2022-12-15T11:58:00","date_gmt":"2022-12-15T15:58:00","guid":{"rendered":"https:\/\/cie.uprrp.edu\/alcanza\/?page_id=13018"},"modified":"2022-12-15T12:14:17","modified_gmt":"2022-12-15T16:14:17","slug":"agradecimientos","status":"publish","type":"page","link":"https:\/\/cie.uprrp.edu\/alcanza\/agradecimientos\/","title":{"rendered":"Agradecimientos"},"content":{"rendered":"<h1>Agradecimientos<\/h1>\n<h2>Auspiciador<\/h2>\n<p>Fundaci\u00f3n \u00c1ngel Ramos<\/p>\n<h2>Agencias Colaboradoras<\/h2>\n<ul>\n<li>Oficina para el Desarrollo Infantil, Programa Head Start y Early Head Start, Municipio de San Juan<\/li>\n<li>APCCDN Asociaci\u00f3n Puertorrique\u00f1a de Centro de Cuidado y Desarrollo del Ni\u00f1o, Inc.<\/li>\n<li>ASPIRA de Puerto Rico<\/li>\n<li>Departamento de la Familia<\/li>\n<li>Fondos Unidos<\/li>\n<\/ul>\n<h2>Lectores<\/h2>\n<ul>\n<li>Dra. Carmen Cintr\u00f3n de Est\u00e9vez, Especialista en Curr\u00edculo Preescolar<\/li>\n<li>Prof. Rafael Ortiz, Especialista en Educaci\u00f3n Especial<\/li>\n<li>Prof. Mar\u00eda Isabel L\u00f3pez, Especialista en Ecolog\u00eda Familiar<\/li>\n<li>Prof. Edna Rivera, Especialista en Ecolog\u00eda Familiar<\/li>\n<li>Prof. Elizabeth Cuevas, Especialista en K-3 Artes del Lenguaje<\/li>\n<li>Prof. Leslie Zayas, Especialista en Early Reading First<\/li>\n<li>Sra. Carmen Gonz\u00e1lez, Especialista en Educaci\u00f3n Preescolar<\/li>\n<li>Dra. Germie Corujo, Especialista en Educaci\u00f3n Preescolar<\/li>\n<li>Prof. Adele Corujo, Especialista en Educaci\u00f3n Preescolar<\/li>\n<li>Dr. Gabriel Ramos, Especialista en Crecimiento y Desarrollo Humano<\/li>\n<li>Dr. Eduardo Su\u00e1rez Silverio, Especialista en Filosof\u00eda y Fundamentos de la Educaci\u00f3n<\/li>\n<li>Profa. Mari Lourdes Mendoza: Especialista en Educaci\u00f3n Preescolar<\/li>\n<li>Profa. Carmen Teresa Pujols: Especialista en Educaci\u00f3n Preescolar\u00a0 y Artes del Lenguaje<\/li>\n<li>Dra. Laura Santiago D\u00edaz: Especialista en Educaci\u00f3n Elemental y Artes del Lenguaje<\/li>\n<\/ul>\n<h2>Capacitadoras<\/h2>\n<ul>\n<li>Nancy Viana V\u00e1zquez<\/li>\n<li>Lourdes M. Torres B\u00e1ez<\/li>\n<li>Jeannette Cab\u00e1n Morales<\/li>\n<li>Ruby Mercury L\u00f3pez<\/li>\n<li>Mar\u00eda de los A. Agrinsoni Malav\u00e9<\/li>\n<li>Germie Corujo Mart\u00ednez<\/li>\n<li>Yanitza Lebr\u00f3n<\/li>\n<li>Rafael Ortiz L\u00f3pez<\/li>\n<li>Wanda Figueroa Fuentes<\/li>\n<li>Sugeily Ortiz Rivera<\/li>\n<li>Isset Pastrana Andino<\/li>\n<li>Iris \u00c1lvarez Cruz<\/li>\n<\/ul>\n<h2>Asistentes de investigaci\u00f3n<\/h2>\n<ul>\n<li>Lourdes M. Torres B\u00e1ez<\/li>\n<li>Ivonne Ocasio Reyes<\/li>\n<li>Joalory Rodr\u00edguez Col\u00f3n<\/li>\n<li>Irma Lugo Nazario<\/li>\n<li>Jos\u00e9 K. Bauz\u00e1 Mora<\/li>\n<li>Carmen J. Gonz\u00e1lez Candelario<\/li>\n<li>Janitza Morales<\/li>\n<li>Armanie Cordero<\/li>\n<li>Emily M. Rivera D\u00e1vila<\/li>\n<li>Lourdes Su\u00e1rez Gonz\u00e1lez<\/li>\n<li>Kiana Pacheco<\/li>\n<li>Estefan\u00eda Rodr\u00edguez<\/li>\n<\/ul>\n<h2>Fotograf\u00edas<\/h2>\n<ul>\n<li>Laboratorio de Infantes y Maternales<\/li>\n<li>Escuela Maternal<\/li>\n<li>Centro de Desarrollo Preescolar<\/li>\n<li>Escuela Elemental<\/li>\n<li>Universidad de Puerto Rico, Recinto de R\u00edo Piedras<\/li>\n<\/ul>\n<style>\/*! elementor - v3.9.0 - 06-12-2022 *\/\n.elementor-heading-title{padding:0;margin:0;line-height:1}.elementor-widget-heading .elementor-heading-title[class*=elementor-size-]>a{color:inherit;font-size:inherit;line-height:inherit}.elementor-widget-heading .elementor-heading-title.elementor-size-small{font-size:15px}.elementor-widget-heading .elementor-heading-title.elementor-size-medium{font-size:19px}.elementor-widget-heading .elementor-heading-title.elementor-size-large{font-size:29px}.elementor-widget-heading .elementor-heading-title.elementor-size-xl{font-size:39px}.elementor-widget-heading .elementor-heading-title.elementor-size-xxl{font-size:59px}<\/style>\n<h3>Agradecimiento especial<\/h3>\n<p>Agradecemos a todas las educadoras y educadores que participaron en los primeros talleres de adiestramiento durante el oto\u00f1o de 2007.<\/p>\n<p>Aida M. Bustelo<br \/>\nAmarilis Rivera Rosario<br \/>\nAna A. F\u00e9lix Hern\u00e1ndez<br \/>\nAna E. Pacheco Santana<br \/>\nAnabel Torregrosa Quiros<br \/>\nArlene M. Irizarry Soto<br \/>\nAwilda Gonz\u00e1lez Gonz\u00e1lez<br \/>\nBeatriz Arripa Francis<br \/>\nBeatriz Cruz Escalera<br \/>\nBeatriz M. Rangel<br \/>\nBetsaida Gonz\u00e1lez D\u00e1vila<br \/>\nBetsy Gonz\u00e1lez<br \/>\nCarmen J. Vel\u00e1zquez Ben\u00edtez<br \/>\nCarmen L. Sagastiblaza<br \/>\nClara E. N\u00fa\u00f1ez Fradera<br \/>\nClarybel Quiles Rom\u00e1n<br \/>\nCristina L\u00f3pez Rodr\u00edguez<br \/>\nDamaris Selpa Rivera<br \/>\nDariana Gonz\u00e1lez Villegas<br \/>\nDenisse M. Villalobos Su\u00e1rez<br \/>\nDevileana B\u00e1ez Rosario<br \/>\nDiana Mar\u00eda Berm\u00fadez<br \/>\nVerge Diva Arenales de Rivera<br \/>\nEdmea M. D\u00edaz Dom\u00ednguez<br \/>\nElena Barrios \u00e1lvarez<br \/>\nElizabeth Qui\u00f1ones Mojica<br \/>\nElly Mallen<br \/>\nEvelyn P\u00e9rez Figueroa<br \/>\nEvelyn P\u00e9rez Mel\u00e9ndez<br \/>\nFabiola Laracuente P\u00e9rez<br \/>\nFernando Rivera Reyes<br \/>\nFrances J. Rivera Cruz<br \/>\nFrancia Abreu Cerespo<br \/>\nGeisa Mart\u00ednez<br \/>\nGianina Beltr\u00e1n Rosario<br \/>\nGlenda I. Guzm\u00e1n Rivera<br \/> <br \/>\nGloriluz Crespo Correa<br \/>\nGlorimar Samalot Rivera<br \/>\nGricelle L\u00f3pez L\u00f3pez<br \/>\nH\u00e9ctor Rivera N\u00fa\u00f1ez<br \/>\nIleana M. P\u00e9rez Ortiz<br \/>\nIraida V. De La Cruz Berrios<br \/>\nIrelisse D\u00e1vila Rivera<br \/>\nIrene Santiago D\u00edaz<br \/>\nIsabel D\u00edaz Torres<br \/>\nIshanie Rosa Cruz<br \/>\nIvelisse Reyes Sevilla<br \/>\nIvonne Navarro Rodr\u00edguez<br \/>\nIxa I. Tuarbe Resto<br \/>\nJanessy Rohena Rivera<br \/>\nJeanette Morel Albarrac\u00edn<br \/>\nJennifer S\u00e1nchez Rosado<br \/>\nJomayra Rodr\u00edguez Ram\u00edrez<br \/>\nJos\u00e9 Rosa Ortiz<br \/>\nJosefina Monta\u00f1ez M\u00e9ndez<br \/>\nJuanita P\u00e9rez Pi\u00f1eiro<br \/>\nKathy L. Noriega M\u00e1rquez<br \/>\nLeybin C. Soriano<br \/>\nLiannette Llorens Mora<br \/>\nLimaris Vega Rodr\u00edguez<br \/>\nLuz Evimar Santiago Rivera<br \/>\nLuz N. D\u00edaz D\u00e1vila<br \/>\nLuz Y. Col\u00f3n<br \/>\nLydia E. Quintana Soto<br \/>\nLydia E. Paragas Ramos<br \/>\nLynel Lamberty<br \/>\nMar\u00eda Centeno Cartagena<br \/>\nMar\u00eda D. Guillen Yeguez<br \/>\nMar\u00eda de los A. Rom\u00e1n Hern\u00e1ndez<br \/>\nMar\u00eda del Pilar Pagan Med\u00edn<br \/>\nMar\u00eda M. Serrano Medina<br \/>\nMar\u00eda Soto Cruz<br \/>\nMar\u00eda T. Jim\u00e9nez Molina<br \/>\nMarisel Col\u00f3n Ayala<br \/>\nMaritza Salaman Canales<br \/>\nMarlyn Cruz Soto<br \/>\nMercedes Mart\u00ednez Serrano<br \/>\nMercybelle L\u00f3pez D\u00e1vila<br \/>\nMichelle Gibbs Cruz<br \/>\nMichelle Ruiz Corcino<br \/>\nMigdalia San Inocencio Cartagena<br \/>\nMilagros Calder\u00f3n Torres<br \/>\nMinerva Feliciano Minguela<br \/>\nMyriam Rodr\u00edguez Gonz\u00e1lez<br \/>\nNancy Borges Rivera<br \/>\nNilda M. Brucele Merced<br \/>\nNilsa A. Gonz\u00e1lez L\u00f3pez<br \/>\nNilsa D. L\u00f3pez Pacheco<br \/>\nNorma Hern\u00e1ndez D\u00edaz<br \/>\nOlga I. Delgado Figueroa<br \/>\nRam\u00f3n A. Encarnaci\u00f3n<br \/>\nRichard D\u00e1vila Richards<br \/>\nRossanna D. Calder\u00f3n Villa<br \/>\nRuth Maldonado Vall\u00e9s<br \/>\nSandra Hern\u00e1ndez De Le\u00f3n<br \/>\nSandra T. Alicea Cruz<br \/>\nSonia Vergne Maldonado<br \/>\nSylvia E. Rodr\u00edguez Torres<br \/>\nTara E. M\u00e1rquez V\u00e1zquez<br \/>\nVanessa Ruperto L\u00f3pez<br \/>\nVer\u00f3nica L\u00f3pez<br \/>\nVilma Mu\u00f1oz Marz\u00e1n<br \/>\nVivian I. Sosa Villafa\u00f1e<br \/>\nWanda Oliveras<br \/>\nWanda V\u00e9lez Mart\u00ednez<br \/>\nWilnelia Vel\u00e1zquez Heredia<br \/>\nYaritza Olavarr\u00eda M\u00e1rquez<br \/>\nYaritza Portalat\u00edn \u00c1lvarez<\/p>\n","protected":false},"excerpt":{"rendered":"<p>Agradecimientos Auspiciador Fundaci\u00f3n \u00c1ngel Ramos Agencias Colaboradoras Oficina para el Desarrollo Infantil, Programa Head Start y Early Head Start, Municipio de San Juan APCCDN Asociaci\u00f3n Puertorrique\u00f1a de Centro de Cuidado y Desarrollo del Ni\u00f1o, Inc. ASPIRA de Puerto Rico Departamento &hellip; <\/p>\n","protected":false},"author":10,"featured_media":0,"parent":0,"menu_order":0,"comment_status":"closed","ping_status":"closed","template":"","meta":{"footnotes":""},"class_list":["post-13018","page","type-page","status-publish","hentry"],"yoast_head":"<!-- This site is optimized with the Yoast SEO plugin v27.3 - https:\/\/yoast.com\/product\/yoast-seo-wordpress\/ -->\n<title>Agradecimientos - Proyecto ALCANZA<\/title>\n<meta name=\"robots\" content=\"noindex, follow, max-snippet:-1, max-image-preview:large, max-video-preview:-1\" \/>\n<meta property=\"og:locale\" content=\"en_US\" \/>\n<meta property=\"og:type\" content=\"article\" \/>\n<meta property=\"og:title\" content=\"Agradecimientos - Proyecto ALCANZA\" \/>\n<meta property=\"og:description\" content=\"Agradecimientos Auspiciador Fundaci\u00f3n \u00c1ngel Ramos Agencias Colaboradoras Oficina para el Desarrollo Infantil, Programa Head Start y Early Head Start, Municipio de San Juan APCCDN Asociaci\u00f3n Puertorrique\u00f1a de Centro de Cuidado y Desarrollo del Ni\u00f1o, Inc. ASPIRA de Puerto Rico Departamento &hellip;\" \/>\n<meta property=\"og:url\" content=\"https:\/\/cie.uprrp.edu\/alcanza\/agradecimientos\/\" \/>\n<meta property=\"og:site_name\" content=\"Proyecto ALCANZA\" \/>\n<meta property=\"article:modified_time\" content=\"2022-12-15T16:14:17+00:00\" \/>\n<meta name=\"twitter:card\" content=\"summary_large_image\" \/>\n<meta name=\"twitter:label1\" content=\"Est. reading time\" \/>\n\t<meta name=\"twitter:data1\" content=\"3 minutes\" \/>\n<script type=\"application\/ld+json\" class=\"yoast-schema-graph\">{\"@context\":\"https:\\\/\\\/schema.org\",\"@graph\":[{\"@type\":\"WebPage\",\"@id\":\"https:\\\/\\\/cie.uprrp.edu\\\/alcanza\\\/agradecimientos\\\/\",\"url\":\"https:\\\/\\\/cie.uprrp.edu\\\/alcanza\\\/agradecimientos\\\/\",\"name\":\"Agradecimientos - Proyecto ALCANZA\",\"isPartOf\":{\"@id\":\"https:\\\/\\\/cie.uprrp.edu\\\/alcanza\\\/#website\"},\"datePublished\":\"2022-12-15T15:58:00+00:00\",\"dateModified\":\"2022-12-15T16:14:17+00:00\",\"breadcrumb\":{\"@id\":\"https:\\\/\\\/cie.uprrp.edu\\\/alcanza\\\/agradecimientos\\\/#breadcrumb\"},\"inLanguage\":\"en-US\",\"potentialAction\":[{\"@type\":\"ReadAction\",\"target\":[\"https:\\\/\\\/cie.uprrp.edu\\\/alcanza\\\/agradecimientos\\\/\"]}]},{\"@type\":\"BreadcrumbList\",\"@id\":\"https:\\\/\\\/cie.uprrp.edu\\\/alcanza\\\/agradecimientos\\\/#breadcrumb\",\"itemListElement\":[{\"@type\":\"ListItem\",\"position\":1,\"name\":\"Home\",\"item\":\"https:\\\/\\\/cie.uprrp.edu\\\/alcanza\\\/\"},{\"@type\":\"ListItem\",\"position\":2,\"name\":\"Agradecimientos\"}]},{\"@type\":\"WebSite\",\"@id\":\"https:\\\/\\\/cie.uprrp.edu\\\/alcanza\\\/#website\",\"url\":\"https:\\\/\\\/cie.uprrp.edu\\\/alcanza\\\/\",\"name\":\"Proyecto ALCANZA\",\"description\":\"Education WordPress Theme\",\"potentialAction\":[{\"@type\":\"SearchAction\",\"target\":{\"@type\":\"EntryPoint\",\"urlTemplate\":\"https:\\\/\\\/cie.uprrp.edu\\\/alcanza\\\/?s={search_term_string}\"},\"query-input\":{\"@type\":\"PropertyValueSpecification\",\"valueRequired\":true,\"valueName\":\"search_term_string\"}}],\"inLanguage\":\"en-US\"}]}<\/script>\n<!-- \/ Yoast SEO plugin. -->","yoast_head_json":{"title":"Agradecimientos - Proyecto ALCANZA","robots":{"index":"noindex","follow":"follow","max-snippet":"max-snippet:-1","max-image-preview":"max-image-preview:large","max-video-preview":"max-video-preview:-1"},"og_locale":"en_US","og_type":"article","og_title":"Agradecimientos - Proyecto ALCANZA","og_description":"Agradecimientos Auspiciador Fundaci\u00f3n \u00c1ngel Ramos Agencias Colaboradoras Oficina para el Desarrollo Infantil, Programa Head Start y Early Head Start, Municipio de San Juan APCCDN Asociaci\u00f3n Puertorrique\u00f1a de Centro de Cuidado y Desarrollo del Ni\u00f1o, Inc. ASPIRA de Puerto Rico Departamento &hellip;","og_url":"https:\/\/cie.uprrp.edu\/alcanza\/agradecimientos\/","og_site_name":"Proyecto ALCANZA","article_modified_time":"2022-12-15T16:14:17+00:00","twitter_card":"summary_large_image","twitter_misc":{"Est. reading time":"3 minutes"},"schema":{"@context":"https:\/\/schema.org","@graph":[{"@type":"WebPage","@id":"https:\/\/cie.uprrp.edu\/alcanza\/agradecimientos\/","url":"https:\/\/cie.uprrp.edu\/alcanza\/agradecimientos\/","name":"Agradecimientos - Proyecto ALCANZA","isPartOf":{"@id":"https:\/\/cie.uprrp.edu\/alcanza\/#website"},"datePublished":"2022-12-15T15:58:00+00:00","dateModified":"2022-12-15T16:14:17+00:00","breadcrumb":{"@id":"https:\/\/cie.uprrp.edu\/alcanza\/agradecimientos\/#breadcrumb"},"inLanguage":"en-US","potentialAction":[{"@type":"ReadAction","target":["https:\/\/cie.uprrp.edu\/alcanza\/agradecimientos\/"]}]},{"@type":"BreadcrumbList","@id":"https:\/\/cie.uprrp.edu\/alcanza\/agradecimientos\/#breadcrumb","itemListElement":[{"@type":"ListItem","position":1,"name":"Home","item":"https:\/\/cie.uprrp.edu\/alcanza\/"},{"@type":"ListItem","position":2,"name":"Agradecimientos"}]},{"@type":"WebSite","@id":"https:\/\/cie.uprrp.edu\/alcanza\/#website","url":"https:\/\/cie.uprrp.edu\/alcanza\/","name":"Proyecto ALCANZA","description":"Education WordPress Theme","potentialAction":[{"@type":"SearchAction","target":{"@type":"EntryPoint","urlTemplate":"https:\/\/cie.uprrp.edu\/alcanza\/?s={search_term_string}"},"query-input":{"@type":"PropertyValueSpecification","valueRequired":true,"valueName":"search_term_string"}}],"inLanguage":"en-US"}]}},"_links":{"self":[{"href":"https:\/\/cie.uprrp.edu\/alcanza\/wp-json\/wp\/v2\/pages\/13018","targetHints":{"allow":["GET"]}}],"collection":[{"href":"https:\/\/cie.uprrp.edu\/alcanza\/wp-json\/wp\/v2\/pages"}],"about":[{"href":"https:\/\/cie.uprrp.edu\/alcanza\/wp-json\/wp\/v2\/types\/page"}],"author":[{"embeddable":true,"href":"https:\/\/cie.uprrp.edu\/alcanza\/wp-json\/wp\/v2\/users\/10"}],"replies":[{"embeddable":true,"href":"https:\/\/cie.uprrp.edu\/alcanza\/wp-json\/wp\/v2\/comments?post=13018"}],"version-history":[{"count":4,"href":"https:\/\/cie.uprrp.edu\/alcanza\/wp-json\/wp\/v2\/pages\/13018\/revisions"}],"predecessor-version":[{"id":13023,"href":"https:\/\/cie.uprrp.edu\/alcanza\/wp-json\/wp\/v2\/pages\/13018\/revisions\/13023"}],"wp:attachment":[{"href":"https:\/\/cie.uprrp.edu\/alcanza\/wp-json\/wp\/v2\/media?parent=13018"}],"curies":[{"name":"wp","href":"https:\/\/api.w.org\/{rel}","templated":true}]}}