{"id":13406,"date":"2024-01-30T15:51:55","date_gmt":"2024-01-30T19:51:55","guid":{"rendered":"https:\/\/cie.uprrp.edu\/alcanza\/?page_id=13406"},"modified":"2024-03-19T11:16:05","modified_gmt":"2024-03-19T15:16:05","slug":"introduccion","status":"publish","type":"page","link":"https:\/\/cie.uprrp.edu\/alcanza\/modulos-alcanza-indice\/modulo-15\/introduccion\/","title":{"rendered":"Introducci\u00f3n"},"content":{"rendered":"<p><img loading=\"lazy\" decoding=\"async\" width=\"3840\" height=\"740\" src=\"https:\/\/cie.uprrp.edu\/alcanza\/wp-content\/uploads\/sites\/14\/2024\/01\/intro.png\" alt=\"Intro banner\" srcset=\"https:\/\/cie.uprrp.edu\/alcanza\/wp-content\/uploads\/sites\/14\/2024\/01\/intro.png 3840w, https:\/\/cie.uprrp.edu\/alcanza\/wp-content\/uploads\/sites\/14\/2024\/01\/intro-300x58.png 300w, https:\/\/cie.uprrp.edu\/alcanza\/wp-content\/uploads\/sites\/14\/2024\/01\/intro-1024x197.png 1024w, https:\/\/cie.uprrp.edu\/alcanza\/wp-content\/uploads\/sites\/14\/2024\/01\/intro-768x148.png 768w, https:\/\/cie.uprrp.edu\/alcanza\/wp-content\/uploads\/sites\/14\/2024\/01\/intro-1536x296.png 1536w, https:\/\/cie.uprrp.edu\/alcanza\/wp-content\/uploads\/sites\/14\/2024\/01\/intro-2048x395.png 2048w, https:\/\/cie.uprrp.edu\/alcanza\/wp-content\/uploads\/sites\/14\/2024\/01\/intro-600x116.png 600w\" sizes=\"auto, (max-width: 3840px) 100vw, 3840px\" \/>\t\t\t\t\t\t\t\t\t\t\t\t\t<\/p>\n<h1>Page title<\/h1>\n<p><strong>Wanda Figueroa Fuentes, Ph.D., &amp; <\/strong><br \/><strong>Mar\u00eda de los \u00c1ngeles Agrinsoni Malav\u00e9, Ph.D.<\/strong><\/p>\n<p>La resiliencia es la capacidad que desarrolla el ser humano para reconocer, enfrentar y superar situaciones que presentan dificultad; de esta forma, propicia cambios o adaptaciones en su vida (Figueroa Fuentes, 2022). Tambi\u00e9n, puede entenderse como la disposici\u00f3n para superar eventos significativos de estr\u00e9s, trauma y adversidad (Young, 2022). En todo caso, es un proceso en el cual diferentes sistemas \u2014por ejemplo, el hogar, la escuela, la familia extendida, las amistades, la comunidad\u2014 se interconectan y aportan al desarrollo y fortalecimiento de las capacidades del individuo, que aseguran su bienestar (NIH News in Health, 2022; Masten &amp; Monn, 2015). Es decir, la resiliencia es tanto \u201cun proceso de la familia\u201d como \u201cun proceso individual\u201d (Kim-Cohen, Moffitt, Caspi &amp; Taylor, 2004), en el que todas las experiencias, ya sean positivas negativas, contribuyen al desarrollo de una autoestima y un autoconcepto saludables, que potencian la adaptaci\u00f3n ante situaciones que representen retos. Este entretejido humano se conoce como <em>factores de protecci\u00f3n<\/em>. Como resultado, el individuo desarrolla una red de protecci\u00f3n para enfrentar, superar y adaptarse a eventos dif\u00edciles.<\/p>\n<p>El presente m\u00f3dulo, titulado <em>Resiliencia: Compromiso de todas y todos<\/em>, es, justamente, una invitaci\u00f3n a entrelazar aquellos encuentros que conducen a fortalecer la capacidad de la gente para seguir adelante. Por ello, te invitamos a descubrir, reconocer y celebrar tus cualidades resilientes, y, especialmente, a que sientas inspiraci\u00f3n, motivaci\u00f3n y compromiso por promover y celebrar las cualidades resilientes en la ni\u00f1ez y sus familias. Los escritos que te presentamos a continuaci\u00f3n son un regalo que surge del amor y el respeto por la ni\u00f1ez, las educadoras y los educadores, y las familias que, d\u00eda a d\u00eda, contin\u00faan en su trayectoria de vida, sobrepasando obst\u00e1culos y manteniendo un deseo sincero de no claudicar, de \u201cbuscarles la vuelta a las cosas\u201d y seguir adelante.<\/p>\n<p>En las siguientes p\u00e1ginas, presentamos ideas y contenido importante para fortalecer la resiliencia en el campo educativo. Es nuestro objetivo primordial promover la reflexi\u00f3n en torno al tema, basada en la unidad entre teor\u00eda y experiencia. Comenzamos con un recuento hist\u00f3rico de los eventos que impulsaron el desarrollo de una serie de talleres ofrecidos en la Universidad de Puerto Rico, Recinto de Cayey, en 2018, en torno a este tema. Luego, encontrar\u00e1s el art\u00edculo: <em>Eso que llaman resiliencia&#8230;<\/em>, que te ayudar\u00e1 a definirla desde la perspectiva de una persona adulta en su interacci\u00f3n con la ni\u00f1ez y las familias. En la discusi\u00f3n, la resiliencia se presenta como una trayectoria de vida, para la cual cada paso, v\u00ednculo o interacci\u00f3n aporta al desarrollo de quienes y como somos. Incluye ideas y estrategias para apoyar a las familias, la ni\u00f1ez y la comunidad a identificar y utilizar redes y recursos de apoyo que sostengan y promuevan su bienestar integral.<\/p>\n<p>El m\u00f3dulo enfatiza la importancia de establecer espacios en los cuales las relaciones intrafamiliares y escolares puedan desarrollar, proveer y proteger un sentido de seguridad entre las personas a trav\u00e9s de los v\u00ednculos que establecen entre ellas. Es crucial que tales v\u00ednculos inviten a la ni\u00f1ez y a las personas adultas a mirar sus capacidades, virtudes y potencial en la vida desde su interior. Para que estos procesos puedan materializarse, es necesario que el ambiente educativo provea atenci\u00f3n, afecto, aceptaci\u00f3n, aprecio. Por ello, incluimos algunas premisas que invitan a la reflexi\u00f3n y a tomar acci\u00f3n en el proceso de transformar tales ambientes.<\/p>\n<p>El curr\u00edculo integrado al ambiente educativo mediante la resiliencia debe ser fluido, al tiempo que debe poseer cierta estructura que valore y reconozca las necesidades y virtudes de cada persona. A lo largo del contenido, encontrar\u00e1s premisas y sugerencias que motivar\u00e1n y retar\u00e1n tu pensamiento para continuar la transformaci\u00f3n en ese camino. Parte esencial de dicha transformaci\u00f3n es reconocer y celebrar la diversidad de la ni\u00f1ez, de la docencia y de las familias. Por tanto, es necesario mirar la diversidad como una gama de alternativas y retos que fortalecer\u00e1n la resiliencia en el ambiente escolar y comunitario. As\u00ed, promovemos una sociedad m\u00e1s justa, equitativa y sensible.<\/p>\n<p>En el m\u00f3dulo, se integra el uso de la narrativa como metodolog\u00eda para promover la resiliencia en la ni\u00f1ez. Mediante esta v\u00eda, se invita a las educadoras y educadores a leer, escuchar, conversar y escribir sobre las ideas y vivencias de esta poblaci\u00f3n. Enfatizamos la importancia de los textos narrativos y su aportaci\u00f3n para conocer el entorno sociocultural de los ni\u00f1os y las ni\u00f1as en su interacci\u00f3n con los dem\u00e1s, desarrollar destrezas sociales y cognitivas, y diferenciar entre las distintas perspectivas en la expresi\u00f3n de las emociones en otras personas. Se genera, as\u00ed, un proceso motivado por un deseo genuino de valorar y acoger sus opiniones, decisiones y alternativas, fortaleciendo sus capacidades resilientes. Es por ello que invitamos al p\u00fablico lector a que, a trav\u00e9s de la narrativa, desarrolle una representaci\u00f3n pict\u00f3rica de lo creado con la ni\u00f1ez. Este proceso nos invita a desarrollar \u201cpeque\u00f1as lecciones o consejos\u201d sobre c\u00f3mo podemos ser resilientes.<\/p>\n<p>Cerramos este m\u00f3dulo con recomendaciones de literatura infantil que puede ser \u00fatil en el entorno escolar y familiar para promover la resiliencia.<\/p>\n<p>Para concluir, afirmamos en el m\u00f3dulo que necesitamos:<\/p>\n<p>Relaciones significativas que nos hagan sentir amadas y valoradas, amados y valorados.<\/p>\n<p>Escuchar nuestra voz interior y validar que somos toda persona es \u00fanica e irrepetible.<\/p>\n<p>Saber que somos capaces de superar los obst\u00e1culos que encontremos en el camino.<\/p>\n<p>Intentar una y otra vez, demostrando as\u00ed nuestra perseverancia.<\/p>\n<p>Lograr aquello que nos proponemos, aceptando los cambios que acompa\u00f1an el proceso, y si no lo logramos, valoramos lo que aprendimos.<\/p>\n<p>Iniciar nuevos proyectos, alternativas e ideas, y reestablecer un plan de acci\u00f3n.<\/p>\n<p>Emprender, elegir y enriquecernos para luego ense\u00f1ar a otros.<\/p>\n<p>Nutrir nuestras ideas de forma natural y en compa\u00f1\u00eda, y establecer prioridades.<\/p>\n<p>Comunicar lo que aprendimos y ser capaces de compartirlo con los dem\u00e1s.<\/p>\n<p>Ignorar aquello que, al pensarlo, entendemos que desv\u00eda la ruta que debemos seguir.<\/p>\n<p>Alcanzar nuevos conocimientos e irnos formando como l\u00edderes efectivas y efectivos al servicio de nuestra comunidad, de nuestra familia y del nuestro propio.<\/p>\n<p>\u00a1Gracias por acompa\u00f1arnos!<\/p>\n<h3>Referencias<\/h3>\n<p>Figueroa Fuentes, W. (2022). Desarrollo socioemocional del infante, maternal y preescolar [material in\u00e9dito del curso EDPR 4137]. Universidad de Puerto Rico, Recinto de R\u00edo Piedras.<\/p>\n<p>Kim-Cohen, J., Moffi tt, T. E., Caspi, A. &amp; Taylor, A. (2004, mayo\/junio). Genetic and environmental processes in young children\u2019s resilience and vulnerability to socioeconomic deprivation. <em>Child Development, 75<\/em>(3), 651-668. <br \/><a href=\"https:\/\/doi.org\/10.1111\/j.1467-8624.2004.00699.x\">https:\/\/doi.org\/10.1111\/j.1467-8624.2004.00699.x<\/a><\/p>\n<p>Masten, A. S. &amp; Monn, A. R. (2015). Child and family resilience: A call for integrated science, practice, and professional training. <em>Family Relations, 64<\/em>, 5-21. <br \/><a href=\"https:\/\/doi.org\/10.1111\/fare.12103\">https:\/\/doi.org\/10.1111\/fare.12103<\/a><\/p>\n<p>NIH News in Health. (2022, abril). <em>Nurture your resilience. Bouncing back from dif\ufb01cult times<\/em>. National Institutes of Health, Department of Health and Human Services. <a href=\"https:\/\/newsinhealth.nih.gov\/2022\/04\/nurture-your-resilience\">https:\/\/newsinhealth.nih.gov\/2022\/04\/nurture-your-resilience<\/a> <\/p>\n<p>Young, K. (2016). <em>Building resilience in children \u2013 20 practical, powerful strategies<\/em><br \/><em>(backed by science)<\/em>. Hey Sigmund. <a href=\"https:\/\/www.heysigmund.com\/building-resilience-children\">https:\/\/www.heysigmund.com\/building-resilience-children<\/a><\/p>\n","protected":false},"excerpt":{"rendered":"<p>Page title Wanda Figueroa Fuentes, Ph.D., &amp; Mar\u00eda de los \u00c1ngeles Agrinsoni Malav\u00e9, Ph.D. La resiliencia es la capacidad que desarrolla el ser humano para reconocer, enfrentar y superar situaciones que presentan dificultad; de esta forma, propicia cambios o adaptaciones &hellip; <\/p>\n","protected":false},"author":1006,"featured_media":0,"parent":13383,"menu_order":2,"comment_status":"closed","ping_status":"closed","template":"","meta":{"footnotes":""},"class_list":["post-13406","page","type-page","status-publish","hentry"],"yoast_head":"<!-- This site is optimized with the Yoast SEO plugin v27.3 - https:\/\/yoast.com\/product\/yoast-seo-wordpress\/ -->\n<title>Introducci\u00f3n - Proyecto ALCANZA<\/title>\n<meta name=\"robots\" content=\"noindex, follow, max-snippet:-1, max-image-preview:large, max-video-preview:-1\" \/>\n<meta property=\"og:locale\" content=\"en_US\" \/>\n<meta property=\"og:type\" content=\"article\" \/>\n<meta property=\"og:title\" content=\"Introducci\u00f3n - Proyecto ALCANZA\" \/>\n<meta property=\"og:description\" content=\"Page title Wanda Figueroa Fuentes, Ph.D., &amp; Mar\u00eda de los \u00c1ngeles Agrinsoni Malav\u00e9, Ph.D. La resiliencia es la capacidad que desarrolla el ser humano para reconocer, enfrentar y superar situaciones que presentan dificultad; de esta forma, propicia cambios o adaptaciones &hellip;\" \/>\n<meta property=\"og:url\" content=\"https:\/\/cie.uprrp.edu\/alcanza\/modulo-15\/introduccion\/\" \/>\n<meta property=\"og:site_name\" content=\"Proyecto ALCANZA\" \/>\n<meta property=\"article:modified_time\" content=\"2024-03-19T15:16:05+00:00\" \/>\n<meta property=\"og:image\" content=\"https:\/\/cie.uprrp.edu\/alcanza\/wp-content\/uploads\/sites\/14\/2024\/01\/intro.png\" \/>\n<meta name=\"twitter:card\" content=\"summary_large_image\" \/>\n<meta name=\"twitter:label1\" content=\"Est. reading time\" \/>\n\t<meta name=\"twitter:data1\" content=\"6 minutes\" \/>\n<script type=\"application\/ld+json\" class=\"yoast-schema-graph\">{\"@context\":\"https:\\\/\\\/schema.org\",\"@graph\":[{\"@type\":\"WebPage\",\"@id\":\"https:\\\/\\\/cie.uprrp.edu\\\/alcanza\\\/modulo-15\\\/introduccion\\\/\",\"url\":\"https:\\\/\\\/cie.uprrp.edu\\\/alcanza\\\/modulo-15\\\/introduccion\\\/\",\"name\":\"Introducci\u00f3n - Proyecto ALCANZA\",\"isPartOf\":{\"@id\":\"https:\\\/\\\/cie.uprrp.edu\\\/alcanza\\\/#website\"},\"primaryImageOfPage\":{\"@id\":\"https:\\\/\\\/cie.uprrp.edu\\\/alcanza\\\/modulo-15\\\/introduccion\\\/#primaryimage\"},\"image\":{\"@id\":\"https:\\\/\\\/cie.uprrp.edu\\\/alcanza\\\/modulo-15\\\/introduccion\\\/#primaryimage\"},\"thumbnailUrl\":\"https:\\\/\\\/cie.uprrp.edu\\\/alcanza\\\/wp-content\\\/uploads\\\/sites\\\/14\\\/2024\\\/01\\\/intro.png\",\"datePublished\":\"2024-01-30T19:51:55+00:00\",\"dateModified\":\"2024-03-19T15:16:05+00:00\",\"breadcrumb\":{\"@id\":\"https:\\\/\\\/cie.uprrp.edu\\\/alcanza\\\/modulo-15\\\/introduccion\\\/#breadcrumb\"},\"inLanguage\":\"en-US\",\"potentialAction\":[{\"@type\":\"ReadAction\",\"target\":[\"https:\\\/\\\/cie.uprrp.edu\\\/alcanza\\\/modulo-15\\\/introduccion\\\/\"]}]},{\"@type\":\"ImageObject\",\"inLanguage\":\"en-US\",\"@id\":\"https:\\\/\\\/cie.uprrp.edu\\\/alcanza\\\/modulo-15\\\/introduccion\\\/#primaryimage\",\"url\":\"https:\\\/\\\/cie.uprrp.edu\\\/alcanza\\\/wp-content\\\/uploads\\\/sites\\\/14\\\/2024\\\/01\\\/intro.png\",\"contentUrl\":\"https:\\\/\\\/cie.uprrp.edu\\\/alcanza\\\/wp-content\\\/uploads\\\/sites\\\/14\\\/2024\\\/01\\\/intro.png\",\"width\":3840,\"height\":740,\"caption\":\"Intro banner\"},{\"@type\":\"BreadcrumbList\",\"@id\":\"https:\\\/\\\/cie.uprrp.edu\\\/alcanza\\\/modulo-15\\\/introduccion\\\/#breadcrumb\",\"itemListElement\":[{\"@type\":\"ListItem\",\"position\":1,\"name\":\"Home\",\"item\":\"https:\\\/\\\/cie.uprrp.edu\\\/alcanza\\\/\"},{\"@type\":\"ListItem\",\"position\":2,\"name\":\"M\u00f3dulo 15\",\"item\":\"https:\\\/\\\/cie.uprrp.edu\\\/alcanza\\\/\"},{\"@type\":\"ListItem\",\"position\":3,\"name\":\"Introducci\u00f3n\"}]},{\"@type\":\"WebSite\",\"@id\":\"https:\\\/\\\/cie.uprrp.edu\\\/alcanza\\\/#website\",\"url\":\"https:\\\/\\\/cie.uprrp.edu\\\/alcanza\\\/\",\"name\":\"Proyecto ALCANZA\",\"description\":\"Education WordPress Theme\",\"potentialAction\":[{\"@type\":\"SearchAction\",\"target\":{\"@type\":\"EntryPoint\",\"urlTemplate\":\"https:\\\/\\\/cie.uprrp.edu\\\/alcanza\\\/?s={search_term_string}\"},\"query-input\":{\"@type\":\"PropertyValueSpecification\",\"valueRequired\":true,\"valueName\":\"search_term_string\"}}],\"inLanguage\":\"en-US\"}]}<\/script>\n<!-- \/ Yoast SEO plugin. -->","yoast_head_json":{"title":"Introducci\u00f3n - Proyecto ALCANZA","robots":{"index":"noindex","follow":"follow","max-snippet":"max-snippet:-1","max-image-preview":"max-image-preview:large","max-video-preview":"max-video-preview:-1"},"og_locale":"en_US","og_type":"article","og_title":"Introducci\u00f3n - Proyecto ALCANZA","og_description":"Page title Wanda Figueroa Fuentes, Ph.D., &amp; Mar\u00eda de los \u00c1ngeles Agrinsoni Malav\u00e9, Ph.D. La resiliencia es la capacidad que desarrolla el ser humano para reconocer, enfrentar y superar situaciones que presentan dificultad; de esta forma, propicia cambios o adaptaciones &hellip;","og_url":"https:\/\/cie.uprrp.edu\/alcanza\/modulo-15\/introduccion\/","og_site_name":"Proyecto ALCANZA","article_modified_time":"2024-03-19T15:16:05+00:00","og_image":[{"url":"https:\/\/cie.uprrp.edu\/alcanza\/wp-content\/uploads\/sites\/14\/2024\/01\/intro.png","type":"","width":"","height":""}],"twitter_card":"summary_large_image","twitter_misc":{"Est. reading time":"6 minutes"},"schema":{"@context":"https:\/\/schema.org","@graph":[{"@type":"WebPage","@id":"https:\/\/cie.uprrp.edu\/alcanza\/modulo-15\/introduccion\/","url":"https:\/\/cie.uprrp.edu\/alcanza\/modulo-15\/introduccion\/","name":"Introducci\u00f3n - Proyecto ALCANZA","isPartOf":{"@id":"https:\/\/cie.uprrp.edu\/alcanza\/#website"},"primaryImageOfPage":{"@id":"https:\/\/cie.uprrp.edu\/alcanza\/modulo-15\/introduccion\/#primaryimage"},"image":{"@id":"https:\/\/cie.uprrp.edu\/alcanza\/modulo-15\/introduccion\/#primaryimage"},"thumbnailUrl":"https:\/\/cie.uprrp.edu\/alcanza\/wp-content\/uploads\/sites\/14\/2024\/01\/intro.png","datePublished":"2024-01-30T19:51:55+00:00","dateModified":"2024-03-19T15:16:05+00:00","breadcrumb":{"@id":"https:\/\/cie.uprrp.edu\/alcanza\/modulo-15\/introduccion\/#breadcrumb"},"inLanguage":"en-US","potentialAction":[{"@type":"ReadAction","target":["https:\/\/cie.uprrp.edu\/alcanza\/modulo-15\/introduccion\/"]}]},{"@type":"ImageObject","inLanguage":"en-US","@id":"https:\/\/cie.uprrp.edu\/alcanza\/modulo-15\/introduccion\/#primaryimage","url":"https:\/\/cie.uprrp.edu\/alcanza\/wp-content\/uploads\/sites\/14\/2024\/01\/intro.png","contentUrl":"https:\/\/cie.uprrp.edu\/alcanza\/wp-content\/uploads\/sites\/14\/2024\/01\/intro.png","width":3840,"height":740,"caption":"Intro banner"},{"@type":"BreadcrumbList","@id":"https:\/\/cie.uprrp.edu\/alcanza\/modulo-15\/introduccion\/#breadcrumb","itemListElement":[{"@type":"ListItem","position":1,"name":"Home","item":"https:\/\/cie.uprrp.edu\/alcanza\/"},{"@type":"ListItem","position":2,"name":"M\u00f3dulo 15","item":"https:\/\/cie.uprrp.edu\/alcanza\/"},{"@type":"ListItem","position":3,"name":"Introducci\u00f3n"}]},{"@type":"WebSite","@id":"https:\/\/cie.uprrp.edu\/alcanza\/#website","url":"https:\/\/cie.uprrp.edu\/alcanza\/","name":"Proyecto ALCANZA","description":"Education WordPress Theme","potentialAction":[{"@type":"SearchAction","target":{"@type":"EntryPoint","urlTemplate":"https:\/\/cie.uprrp.edu\/alcanza\/?s={search_term_string}"},"query-input":{"@type":"PropertyValueSpecification","valueRequired":true,"valueName":"search_term_string"}}],"inLanguage":"en-US"}]}},"_links":{"self":[{"href":"https:\/\/cie.uprrp.edu\/alcanza\/wp-json\/wp\/v2\/pages\/13406","targetHints":{"allow":["GET"]}}],"collection":[{"href":"https:\/\/cie.uprrp.edu\/alcanza\/wp-json\/wp\/v2\/pages"}],"about":[{"href":"https:\/\/cie.uprrp.edu\/alcanza\/wp-json\/wp\/v2\/types\/page"}],"author":[{"embeddable":true,"href":"https:\/\/cie.uprrp.edu\/alcanza\/wp-json\/wp\/v2\/users\/1006"}],"replies":[{"embeddable":true,"href":"https:\/\/cie.uprrp.edu\/alcanza\/wp-json\/wp\/v2\/comments?post=13406"}],"version-history":[{"count":23,"href":"https:\/\/cie.uprrp.edu\/alcanza\/wp-json\/wp\/v2\/pages\/13406\/revisions"}],"predecessor-version":[{"id":13971,"href":"https:\/\/cie.uprrp.edu\/alcanza\/wp-json\/wp\/v2\/pages\/13406\/revisions\/13971"}],"up":[{"embeddable":true,"href":"https:\/\/cie.uprrp.edu\/alcanza\/wp-json\/wp\/v2\/pages\/13383"}],"wp:attachment":[{"href":"https:\/\/cie.uprrp.edu\/alcanza\/wp-json\/wp\/v2\/media?parent=13406"}],"curies":[{"name":"wp","href":"https:\/\/api.w.org\/{rel}","templated":true}]}}