{"id":19,"date":"2025-10-03T10:14:05","date_gmt":"2025-10-03T14:14:05","guid":{"rendered":"https:\/\/cie.uprrp.edu\/congresoeducacion\/?page_id=19"},"modified":"2025-11-06T08:27:20","modified_gmt":"2025-11-06T12:27:20","slug":"congreso-puertorriqueno-de-investigacion-en-la-educacion","status":"publish","type":"page","link":"https:\/\/cie.uprrp.edu\/congresoeducacion\/","title":{"rendered":"Congreso Puertorrique\u00f1o de Investigaci\u00f3n en la Educaci\u00f3n"},"content":{"rendered":"<img loading=\"lazy\" decoding=\"async\" width=\"640\" height=\"853\" src=\"https:\/\/cie.uprrp.edu\/congresoeducacion\/wp-content\/uploads\/sites\/18\/2025\/10\/afiche2025D-outlines-768x1024.png\" alt=\"Afiche del XVI Congreso Puertorrique\u00f1o de Investigaci\u00f3n en la Educaci\u00f3n\" srcset=\"https:\/\/cie.uprrp.edu\/congresoeducacion\/wp-content\/uploads\/sites\/18\/2025\/10\/afiche2025D-outlines-768x1024.png 768w, https:\/\/cie.uprrp.edu\/congresoeducacion\/wp-content\/uploads\/sites\/18\/2025\/10\/afiche2025D-outlines-225x300.png 225w, https:\/\/cie.uprrp.edu\/congresoeducacion\/wp-content\/uploads\/sites\/18\/2025\/10\/afiche2025D-outlines-1152x1536.png 1152w, https:\/\/cie.uprrp.edu\/congresoeducacion\/wp-content\/uploads\/sites\/18\/2025\/10\/afiche2025D-outlines.png 1296w\" sizes=\"auto, (max-width: 640px) 100vw, 640px\" \/>\t\t\t\t\t\t\t\t\t\t\t\t\t\t\t\n\t\t<p>El Centro de Investigaciones Educativas y la Facultad de Educaci\u00f3n les invitan al XVI Congreso Puertorrique\u00f1o de Investigaci\u00f3n en la Educaci\u00f3n, a celebrarse los d\u00edas 6 y 7 de noviembre de 2025 en la Facultad de Educaci\u00f3n. Contaremos con la participaci\u00f3n de investigadores locales e internaciones, quienes ofrecer\u00e1n una conferencia magistral, varios paneles de discusi\u00f3n, presentaciones de trabajos investigativos, exhibiciones, mesas informativas y actividades art\u00edsticas, bajo el lema:<\/p>\n<p style=\"text-align: center;\"><em>Educaci\u00f3n 360: Innovaci\u00f3n, identidad y tecnolog\u00eda.<\/em> <\/p>\n<p style=\"text-align: center;\">Estas actividades son libres de costo.<\/p>\n<!-- \/wp:post-content --><!-- wp:paragraph -->\n<p style=\"text-align: center;\">Consulta el <a href=\"https:\/\/cie.uprrp.edu\/congresoeducacion\/programa-del-xvi-cpie\/\"><strong>PROGRAMA DE ACTIVIDADES<\/strong><\/a> y participa de este evento.<\/p>\n<p style=\"text-align: center;\">\u00a1Te esperamos en la Facultad de Educaci\u00f3n, UPR-RP!<\/p>\n<!-- \/wp:paragraph -->","protected":false},"excerpt":{"rendered":"<p>El Centro de Investigaciones Educativas y la Facultad de Educaci\u00f3n les invitan al XVI Congreso Puertorrique\u00f1o de Investigaci\u00f3n en la Educaci\u00f3n, a celebrarse los d\u00edas 6 y 7 de noviembre de 2025 en la Facultad de Educaci\u00f3n. Contaremos con la participaci\u00f3n de investigadores locales e internaciones, quienes ofrecer\u00e1n una conferencia &hellip; <\/p>\n","protected":false},"author":1006,"featured_media":0,"parent":0,"menu_order":0,"comment_status":"closed","ping_status":"closed","template":"","meta":{"footnotes":""},"class_list":["post-19","page","type-page","status-publish","hentry"],"yoast_head":"<!-- This site is optimized with the Yoast SEO plugin v27.3 - https:\/\/yoast.com\/product\/yoast-seo-wordpress\/ -->\n<title>Congreso Puertorrique\u00f1o de Investigaci\u00f3n en la Educaci\u00f3n - Congreso Puertorrique\u00f1o de Investigaci\u00f3n en Educaci\u00f3n<\/title>\n<meta name=\"robots\" content=\"index, follow, max-snippet:-1, max-image-preview:large, max-video-preview:-1\" \/>\n<link rel=\"canonical\" href=\"https:\/\/cie.uprrp.edu\/congresoeducacion\/\" \/>\n<meta property=\"og:locale\" content=\"en_US\" \/>\n<meta property=\"og:type\" content=\"article\" \/>\n<meta property=\"og:title\" content=\"Congreso Puertorrique\u00f1o de Investigaci\u00f3n en la Educaci\u00f3n - Congreso Puertorrique\u00f1o de Investigaci\u00f3n en Educaci\u00f3n\" \/>\n<meta property=\"og:description\" content=\"El Centro de Investigaciones Educativas y la Facultad de Educaci\u00f3n les invitan al XVI Congreso Puertorrique\u00f1o de Investigaci\u00f3n en la Educaci\u00f3n, a celebrarse los d\u00edas 6 y 7 de noviembre de 2025 en la Facultad de Educaci\u00f3n. Contaremos con la participaci\u00f3n de investigadores locales e internaciones, quienes ofrecer\u00e1n una conferencia &hellip;\" \/>\n<meta property=\"og:url\" content=\"https:\/\/cie.uprrp.edu\/congresoeducacion\/\" \/>\n<meta property=\"og:site_name\" content=\"Congreso Puertorrique\u00f1o de Investigaci\u00f3n en Educaci\u00f3n\" \/>\n<meta property=\"article:modified_time\" content=\"2025-11-06T12:27:20+00:00\" \/>\n<meta property=\"og:image\" content=\"https:\/\/cie.uprrp.edu\/congresoeducacion\/wp-content\/uploads\/sites\/18\/2025\/10\/afiche2025D-outlines.png\" \/>\n\t<meta property=\"og:image:width\" content=\"1296\" \/>\n\t<meta property=\"og:image:height\" content=\"1728\" \/>\n\t<meta property=\"og:image:type\" content=\"image\/png\" \/>\n<meta name=\"twitter:card\" content=\"summary_large_image\" \/>\n<meta name=\"twitter:label1\" content=\"Est. reading time\" \/>\n\t<meta name=\"twitter:data1\" content=\"1 minute\" \/>\n<script type=\"application\/ld+json\" class=\"yoast-schema-graph\">{\"@context\":\"https:\\\/\\\/schema.org\",\"@graph\":[{\"@type\":\"WebPage\",\"@id\":\"https:\\\/\\\/cie.uprrp.edu\\\/congresoeducacion\\\/\",\"url\":\"https:\\\/\\\/cie.uprrp.edu\\\/congresoeducacion\\\/\",\"name\":\"Congreso Puertorrique\u00f1o de Investigaci\u00f3n en la Educaci\u00f3n - Congreso Puertorrique\u00f1o de Investigaci\u00f3n en Educaci\u00f3n\",\"isPartOf\":{\"@id\":\"https:\\\/\\\/cie.uprrp.edu\\\/congresoeducacion\\\/#website\"},\"primaryImageOfPage\":{\"@id\":\"https:\\\/\\\/cie.uprrp.edu\\\/congresoeducacion\\\/#primaryimage\"},\"image\":{\"@id\":\"https:\\\/\\\/cie.uprrp.edu\\\/congresoeducacion\\\/#primaryimage\"},\"thumbnailUrl\":\"https:\\\/\\\/cie.uprrp.edu\\\/congresoeducacion\\\/wp-content\\\/uploads\\\/sites\\\/18\\\/2025\\\/10\\\/afiche2025D-outlines-768x1024.png\",\"datePublished\":\"2025-10-03T14:14:05+00:00\",\"dateModified\":\"2025-11-06T12:27:20+00:00\",\"breadcrumb\":{\"@id\":\"https:\\\/\\\/cie.uprrp.edu\\\/congresoeducacion\\\/#breadcrumb\"},\"inLanguage\":\"en-US\",\"potentialAction\":[{\"@type\":\"ReadAction\",\"target\":[\"https:\\\/\\\/cie.uprrp.edu\\\/congresoeducacion\\\/\"]}]},{\"@type\":\"ImageObject\",\"inLanguage\":\"en-US\",\"@id\":\"https:\\\/\\\/cie.uprrp.edu\\\/congresoeducacion\\\/#primaryimage\",\"url\":\"https:\\\/\\\/cie.uprrp.edu\\\/congresoeducacion\\\/wp-content\\\/uploads\\\/sites\\\/18\\\/2025\\\/10\\\/afiche2025D-outlines.png\",\"contentUrl\":\"https:\\\/\\\/cie.uprrp.edu\\\/congresoeducacion\\\/wp-content\\\/uploads\\\/sites\\\/18\\\/2025\\\/10\\\/afiche2025D-outlines.png\",\"width\":1296,\"height\":1728,\"caption\":\"Afiche del XVI Congreso Puertorrique\u00f1o de Investigaci\u00f3n en la Educaci\u00f3n\"},{\"@type\":\"BreadcrumbList\",\"@id\":\"https:\\\/\\\/cie.uprrp.edu\\\/congresoeducacion\\\/#breadcrumb\",\"itemListElement\":[{\"@type\":\"ListItem\",\"position\":1,\"name\":\"Home\",\"item\":\"https:\\\/\\\/cie.uprrp.edu\\\/congresoeducacion\\\/\"},{\"@type\":\"ListItem\",\"position\":2,\"name\":\"Congreso Puertorrique\u00f1o de Investigaci\u00f3n en la Educaci\u00f3n\"}]},{\"@type\":\"WebSite\",\"@id\":\"https:\\\/\\\/cie.uprrp.edu\\\/congresoeducacion\\\/#website\",\"url\":\"https:\\\/\\\/cie.uprrp.edu\\\/congresoeducacion\\\/\",\"name\":\"Congreso Puertorrique\u00f1o de Investigaci\u00f3n en Educaci\u00f3n\",\"description\":\"Centro de Investigaciones Educativas\",\"potentialAction\":[{\"@type\":\"SearchAction\",\"target\":{\"@type\":\"EntryPoint\",\"urlTemplate\":\"https:\\\/\\\/cie.uprrp.edu\\\/congresoeducacion\\\/?s={search_term_string}\"},\"query-input\":{\"@type\":\"PropertyValueSpecification\",\"valueRequired\":true,\"valueName\":\"search_term_string\"}}],\"inLanguage\":\"en-US\"}]}<\/script>\n<!-- \/ Yoast SEO plugin. -->","yoast_head_json":{"title":"Congreso Puertorrique\u00f1o de Investigaci\u00f3n en la Educaci\u00f3n - Congreso Puertorrique\u00f1o de Investigaci\u00f3n en Educaci\u00f3n","robots":{"index":"index","follow":"follow","max-snippet":"max-snippet:-1","max-image-preview":"max-image-preview:large","max-video-preview":"max-video-preview:-1"},"canonical":"https:\/\/cie.uprrp.edu\/congresoeducacion\/","og_locale":"en_US","og_type":"article","og_title":"Congreso Puertorrique\u00f1o de Investigaci\u00f3n en la Educaci\u00f3n - Congreso Puertorrique\u00f1o de Investigaci\u00f3n en Educaci\u00f3n","og_description":"El Centro de Investigaciones Educativas y la Facultad de Educaci\u00f3n les invitan al XVI Congreso Puertorrique\u00f1o de Investigaci\u00f3n en la Educaci\u00f3n, a celebrarse los d\u00edas 6 y 7 de noviembre de 2025 en la Facultad de Educaci\u00f3n. Contaremos con la participaci\u00f3n de investigadores locales e internaciones, quienes ofrecer\u00e1n una conferencia &hellip;","og_url":"https:\/\/cie.uprrp.edu\/congresoeducacion\/","og_site_name":"Congreso Puertorrique\u00f1o de Investigaci\u00f3n en Educaci\u00f3n","article_modified_time":"2025-11-06T12:27:20+00:00","og_image":[{"width":1296,"height":1728,"url":"https:\/\/cie.uprrp.edu\/congresoeducacion\/wp-content\/uploads\/sites\/18\/2025\/10\/afiche2025D-outlines.png","type":"image\/png"}],"twitter_card":"summary_large_image","twitter_misc":{"Est. reading time":"1 minute"},"schema":{"@context":"https:\/\/schema.org","@graph":[{"@type":"WebPage","@id":"https:\/\/cie.uprrp.edu\/congresoeducacion\/","url":"https:\/\/cie.uprrp.edu\/congresoeducacion\/","name":"Congreso Puertorrique\u00f1o de Investigaci\u00f3n en la Educaci\u00f3n - Congreso Puertorrique\u00f1o de Investigaci\u00f3n en Educaci\u00f3n","isPartOf":{"@id":"https:\/\/cie.uprrp.edu\/congresoeducacion\/#website"},"primaryImageOfPage":{"@id":"https:\/\/cie.uprrp.edu\/congresoeducacion\/#primaryimage"},"image":{"@id":"https:\/\/cie.uprrp.edu\/congresoeducacion\/#primaryimage"},"thumbnailUrl":"https:\/\/cie.uprrp.edu\/congresoeducacion\/wp-content\/uploads\/sites\/18\/2025\/10\/afiche2025D-outlines-768x1024.png","datePublished":"2025-10-03T14:14:05+00:00","dateModified":"2025-11-06T12:27:20+00:00","breadcrumb":{"@id":"https:\/\/cie.uprrp.edu\/congresoeducacion\/#breadcrumb"},"inLanguage":"en-US","potentialAction":[{"@type":"ReadAction","target":["https:\/\/cie.uprrp.edu\/congresoeducacion\/"]}]},{"@type":"ImageObject","inLanguage":"en-US","@id":"https:\/\/cie.uprrp.edu\/congresoeducacion\/#primaryimage","url":"https:\/\/cie.uprrp.edu\/congresoeducacion\/wp-content\/uploads\/sites\/18\/2025\/10\/afiche2025D-outlines.png","contentUrl":"https:\/\/cie.uprrp.edu\/congresoeducacion\/wp-content\/uploads\/sites\/18\/2025\/10\/afiche2025D-outlines.png","width":1296,"height":1728,"caption":"Afiche del XVI Congreso Puertorrique\u00f1o de Investigaci\u00f3n en la Educaci\u00f3n"},{"@type":"BreadcrumbList","@id":"https:\/\/cie.uprrp.edu\/congresoeducacion\/#breadcrumb","itemListElement":[{"@type":"ListItem","position":1,"name":"Home","item":"https:\/\/cie.uprrp.edu\/congresoeducacion\/"},{"@type":"ListItem","position":2,"name":"Congreso Puertorrique\u00f1o de Investigaci\u00f3n en la Educaci\u00f3n"}]},{"@type":"WebSite","@id":"https:\/\/cie.uprrp.edu\/congresoeducacion\/#website","url":"https:\/\/cie.uprrp.edu\/congresoeducacion\/","name":"Congreso Puertorrique\u00f1o de Investigaci\u00f3n en Educaci\u00f3n","description":"Centro de Investigaciones Educativas","potentialAction":[{"@type":"SearchAction","target":{"@type":"EntryPoint","urlTemplate":"https:\/\/cie.uprrp.edu\/congresoeducacion\/?s={search_term_string}"},"query-input":{"@type":"PropertyValueSpecification","valueRequired":true,"valueName":"search_term_string"}}],"inLanguage":"en-US"}]}},"_links":{"self":[{"href":"https:\/\/cie.uprrp.edu\/congresoeducacion\/wp-json\/wp\/v2\/pages\/19","targetHints":{"allow":["GET"]}}],"collection":[{"href":"https:\/\/cie.uprrp.edu\/congresoeducacion\/wp-json\/wp\/v2\/pages"}],"about":[{"href":"https:\/\/cie.uprrp.edu\/congresoeducacion\/wp-json\/wp\/v2\/types\/page"}],"author":[{"embeddable":true,"href":"https:\/\/cie.uprrp.edu\/congresoeducacion\/wp-json\/wp\/v2\/users\/1006"}],"replies":[{"embeddable":true,"href":"https:\/\/cie.uprrp.edu\/congresoeducacion\/wp-json\/wp\/v2\/comments?post=19"}],"version-history":[{"count":67,"href":"https:\/\/cie.uprrp.edu\/congresoeducacion\/wp-json\/wp\/v2\/pages\/19\/revisions"}],"predecessor-version":[{"id":192,"href":"https:\/\/cie.uprrp.edu\/congresoeducacion\/wp-json\/wp\/v2\/pages\/19\/revisions\/192"}],"wp:attachment":[{"href":"https:\/\/cie.uprrp.edu\/congresoeducacion\/wp-json\/wp\/v2\/media?parent=19"}],"curies":[{"name":"wp","href":"https:\/\/api.w.org\/{rel}","templated":true}]}}

Congreso Puertorriqueño de Investigación en la Educación

<img loading="lazy" decoding="async" width="640" height="853" src="https://cie.uprrp.edu/congresoeducacion/wp-content/uploads/sites/18/2025/10/afiche2025D-outlines-768x1024.png" alt="Afiche del XVI Congreso Puertorriqueño de Investigación en la Educación" srcset="https://cie.uprrp.edu/congresoeducacion/wp-content/uploads/sites/18/2025/10/afiche2025D-outlines-768x1024.png 768w, https://cie.uprrp.edu/congresoeducacion/wp-content/uploads/sites/18/2025/10/afiche2025D-outlines-225x300.png 225w, https://cie.uprrp.edu/congresoeducacion/wp-content/uploads/sites/18/2025/10/afiche2025D-outlines-1152x1536.png 1152w, https://cie.uprrp.edu/congresoeducacion/wp-content/uploads/sites/18/2025/10/afiche2025D-outlines.png 1296w" sizes="auto, (max-width: 640px) 100vw, 640px" />															
		<p>El Centro de Investigaciones Educativas y la Facultad de Educación les invitan al XVI Congreso Puertorriqueño de Investigación en la Educación, a celebrarse los días 6 y 7 de noviembre de 2025 en la Facultad de Educación. Contaremos con la participación de investigadores locales e internaciones, quienes ofrecerán una conferencia magistral, varios paneles de discusión, presentaciones de trabajos investigativos, exhibiciones, mesas informativas y actividades artísticas, bajo el lema:</p>
<p style="text-align: center;"><em>Educación 360: Innovación, identidad y tecnología.</em> </p>
<p style="text-align: center;">Estas actividades son libres de costo.</p>
<!-- /wp:post-content --><!-- wp:paragraph -->
<p style="text-align: center;">Consulta el <a href="https://cie.uprrp.edu/congresoeducacion/programa-del-xvi-cpie/"><strong>PROGRAMA DE ACTIVIDADES</strong></a> y participa de este evento.</p>
<p style="text-align: center;">¡Te esperamos en la Facultad de Educación, UPR-RP!</p>
<!-- /wp:paragraph -->

<p>El Centro de Investigaciones Educativas y la Facultad de Educación les invitan al XVI Congreso Puertorriqueño de Investigación en la Educación, a celebrarse los días 6 y 7 de noviembre de 2025 en la Facultad de Educación. Contaremos con la participación de investigadores locales e internaciones, quienes ofrecerán una conferencia &hellip; </p>

<!-- This site is optimized with the Yoast SEO plugin v27.3 - https://yoast.com/product/yoast-seo-wordpress/ -->
<title>Congreso Puertorriqueño de Investigación en la Educación - Congreso Puertorriqueño de Investigación en Educación</title>
<meta name="robots" content="index, follow, max-snippet:-1, max-image-preview:large, max-video-preview:-1" />
<link rel="canonical" href="https://cie.uprrp.edu/congresoeducacion/" />
<meta property="og:locale" content="en_US" />
<meta property="og:type" content="article" />
<meta property="og:title" content="Congreso Puertorriqueño de Investigación en la Educación - Congreso Puertorriqueño de Investigación en Educación" />
<meta property="og:description" content="El Centro de Investigaciones Educativas y la Facultad de Educación les invitan al XVI Congreso Puertorriqueño de Investigación en la Educación, a celebrarse los días 6 y 7 de noviembre de 2025 en la Facultad de Educación. Contaremos con la participación de investigadores locales e internaciones, quienes ofrecerán una conferencia &hellip;" />
<meta property="og:url" content="https://cie.uprrp.edu/congresoeducacion/" />
<meta property="og:site_name" content="Congreso Puertorriqueño de Investigación en Educación" />
<meta property="article:modified_time" content="2025-11-06T12:27:20+00:00" />
<meta property="og:image" content="https://cie.uprrp.edu/congresoeducacion/wp-content/uploads/sites/18/2025/10/afiche2025D-outlines.png" />
	<meta property="og:image:width" content="1296" />
	<meta property="og:image:height" content="1728" />
	<meta property="og:image:type" content="image/png" />
<meta name="twitter:card" content="summary_large_image" />
<meta name="twitter:label1" content="Est. reading time" />
	<meta name="twitter:data1" content="1 minute" />
<script type="application/ld+json" class="yoast-schema-graph">{"@context":"https:\/\/schema.org","@graph":[{"@type":"WebPage","@id":"https:\/\/cie.uprrp.edu\/congresoeducacion\/","url":"https:\/\/cie.uprrp.edu\/congresoeducacion\/","name":"Congreso Puertorriqueño de Investigación en la Educación - Congreso Puertorriqueño de Investigación en Educación","isPartOf":{"@id":"https:\/\/cie.uprrp.edu\/congresoeducacion\/#website"},"primaryImageOfPage":{"@id":"https:\/\/cie.uprrp.edu\/congresoeducacion\/#primaryimage"},"image":{"@id":"https:\/\/cie.uprrp.edu\/congresoeducacion\/#primaryimage"},"thumbnailUrl":"https:\/\/cie.uprrp.edu\/congresoeducacion\/wp-content\/uploads\/sites\/18\/2025\/10\/afiche2025D-outlines-768x1024.png","datePublished":"2025-10-03T14:14:05+00:00","dateModified":"2025-11-06T12:27:20+00:00","breadcrumb":{"@id":"https:\/\/cie.uprrp.edu\/congresoeducacion\/#breadcrumb"},"inLanguage":"en-US","potentialAction":[{"@type":"ReadAction","target":["https:\/\/cie.uprrp.edu\/congresoeducacion\/"]}]},{"@type":"ImageObject","inLanguage":"en-US","@id":"https:\/\/cie.uprrp.edu\/congresoeducacion\/#primaryimage","url":"https:\/\/cie.uprrp.edu\/congresoeducacion\/wp-content\/uploads\/sites\/18\/2025\/10\/afiche2025D-outlines.png","contentUrl":"https:\/\/cie.uprrp.edu\/congresoeducacion\/wp-content\/uploads\/sites\/18\/2025\/10\/afiche2025D-outlines.png","width":1296,"height":1728,"caption":"Afiche del XVI Congreso Puertorriqueño de Investigación en la Educación"},{"@type":"BreadcrumbList","@id":"https:\/\/cie.uprrp.edu\/congresoeducacion\/#breadcrumb","itemListElement":[{"@type":"ListItem","position":1,"name":"Home","item":"https:\/\/cie.uprrp.edu\/congresoeducacion\/"},{"@type":"ListItem","position":2,"name":"Congreso Puertorriqueño de Investigación en la Educación"}]},{"@type":"WebSite","@id":"https:\/\/cie.uprrp.edu\/congresoeducacion\/#website","url":"https:\/\/cie.uprrp.edu\/congresoeducacion\/","name":"Congreso Puertorriqueño de Investigación en Educación","description":"Centro de Investigaciones Educativas","potentialAction":[{"@type":"SearchAction","target":{"@type":"EntryPoint","urlTemplate":"https:\/\/cie.uprrp.edu\/congresoeducacion\/?s={search_term_string}"},"query-input":{"@type":"PropertyValueSpecification","valueRequired":true,"valueName":"search_term_string"}}],"inLanguage":"en-US"}]}</script>
<!-- / Yoast SEO plugin. -->

Congreso Puertorriqueño de Investigación en la Educación - Congreso Puertorriqueño de Investigación en Educación

El Centro de Investigaciones Educativas y la Facultad de Educación les invitan al XVI Congreso Puertorriqueño de Investigación en la Educación, a celebrarse los días 6 y 7 de noviembre de 2025 en la Facultad de Educación. Contaremos con la participación de investigadores locales e internaciones, quienes ofrecerán una conferencia &hellip;

Congreso Puertorriqueño de Investigación en Educación

Afiche del XVI Congreso Puertorriqueño de Investigación en la Educación
