{"id":14,"date":"2015-10-30T18:52:56","date_gmt":"2015-10-30T18:52:56","guid":{"rendered":"http:\/\/cie.uprrp.edu\/diversidad\/?page_id=14"},"modified":"2016-02-29T13:56:17","modified_gmt":"2016-02-29T13:56:17","slug":"el-abc-de-la-educacion-especial-diferenciada-e-inclusiva","status":"publish","type":"page","link":"https:\/\/cie.uprrp.edu\/diversidad\/el-abc-de-la-educacion-especial-diferenciada-e-inclusiva\/","title":{"rendered":"El ABC de la educaci\u00f3n especial, diferenciada e inclusiva"},"content":{"rendered":"<p><em><strong><a href=\"http:\/\/cie.uprrp.edu\/diversidad\/wp-content\/uploads\/sites\/3\/2015\/10\/logo-modulos-cedd.jpg\"><img loading=\"lazy\" decoding=\"async\" class=\"alignright size-full wp-image-15\" src=\"http:\/\/cie.uprrp.edu\/diversidad\/wp-content\/uploads\/sites\/3\/2015\/10\/logo-modulos-cedd.jpg\" alt=\"Logo m\u00f3dulos\" width=\"404\" height=\"440\" srcset=\"https:\/\/cie.uprrp.edu\/diversidad\/wp-content\/uploads\/sites\/3\/2015\/10\/logo-modulos-cedd.jpg 404w, https:\/\/cie.uprrp.edu\/diversidad\/wp-content\/uploads\/sites\/3\/2015\/10\/logo-modulos-cedd-275x300.jpg 275w\" sizes=\"auto, (max-width: 404px) 100vw, 404px\" \/><\/a>El ABC de la educaci\u00f3n especial, diferenciada e inclusiva<\/strong><\/em> es un libro comprensivo de 8 M\u00f3dulos educativos de adiestramiento, educaci\u00f3n continua y desarrollo profesional. El libro contiene un programa abarcador de adiestramiento y preparaci\u00f3n de personal en el \u00e1rea de la educaci\u00f3n diferenciada e inclusiva, el curr\u00edculo y las pr\u00e1cticas validadas por la investigaci\u00f3n cient\u00edfica para estudiantes con capacidades diversas, necesidades especiales o excepcionalidades. Se ha dise\u00f1ado para que los estudiantes universitarios del nivel subgraduado y graduado (Maestr\u00eda y Doctorado), los docentes, los padres y otros profesionales relacionados al campo de la Educaci\u00f3n Especial lo utilicen como fuente de informaci\u00f3n, de referencia y consulta profesional.<\/p>\n<p>En esta obra se presenta una visi\u00f3n amplia de la educaci\u00f3n diferenciada e inclusiva en Puerto Rico. Particularmente, incluye aspectos relacionados con la creaci\u00f3n, la planificaci\u00f3n, el desarrollo y la implantaci\u00f3n del curr\u00edculo para estudiantes con necesidades especiales, excepcionalidades y capacidades diversas, desde el nacimiento hasta la vejez y muerte, como procesos de vida y educaci\u00f3n continuos.<br \/>\nEl libro se ha organizado de tal forma que sirve a varios fines, entre estos: constituye un acervo de recursos; ofrece valiosas referencias de textos, as\u00ed como de enlaces electr\u00f3nicos actualizados sobre los temas de la educaci\u00f3n diferenciada y la inclusi\u00f3n; y propone un programa de preparaci\u00f3n de personal en esta \u00e1rea y en el curr\u00edculo de Educaci\u00f3n Especial.<\/p>\n<p>Los primeros tres m\u00f3dulos presentan los fundamentos hist\u00f3ricos, filos\u00f3ficos, te\u00f3ricos y jur\u00eddicos de la Educaci\u00f3n Especial, los estudiantes con capacidades diversas, necesidades especiales o excepcionalidades, el proceso de avaluaci\u00f3n y evaluaci\u00f3n, el curr\u00edculo de Educaci\u00f3n Especial: hacia una nueva concepci\u00f3n enmarcada en el dise\u00f1o universal de ense\u00f1anza y aprendizaje aut\u00e9ntico, estrategias de ense\u00f1anza y estilos de aprender y de ense\u00f1ar. Los m\u00f3dulos siguientes analizan cada una de las \u00e1reas o programas de servicios, del curr\u00edculo y pr\u00e1cticas validas por la investigaci\u00f3n cient\u00edfica en la Educaci\u00f3n Especial en todos los niveles y etapas de la vida del ser humano.<\/p>\n","protected":false},"excerpt":{"rendered":"<p>El ABC de la educaci\u00f3n especial, diferenciada e inclusiva es un libro comprensivo de 8 M\u00f3dulos educativos de adiestramiento, educaci\u00f3n continua y desarrollo profesional. El libro contiene un programa abarcador de adiestramiento y preparaci\u00f3n de personal en el \u00e1rea de la educaci\u00f3n diferenciada e inclusiva, el curr\u00edculo y las pr\u00e1cticas validadas por la investigaci\u00f3n cient\u00edfica &hellip;<\/p>\n","protected":false},"author":1,"featured_media":0,"parent":0,"menu_order":0,"comment_status":"closed","ping_status":"closed","template":"","meta":{"footnotes":""},"class_list":["post-14","page","type-page","status-publish","hentry"],"yoast_head":"<!-- This site is optimized with the Yoast SEO plugin v27.3 - https:\/\/yoast.com\/product\/yoast-seo-wordpress\/ -->\n<title>El ABC de la educaci\u00f3n especial, diferenciada e inclusiva - Haciendo la Diferencia para las Personas con Capacidades Diversas<\/title>\n<meta name=\"robots\" content=\"index, follow, max-snippet:-1, max-image-preview:large, max-video-preview:-1\" \/>\n<link rel=\"canonical\" href=\"https:\/\/cie.uprrp.edu\/diversidad\/el-abc-de-la-educacion-especial-diferenciada-e-inclusiva\/\" \/>\n<meta property=\"og:locale\" content=\"en_US\" \/>\n<meta property=\"og:type\" content=\"article\" \/>\n<meta property=\"og:title\" content=\"El ABC de la educaci\u00f3n especial, diferenciada e inclusiva - Haciendo la Diferencia para las Personas con Capacidades Diversas\" \/>\n<meta property=\"og:description\" content=\"El ABC de la educaci\u00f3n especial, diferenciada e inclusiva es un libro comprensivo de 8 M\u00f3dulos educativos de adiestramiento, educaci\u00f3n continua y desarrollo profesional. El libro contiene un programa abarcador de adiestramiento y preparaci\u00f3n de personal en el \u00e1rea de la educaci\u00f3n diferenciada e inclusiva, el curr\u00edculo y las pr\u00e1cticas validadas por la investigaci\u00f3n cient\u00edfica &hellip;\" \/>\n<meta property=\"og:url\" content=\"https:\/\/cie.uprrp.edu\/diversidad\/el-abc-de-la-educacion-especial-diferenciada-e-inclusiva\/\" \/>\n<meta property=\"og:site_name\" content=\"Haciendo la Diferencia para las Personas con Capacidades Diversas\" \/>\n<meta property=\"article:modified_time\" content=\"2016-02-29T13:56:17+00:00\" \/>\n<meta property=\"og:image\" content=\"http:\/\/cie.uprrp.edu\/diversidad\/wp-content\/uploads\/sites\/3\/2015\/10\/logo-modulos-cedd.jpg\" \/>\n<meta name=\"twitter:card\" content=\"summary_large_image\" \/>\n<meta name=\"twitter:label1\" content=\"Est. reading time\" \/>\n\t<meta name=\"twitter:data1\" content=\"2 minutes\" \/>\n<script type=\"application\/ld+json\" class=\"yoast-schema-graph\">{\"@context\":\"https:\\\/\\\/schema.org\",\"@graph\":[{\"@type\":\"WebPage\",\"@id\":\"https:\\\/\\\/cie.uprrp.edu\\\/diversidad\\\/el-abc-de-la-educacion-especial-diferenciada-e-inclusiva\\\/\",\"url\":\"https:\\\/\\\/cie.uprrp.edu\\\/diversidad\\\/el-abc-de-la-educacion-especial-diferenciada-e-inclusiva\\\/\",\"name\":\"El ABC de la educaci\u00f3n especial, diferenciada e inclusiva - Haciendo la Diferencia para las Personas con Capacidades Diversas\",\"isPartOf\":{\"@id\":\"https:\\\/\\\/cie.uprrp.edu\\\/diversidad\\\/#website\"},\"primaryImageOfPage\":{\"@id\":\"https:\\\/\\\/cie.uprrp.edu\\\/diversidad\\\/el-abc-de-la-educacion-especial-diferenciada-e-inclusiva\\\/#primaryimage\"},\"image\":{\"@id\":\"https:\\\/\\\/cie.uprrp.edu\\\/diversidad\\\/el-abc-de-la-educacion-especial-diferenciada-e-inclusiva\\\/#primaryimage\"},\"thumbnailUrl\":\"http:\\\/\\\/cie.uprrp.edu\\\/diversidad\\\/wp-content\\\/uploads\\\/sites\\\/3\\\/2015\\\/10\\\/logo-modulos-cedd.jpg\",\"datePublished\":\"2015-10-30T18:52:56+00:00\",\"dateModified\":\"2016-02-29T13:56:17+00:00\",\"breadcrumb\":{\"@id\":\"https:\\\/\\\/cie.uprrp.edu\\\/diversidad\\\/el-abc-de-la-educacion-especial-diferenciada-e-inclusiva\\\/#breadcrumb\"},\"inLanguage\":\"en-US\",\"potentialAction\":[{\"@type\":\"ReadAction\",\"target\":[\"https:\\\/\\\/cie.uprrp.edu\\\/diversidad\\\/el-abc-de-la-educacion-especial-diferenciada-e-inclusiva\\\/\"]}]},{\"@type\":\"ImageObject\",\"inLanguage\":\"en-US\",\"@id\":\"https:\\\/\\\/cie.uprrp.edu\\\/diversidad\\\/el-abc-de-la-educacion-especial-diferenciada-e-inclusiva\\\/#primaryimage\",\"url\":\"http:\\\/\\\/cie.uprrp.edu\\\/diversidad\\\/wp-content\\\/uploads\\\/sites\\\/3\\\/2015\\\/10\\\/logo-modulos-cedd.jpg\",\"contentUrl\":\"http:\\\/\\\/cie.uprrp.edu\\\/diversidad\\\/wp-content\\\/uploads\\\/sites\\\/3\\\/2015\\\/10\\\/logo-modulos-cedd.jpg\"},{\"@type\":\"BreadcrumbList\",\"@id\":\"https:\\\/\\\/cie.uprrp.edu\\\/diversidad\\\/el-abc-de-la-educacion-especial-diferenciada-e-inclusiva\\\/#breadcrumb\",\"itemListElement\":[{\"@type\":\"ListItem\",\"position\":1,\"name\":\"Home\",\"item\":\"https:\\\/\\\/cie.uprrp.edu\\\/diversidad\\\/\"},{\"@type\":\"ListItem\",\"position\":2,\"name\":\"El ABC de la educaci\u00f3n especial, diferenciada e inclusiva\"}]},{\"@type\":\"WebSite\",\"@id\":\"https:\\\/\\\/cie.uprrp.edu\\\/diversidad\\\/#website\",\"url\":\"https:\\\/\\\/cie.uprrp.edu\\\/diversidad\\\/\",\"name\":\"Haciendo la Diferencia para las Personas con Capacidades Diversas\",\"description\":\"\",\"potentialAction\":[{\"@type\":\"SearchAction\",\"target\":{\"@type\":\"EntryPoint\",\"urlTemplate\":\"https:\\\/\\\/cie.uprrp.edu\\\/diversidad\\\/?s={search_term_string}\"},\"query-input\":{\"@type\":\"PropertyValueSpecification\",\"valueRequired\":true,\"valueName\":\"search_term_string\"}}],\"inLanguage\":\"en-US\"}]}<\/script>\n<!-- \/ Yoast SEO plugin. -->","yoast_head_json":{"title":"El ABC de la educaci\u00f3n especial, diferenciada e inclusiva - Haciendo la Diferencia para las Personas con Capacidades Diversas","robots":{"index":"index","follow":"follow","max-snippet":"max-snippet:-1","max-image-preview":"max-image-preview:large","max-video-preview":"max-video-preview:-1"},"canonical":"https:\/\/cie.uprrp.edu\/diversidad\/el-abc-de-la-educacion-especial-diferenciada-e-inclusiva\/","og_locale":"en_US","og_type":"article","og_title":"El ABC de la educaci\u00f3n especial, diferenciada e inclusiva - Haciendo la Diferencia para las Personas con Capacidades Diversas","og_description":"El ABC de la educaci\u00f3n especial, diferenciada e inclusiva es un libro comprensivo de 8 M\u00f3dulos educativos de adiestramiento, educaci\u00f3n continua y desarrollo profesional. El libro contiene un programa abarcador de adiestramiento y preparaci\u00f3n de personal en el \u00e1rea de la educaci\u00f3n diferenciada e inclusiva, el curr\u00edculo y las pr\u00e1cticas validadas por la investigaci\u00f3n cient\u00edfica &hellip;","og_url":"https:\/\/cie.uprrp.edu\/diversidad\/el-abc-de-la-educacion-especial-diferenciada-e-inclusiva\/","og_site_name":"Haciendo la Diferencia para las Personas con Capacidades Diversas","article_modified_time":"2016-02-29T13:56:17+00:00","og_image":[{"url":"http:\/\/cie.uprrp.edu\/diversidad\/wp-content\/uploads\/sites\/3\/2015\/10\/logo-modulos-cedd.jpg","type":"","width":"","height":""}],"twitter_card":"summary_large_image","twitter_misc":{"Est. reading time":"2 minutes"},"schema":{"@context":"https:\/\/schema.org","@graph":[{"@type":"WebPage","@id":"https:\/\/cie.uprrp.edu\/diversidad\/el-abc-de-la-educacion-especial-diferenciada-e-inclusiva\/","url":"https:\/\/cie.uprrp.edu\/diversidad\/el-abc-de-la-educacion-especial-diferenciada-e-inclusiva\/","name":"El ABC de la educaci\u00f3n especial, diferenciada e inclusiva - Haciendo la Diferencia para las Personas con Capacidades Diversas","isPartOf":{"@id":"https:\/\/cie.uprrp.edu\/diversidad\/#website"},"primaryImageOfPage":{"@id":"https:\/\/cie.uprrp.edu\/diversidad\/el-abc-de-la-educacion-especial-diferenciada-e-inclusiva\/#primaryimage"},"image":{"@id":"https:\/\/cie.uprrp.edu\/diversidad\/el-abc-de-la-educacion-especial-diferenciada-e-inclusiva\/#primaryimage"},"thumbnailUrl":"http:\/\/cie.uprrp.edu\/diversidad\/wp-content\/uploads\/sites\/3\/2015\/10\/logo-modulos-cedd.jpg","datePublished":"2015-10-30T18:52:56+00:00","dateModified":"2016-02-29T13:56:17+00:00","breadcrumb":{"@id":"https:\/\/cie.uprrp.edu\/diversidad\/el-abc-de-la-educacion-especial-diferenciada-e-inclusiva\/#breadcrumb"},"inLanguage":"en-US","potentialAction":[{"@type":"ReadAction","target":["https:\/\/cie.uprrp.edu\/diversidad\/el-abc-de-la-educacion-especial-diferenciada-e-inclusiva\/"]}]},{"@type":"ImageObject","inLanguage":"en-US","@id":"https:\/\/cie.uprrp.edu\/diversidad\/el-abc-de-la-educacion-especial-diferenciada-e-inclusiva\/#primaryimage","url":"http:\/\/cie.uprrp.edu\/diversidad\/wp-content\/uploads\/sites\/3\/2015\/10\/logo-modulos-cedd.jpg","contentUrl":"http:\/\/cie.uprrp.edu\/diversidad\/wp-content\/uploads\/sites\/3\/2015\/10\/logo-modulos-cedd.jpg"},{"@type":"BreadcrumbList","@id":"https:\/\/cie.uprrp.edu\/diversidad\/el-abc-de-la-educacion-especial-diferenciada-e-inclusiva\/#breadcrumb","itemListElement":[{"@type":"ListItem","position":1,"name":"Home","item":"https:\/\/cie.uprrp.edu\/diversidad\/"},{"@type":"ListItem","position":2,"name":"El ABC de la educaci\u00f3n especial, diferenciada e inclusiva"}]},{"@type":"WebSite","@id":"https:\/\/cie.uprrp.edu\/diversidad\/#website","url":"https:\/\/cie.uprrp.edu\/diversidad\/","name":"Haciendo la Diferencia para las Personas con Capacidades Diversas","description":"","potentialAction":[{"@type":"SearchAction","target":{"@type":"EntryPoint","urlTemplate":"https:\/\/cie.uprrp.edu\/diversidad\/?s={search_term_string}"},"query-input":{"@type":"PropertyValueSpecification","valueRequired":true,"valueName":"search_term_string"}}],"inLanguage":"en-US"}]}},"_links":{"self":[{"href":"https:\/\/cie.uprrp.edu\/diversidad\/wp-json\/wp\/v2\/pages\/14","targetHints":{"allow":["GET"]}}],"collection":[{"href":"https:\/\/cie.uprrp.edu\/diversidad\/wp-json\/wp\/v2\/pages"}],"about":[{"href":"https:\/\/cie.uprrp.edu\/diversidad\/wp-json\/wp\/v2\/types\/page"}],"author":[{"embeddable":true,"href":"https:\/\/cie.uprrp.edu\/diversidad\/wp-json\/wp\/v2\/users\/1"}],"replies":[{"embeddable":true,"href":"https:\/\/cie.uprrp.edu\/diversidad\/wp-json\/wp\/v2\/comments?post=14"}],"version-history":[{"count":2,"href":"https:\/\/cie.uprrp.edu\/diversidad\/wp-json\/wp\/v2\/pages\/14\/revisions"}],"predecessor-version":[{"id":70,"href":"https:\/\/cie.uprrp.edu\/diversidad\/wp-json\/wp\/v2\/pages\/14\/revisions\/70"}],"wp:attachment":[{"href":"https:\/\/cie.uprrp.edu\/diversidad\/wp-json\/wp\/v2\/media?parent=14"}],"curies":[{"name":"wp","href":"https:\/\/api.w.org\/{rel}","templated":true}]}}