{"id":176,"date":"2018-01-25T14:22:45","date_gmt":"2018-01-25T14:22:45","guid":{"rendered":"http:\/\/cie.uprrp.edu\/diversity\/?page_id=176"},"modified":"2018-02-01T18:36:23","modified_gmt":"2018-02-01T18:36:23","slug":"beneficios","status":"publish","type":"page","link":"https:\/\/cie.uprrp.edu\/diversity\/beneficios\/","title":{"rendered":"BENEFICIOS"},"content":{"rendered":"<h2 style=\"text-align: left\"><span style=\"font-family: helvetica, arial, sans-serif\">Beneficios para los programas de ense\u00f1anza<\/span><\/h2>\n<ul>\n<li><span style=\"font-family: helvetica, arial, sans-serif\">Ayuda\u00a0a los Programas de Ense\u00f1anza a tener constancia sobre cu\u00e1n preparados se perciben los futuros maestros\u00a0para atender los asuntos de diversidad en la sala de clases<\/span><\/li>\n<li><span style=\"font-family: helvetica, arial, sans-serif\">Ayuda a identificar \u00e1reas a\u00a0mejorar en el curr\u00edculo de ense\u00f1anza<\/span><\/li>\n<\/ul>\n<h2><span style=\"font-family: helvetica, arial, sans-serif\">Beneficios para los maestros en preparaci\u00f3n<\/span><\/h2>\n<ul>\n<li><span style=\"font-family: helvetica, arial, sans-serif\">Crea conciencia acerca de la importancia y necesidad de conocer la amplitud del concepto diversidad<\/span><\/li>\n<li><span style=\"font-family: helvetica, arial, sans-serif\">Recibir una educaci\u00f3n que desarrolle maestros con las competencias necesarias para trabajar la diversidad dentro de la sala de clases\u00a0<\/span><\/li>\n<\/ul>\n<h2><span style=\"font-family: helvetica, arial, sans-serif\">Beneficios para la poblaci\u00f3n general<\/span><\/h2>\n<p><span style=\"font-family: helvetica, arial, sans-serif\">La transformaci\u00f3n social es posible cuando la educaci\u00f3n se transforma. Para que la educaci\u00f3n sea transformadora, los maestros deben transformarse. Para que los maestros se transformen, los Programas de Ense\u00f1anza necesitan asegurarse de que entiendan completamente lo que se requiere de ellos para infundir en los futuros docentes los conocimientos, habilidades y disposiciones que les permitir\u00e1n erradicar los prejuicios y el maltrato en nuestros ciudadanos presentes y futuros. Si bien el objetivo de la educaci\u00f3n en muchas naciones es garantizar la competencia acad\u00e9mica, en el mundo turbulento en el que vivimos, la educaci\u00f3n debe ser un proceso formativo que nos ayude a resolver los muchos dilemas que obstaculizan nuestras posibilidades de vivir en sociedades que valoran y celebran diversidad. <\/span><\/p>\n<p><span style=\"font-family: helvetica, arial, sans-serif\">\u00a0 \u00a0 \u00a0 \u00a0 \u00a0 \u00a0 \u00a0 \u00a0 \u00a0 \u00a0 \u00a0 \u00a0 \u00a0 \u00a0 \u00a0 \u00a0 \u00a0 \u00a0 \u00a0 \u00a0 \u00a0 \u00a0 \u00a0 \u00a0 \u00a0 \u00a0 \u00a0 \u00a0 \u00a0 \u00a0 \u00a0 \u00a0 \u00a0 \u00a0 \u00a0 \u00a0 \u00a0 \u00a0 \u00a0 \u00a0 \u00a0 \u00a0 \u00a0 \u00a0 \u00a0 \u00a0 \u00a0 \u00a0 \u00a0 \u00a0 \u00a0 \u00a0 \u00a0 \u00a0 \u00a0 \u00a0 \u00a0 \u00a0 \u00a0 \u00a0 \u00a0 \u00a0 \u00a0 \u00a0 \u00a0 \u00a0 \u00a0\u00a0<\/span><\/p>\n<p>&nbsp;<\/p>\n<p>&nbsp;<\/p>\n<p>&nbsp;<\/p>\n<p>&nbsp;<\/p>\n<p>&nbsp;<\/p>\n","protected":false},"excerpt":{"rendered":"<p>Beneficios para los programas de ense\u00f1anza Ayuda\u00a0a los Programas de Ense\u00f1anza a tener constancia sobre cu\u00e1n preparados se perciben los futuros maestros\u00a0para atender los asuntos de diversidad en la sala de clases Ayuda a identificar \u00e1reas a\u00a0mejorar en el curr\u00edculo <a href=\"https:\/\/cie.uprrp.edu\/diversity\/beneficios\/\" class=\"read-more\">Leer m\u00e1s&#8230;<\/a><\/p>\n","protected":false},"author":13,"featured_media":0,"parent":0,"menu_order":0,"comment_status":"closed","ping_status":"closed","template":"","meta":{"footnotes":""},"class_list":["post-176","page","type-page","status-publish","hentry"],"yoast_head":"<!-- This site is optimized with the Yoast SEO plugin v27.2 - https:\/\/yoast.com\/product\/yoast-seo-wordpress\/ -->\n<title>BENEFICIOS - Proyecto de Diversidad<\/title>\n<meta name=\"robots\" content=\"index, follow, max-snippet:-1, max-image-preview:large, max-video-preview:-1\" \/>\n<link rel=\"canonical\" href=\"https:\/\/cie.uprrp.edu\/diversity\/beneficios\/\" \/>\n<meta property=\"og:locale\" content=\"es_ES\" \/>\n<meta property=\"og:type\" content=\"article\" \/>\n<meta property=\"og:title\" content=\"BENEFICIOS - Proyecto de Diversidad\" \/>\n<meta property=\"og:description\" content=\"Beneficios para los programas de ense\u00f1anza Ayuda\u00a0a los Programas de Ense\u00f1anza a tener constancia sobre cu\u00e1n preparados se perciben los futuros maestros\u00a0para atender los asuntos de diversidad en la sala de clases Ayuda a identificar \u00e1reas a\u00a0mejorar en el curr\u00edculo Leer m\u00e1s...\" \/>\n<meta property=\"og:url\" content=\"https:\/\/cie.uprrp.edu\/diversity\/beneficios\/\" \/>\n<meta property=\"og:site_name\" content=\"Proyecto de Diversidad\" \/>\n<meta property=\"article:modified_time\" content=\"2018-02-01T18:36:23+00:00\" \/>\n<meta name=\"twitter:card\" content=\"summary_large_image\" \/>\n<meta name=\"twitter:label1\" content=\"Tiempo de lectura\" \/>\n\t<meta name=\"twitter:data1\" content=\"1 minuto\" \/>\n<script type=\"application\/ld+json\" class=\"yoast-schema-graph\">{\"@context\":\"https:\/\/schema.org\",\"@graph\":[{\"@type\":\"WebPage\",\"@id\":\"https:\/\/cie.uprrp.edu\/diversity\/beneficios\/\",\"url\":\"https:\/\/cie.uprrp.edu\/diversity\/beneficios\/\",\"name\":\"BENEFICIOS - Proyecto de Diversidad\",\"isPartOf\":{\"@id\":\"https:\/\/cie.uprrp.edu\/diversity\/#website\"},\"datePublished\":\"2018-01-25T14:22:45+00:00\",\"dateModified\":\"2018-02-01T18:36:23+00:00\",\"breadcrumb\":{\"@id\":\"https:\/\/cie.uprrp.edu\/diversity\/beneficios\/#breadcrumb\"},\"inLanguage\":\"es\",\"potentialAction\":[{\"@type\":\"ReadAction\",\"target\":[\"https:\/\/cie.uprrp.edu\/diversity\/beneficios\/\"]}]},{\"@type\":\"BreadcrumbList\",\"@id\":\"https:\/\/cie.uprrp.edu\/diversity\/beneficios\/#breadcrumb\",\"itemListElement\":[{\"@type\":\"ListItem\",\"position\":1,\"name\":\"Home\",\"item\":\"https:\/\/cie.uprrp.edu\/diversity\/\"},{\"@type\":\"ListItem\",\"position\":2,\"name\":\"BENEFICIOS\"}]},{\"@type\":\"WebSite\",\"@id\":\"https:\/\/cie.uprrp.edu\/diversity\/#website\",\"url\":\"https:\/\/cie.uprrp.edu\/diversity\/\",\"name\":\"Proyecto de Diversidad\",\"description\":\"\",\"potentialAction\":[{\"@type\":\"SearchAction\",\"target\":{\"@type\":\"EntryPoint\",\"urlTemplate\":\"https:\/\/cie.uprrp.edu\/diversity\/?s={search_term_string}\"},\"query-input\":{\"@type\":\"PropertyValueSpecification\",\"valueRequired\":true,\"valueName\":\"search_term_string\"}}],\"inLanguage\":\"es\"}]}<\/script>\n<!-- \/ Yoast SEO plugin. -->","yoast_head_json":{"title":"BENEFICIOS - Proyecto de Diversidad","robots":{"index":"index","follow":"follow","max-snippet":"max-snippet:-1","max-image-preview":"max-image-preview:large","max-video-preview":"max-video-preview:-1"},"canonical":"https:\/\/cie.uprrp.edu\/diversity\/beneficios\/","og_locale":"es_ES","og_type":"article","og_title":"BENEFICIOS - Proyecto de Diversidad","og_description":"Beneficios para los programas de ense\u00f1anza Ayuda\u00a0a los Programas de Ense\u00f1anza a tener constancia sobre cu\u00e1n preparados se perciben los futuros maestros\u00a0para atender los asuntos de diversidad en la sala de clases Ayuda a identificar \u00e1reas a\u00a0mejorar en el curr\u00edculo Leer m\u00e1s...","og_url":"https:\/\/cie.uprrp.edu\/diversity\/beneficios\/","og_site_name":"Proyecto de Diversidad","article_modified_time":"2018-02-01T18:36:23+00:00","twitter_card":"summary_large_image","twitter_misc":{"Tiempo de lectura":"1 minuto"},"schema":{"@context":"https:\/\/schema.org","@graph":[{"@type":"WebPage","@id":"https:\/\/cie.uprrp.edu\/diversity\/beneficios\/","url":"https:\/\/cie.uprrp.edu\/diversity\/beneficios\/","name":"BENEFICIOS - Proyecto de Diversidad","isPartOf":{"@id":"https:\/\/cie.uprrp.edu\/diversity\/#website"},"datePublished":"2018-01-25T14:22:45+00:00","dateModified":"2018-02-01T18:36:23+00:00","breadcrumb":{"@id":"https:\/\/cie.uprrp.edu\/diversity\/beneficios\/#breadcrumb"},"inLanguage":"es","potentialAction":[{"@type":"ReadAction","target":["https:\/\/cie.uprrp.edu\/diversity\/beneficios\/"]}]},{"@type":"BreadcrumbList","@id":"https:\/\/cie.uprrp.edu\/diversity\/beneficios\/#breadcrumb","itemListElement":[{"@type":"ListItem","position":1,"name":"Home","item":"https:\/\/cie.uprrp.edu\/diversity\/"},{"@type":"ListItem","position":2,"name":"BENEFICIOS"}]},{"@type":"WebSite","@id":"https:\/\/cie.uprrp.edu\/diversity\/#website","url":"https:\/\/cie.uprrp.edu\/diversity\/","name":"Proyecto de Diversidad","description":"","potentialAction":[{"@type":"SearchAction","target":{"@type":"EntryPoint","urlTemplate":"https:\/\/cie.uprrp.edu\/diversity\/?s={search_term_string}"},"query-input":{"@type":"PropertyValueSpecification","valueRequired":true,"valueName":"search_term_string"}}],"inLanguage":"es"}]}},"_links":{"self":[{"href":"https:\/\/cie.uprrp.edu\/diversity\/wp-json\/wp\/v2\/pages\/176","targetHints":{"allow":["GET"]}}],"collection":[{"href":"https:\/\/cie.uprrp.edu\/diversity\/wp-json\/wp\/v2\/pages"}],"about":[{"href":"https:\/\/cie.uprrp.edu\/diversity\/wp-json\/wp\/v2\/types\/page"}],"author":[{"embeddable":true,"href":"https:\/\/cie.uprrp.edu\/diversity\/wp-json\/wp\/v2\/users\/13"}],"replies":[{"embeddable":true,"href":"https:\/\/cie.uprrp.edu\/diversity\/wp-json\/wp\/v2\/comments?post=176"}],"version-history":[{"count":12,"href":"https:\/\/cie.uprrp.edu\/diversity\/wp-json\/wp\/v2\/pages\/176\/revisions"}],"predecessor-version":[{"id":215,"href":"https:\/\/cie.uprrp.edu\/diversity\/wp-json\/wp\/v2\/pages\/176\/revisions\/215"}],"wp:attachment":[{"href":"https:\/\/cie.uprrp.edu\/diversity\/wp-json\/wp\/v2\/media?parent=176"}],"curies":[{"name":"wp","href":"https:\/\/api.w.org\/{rel}","templated":true}]}}