{"id":39,"date":"2017-12-28T17:42:35","date_gmt":"2017-12-28T17:42:35","guid":{"rendered":"http:\/\/cie.uprrp.edu\/diversity\/?page_id=39"},"modified":"2018-01-24T15:43:33","modified_gmt":"2018-01-24T15:43:33","slug":"contactanos","status":"publish","type":"page","link":"https:\/\/cie.uprrp.edu\/diversity\/contactanos\/","title":{"rendered":"CONT\u00c1CTANOS"},"content":{"rendered":"<p>Si estas interesado en obtener m\u00e1s informaci\u00f3n acerca del proyecto de Diversidad puedes comunicarte a la siguiente direcci\u00f3n:<\/p>\n<p><strong>Autor principal:<br \/>\n<\/strong>Edwin Vega-MIl\u00e1n, Ed.D.<\/p>\n<p><strong>Direcci\u00f3n Postal:<br \/>\n<\/strong>Universidad de Puerto Rico<br \/>\nRecinto de R\u00edo Piedras<br \/>\nFacultad de Educaci\u00f3n<br \/>\nPO Box 23304<br \/>\nSan Juan PR 00931-3304<\/p>\n<p><strong>Direcci\u00f3n F\u00edsica:<br \/>\n<\/strong>Universidad de Puerto Rico<br \/>\nRecinto de R\u00edo Piedras<br \/>\nFacultad de Educaci\u00f3n<br \/>\nEdificio Eugenio Mar\u00eda de Hostos<br \/>\nOficina 348\u00a0San Juan, PR<\/p>\n<p><strong>Cuadro Telef\u00f3nico:<br \/>\n<\/strong>(787) 764-0000 exts. 89045, 89046, 89049<\/p>\n","protected":false},"excerpt":{"rendered":"<p>Si estas interesado en obtener m\u00e1s informaci\u00f3n acerca del proyecto de Diversidad puedes comunicarte a la siguiente direcci\u00f3n: Autor principal: Edwin Vega-MIl\u00e1n, Ed.D. Direcci\u00f3n Postal: Universidad de Puerto Rico Recinto de R\u00edo Piedras Facultad de Educaci\u00f3n PO Box 23304 San <a href=\"https:\/\/cie.uprrp.edu\/diversity\/contactanos\/\" class=\"read-more\">Leer m\u00e1s&#8230;<\/a><\/p>\n","protected":false},"author":13,"featured_media":0,"parent":0,"menu_order":0,"comment_status":"closed","ping_status":"closed","template":"","meta":{"footnotes":""},"class_list":["post-39","page","type-page","status-publish","hentry"],"yoast_head":"<!-- This site is optimized with the Yoast SEO plugin v27.3 - https:\/\/yoast.com\/product\/yoast-seo-wordpress\/ -->\n<title>CONT\u00c1CTANOS - Proyecto de Diversidad<\/title>\n<meta name=\"robots\" content=\"index, follow, max-snippet:-1, max-image-preview:large, max-video-preview:-1\" \/>\n<link rel=\"canonical\" href=\"https:\/\/cie.uprrp.edu\/diversity\/contactanos\/\" \/>\n<meta property=\"og:locale\" content=\"es_ES\" \/>\n<meta property=\"og:type\" content=\"article\" \/>\n<meta property=\"og:title\" content=\"CONT\u00c1CTANOS - Proyecto de Diversidad\" \/>\n<meta property=\"og:description\" content=\"Si estas interesado en obtener m\u00e1s informaci\u00f3n acerca del proyecto de Diversidad puedes comunicarte a la siguiente direcci\u00f3n: Autor principal: Edwin Vega-MIl\u00e1n, Ed.D. Direcci\u00f3n Postal: Universidad de Puerto Rico Recinto de R\u00edo Piedras Facultad de Educaci\u00f3n PO Box 23304 San Leer m\u00e1s...\" \/>\n<meta property=\"og:url\" content=\"https:\/\/cie.uprrp.edu\/diversity\/contactanos\/\" \/>\n<meta property=\"og:site_name\" content=\"Proyecto de Diversidad\" \/>\n<meta property=\"article:modified_time\" content=\"2018-01-24T15:43:33+00:00\" \/>\n<meta name=\"twitter:card\" content=\"summary_large_image\" \/>\n<script type=\"application\/ld+json\" class=\"yoast-schema-graph\">{\"@context\":\"https:\\\/\\\/schema.org\",\"@graph\":[{\"@type\":\"WebPage\",\"@id\":\"https:\\\/\\\/cie.uprrp.edu\\\/diversity\\\/contactanos\\\/\",\"url\":\"https:\\\/\\\/cie.uprrp.edu\\\/diversity\\\/contactanos\\\/\",\"name\":\"CONT\u00c1CTANOS - Proyecto de Diversidad\",\"isPartOf\":{\"@id\":\"https:\\\/\\\/cie.uprrp.edu\\\/diversity\\\/#website\"},\"datePublished\":\"2017-12-28T17:42:35+00:00\",\"dateModified\":\"2018-01-24T15:43:33+00:00\",\"breadcrumb\":{\"@id\":\"https:\\\/\\\/cie.uprrp.edu\\\/diversity\\\/contactanos\\\/#breadcrumb\"},\"inLanguage\":\"es\",\"potentialAction\":[{\"@type\":\"ReadAction\",\"target\":[\"https:\\\/\\\/cie.uprrp.edu\\\/diversity\\\/contactanos\\\/\"]}]},{\"@type\":\"BreadcrumbList\",\"@id\":\"https:\\\/\\\/cie.uprrp.edu\\\/diversity\\\/contactanos\\\/#breadcrumb\",\"itemListElement\":[{\"@type\":\"ListItem\",\"position\":1,\"name\":\"Home\",\"item\":\"https:\\\/\\\/cie.uprrp.edu\\\/diversity\\\/\"},{\"@type\":\"ListItem\",\"position\":2,\"name\":\"CONT\u00c1CTANOS\"}]},{\"@type\":\"WebSite\",\"@id\":\"https:\\\/\\\/cie.uprrp.edu\\\/diversity\\\/#website\",\"url\":\"https:\\\/\\\/cie.uprrp.edu\\\/diversity\\\/\",\"name\":\"Proyecto de Diversidad\",\"description\":\"\",\"potentialAction\":[{\"@type\":\"SearchAction\",\"target\":{\"@type\":\"EntryPoint\",\"urlTemplate\":\"https:\\\/\\\/cie.uprrp.edu\\\/diversity\\\/?s={search_term_string}\"},\"query-input\":{\"@type\":\"PropertyValueSpecification\",\"valueRequired\":true,\"valueName\":\"search_term_string\"}}],\"inLanguage\":\"es\"}]}<\/script>\n<!-- \/ Yoast SEO plugin. -->","yoast_head_json":{"title":"CONT\u00c1CTANOS - Proyecto de Diversidad","robots":{"index":"index","follow":"follow","max-snippet":"max-snippet:-1","max-image-preview":"max-image-preview:large","max-video-preview":"max-video-preview:-1"},"canonical":"https:\/\/cie.uprrp.edu\/diversity\/contactanos\/","og_locale":"es_ES","og_type":"article","og_title":"CONT\u00c1CTANOS - Proyecto de Diversidad","og_description":"Si estas interesado en obtener m\u00e1s informaci\u00f3n acerca del proyecto de Diversidad puedes comunicarte a la siguiente direcci\u00f3n: Autor principal: Edwin Vega-MIl\u00e1n, Ed.D. Direcci\u00f3n Postal: Universidad de Puerto Rico Recinto de R\u00edo Piedras Facultad de Educaci\u00f3n PO Box 23304 San Leer m\u00e1s...","og_url":"https:\/\/cie.uprrp.edu\/diversity\/contactanos\/","og_site_name":"Proyecto de Diversidad","article_modified_time":"2018-01-24T15:43:33+00:00","twitter_card":"summary_large_image","schema":{"@context":"https:\/\/schema.org","@graph":[{"@type":"WebPage","@id":"https:\/\/cie.uprrp.edu\/diversity\/contactanos\/","url":"https:\/\/cie.uprrp.edu\/diversity\/contactanos\/","name":"CONT\u00c1CTANOS - Proyecto de Diversidad","isPartOf":{"@id":"https:\/\/cie.uprrp.edu\/diversity\/#website"},"datePublished":"2017-12-28T17:42:35+00:00","dateModified":"2018-01-24T15:43:33+00:00","breadcrumb":{"@id":"https:\/\/cie.uprrp.edu\/diversity\/contactanos\/#breadcrumb"},"inLanguage":"es","potentialAction":[{"@type":"ReadAction","target":["https:\/\/cie.uprrp.edu\/diversity\/contactanos\/"]}]},{"@type":"BreadcrumbList","@id":"https:\/\/cie.uprrp.edu\/diversity\/contactanos\/#breadcrumb","itemListElement":[{"@type":"ListItem","position":1,"name":"Home","item":"https:\/\/cie.uprrp.edu\/diversity\/"},{"@type":"ListItem","position":2,"name":"CONT\u00c1CTANOS"}]},{"@type":"WebSite","@id":"https:\/\/cie.uprrp.edu\/diversity\/#website","url":"https:\/\/cie.uprrp.edu\/diversity\/","name":"Proyecto de Diversidad","description":"","potentialAction":[{"@type":"SearchAction","target":{"@type":"EntryPoint","urlTemplate":"https:\/\/cie.uprrp.edu\/diversity\/?s={search_term_string}"},"query-input":{"@type":"PropertyValueSpecification","valueRequired":true,"valueName":"search_term_string"}}],"inLanguage":"es"}]}},"_links":{"self":[{"href":"https:\/\/cie.uprrp.edu\/diversity\/wp-json\/wp\/v2\/pages\/39","targetHints":{"allow":["GET"]}}],"collection":[{"href":"https:\/\/cie.uprrp.edu\/diversity\/wp-json\/wp\/v2\/pages"}],"about":[{"href":"https:\/\/cie.uprrp.edu\/diversity\/wp-json\/wp\/v2\/types\/page"}],"author":[{"embeddable":true,"href":"https:\/\/cie.uprrp.edu\/diversity\/wp-json\/wp\/v2\/users\/13"}],"replies":[{"embeddable":true,"href":"https:\/\/cie.uprrp.edu\/diversity\/wp-json\/wp\/v2\/comments?post=39"}],"version-history":[{"count":8,"href":"https:\/\/cie.uprrp.edu\/diversity\/wp-json\/wp\/v2\/pages\/39\/revisions"}],"predecessor-version":[{"id":146,"href":"https:\/\/cie.uprrp.edu\/diversity\/wp-json\/wp\/v2\/pages\/39\/revisions\/146"}],"wp:attachment":[{"href":"https:\/\/cie.uprrp.edu\/diversity\/wp-json\/wp\/v2\/media?parent=39"}],"curies":[{"name":"wp","href":"https:\/\/api.w.org\/{rel}","templated":true}]}}