{"id":16796,"date":"2022-11-16T15:09:26","date_gmt":"2022-11-16T19:09:26","guid":{"rendered":"https:\/\/cie.uprrp.edu\/elicit-math\/?page_id=16796"},"modified":"2022-12-06T14:39:14","modified_gmt":"2022-12-06T18:39:14","slug":"publicaciones","status":"publish","type":"page","link":"https:\/\/cie.uprrp.edu\/elicit-math\/publicaciones\/","title":{"rendered":"Publicaciones"},"content":{"rendered":"<p id=\"h.oam3oxgvd8cv_l\" dir=\"ltr\" tabindex=\"-1\">Gonz\u00e1lez, G., Villafa\u00f1e-Cepeda, W., &amp; Hern\u00e1ndez-Rodr\u00edguez, O. (2021). Leveraging prospective teachers\u2019 knowledge through their participation in Lesson Study. <em>Journal of Mathematics Teacher Education. <\/em><a href=\"https:\/\/www.google.com\/url?q=https%3A%2F%2Fdoi.org%2F10.1007%2Fs10857-021-09521-4&amp;sa=D&amp;sntz=1&amp;usg=AOvVaw1r8-0V9M5YS3s6WtAalU5h\" target=\"_blank\" rel=\"noopener\">https:\/\/doi.org\/10.1007\/s10857-021-09521-4<\/a><\/p>\n<p><a href=\"https:\/\/doi.org\/10.1007\/s10857-021-09521-4\"><br \/>\n<img loading=\"lazy\" decoding=\"async\" src=\"https:\/\/cie.uprrp.edu\/elicit-math\/wp-content\/uploads\/sites\/13\/2022\/12\/Gonz-lez_et_al-2021-Journal_of_Mathematics_Teacher_Education-1-675x1024.png\" sizes=\"auto, (max-width: 640px) 100vw, 640px\" srcset=\"https:\/\/cie.uprrp.edu\/elicit-math\/wp-content\/uploads\/sites\/13\/2022\/12\/Gonz-lez_et_al-2021-Journal_of_Mathematics_Teacher_Education-1-675x1024.png 675w, https:\/\/cie.uprrp.edu\/elicit-math\/wp-content\/uploads\/sites\/13\/2022\/12\/Gonz-lez_et_al-2021-Journal_of_Mathematics_Teacher_Education-1-198x300.png 198w, https:\/\/cie.uprrp.edu\/elicit-math\/wp-content\/uploads\/sites\/13\/2022\/12\/Gonz-lez_et_al-2021-Journal_of_Mathematics_Teacher_Education-1-768x1165.png 768w, https:\/\/cie.uprrp.edu\/elicit-math\/wp-content\/uploads\/sites\/13\/2022\/12\/Gonz-lez_et_al-2021-Journal_of_Mathematics_Teacher_Education-1.png 916w\" alt=\"Primera p\u00e1gina de un art\u00edculo\" width=\"640\" height=\"971\" \/> <\/a><\/p>\n<p id=\"h.khehjh56aeka_l\" dir=\"ltr\" tabindex=\"-1\">Hern\u00e1ndez-Rodr\u00edguez, O., Gonz\u00e1lez, G., &amp; Villafa\u00f1e-Cepeda, W. (2021). Planning a research lesson online: Pre service teachers\u2019 documentation work. <em>International Journal for Lesson and Learning Studies, 10<\/em>(2), 168-186. <a href=\"https:\/\/www.google.com\/url?q=https%3A%2F%2Fdoi.org%2F10.1108%2FIJLLS-09-2020-0068&amp;sa=D&amp;sntz=1&amp;usg=AOvVaw3HZ6l7jKEicsrUzp6IH-89\" target=\"_blank\" rel=\"noopener\">https:\/\/doi.org\/10.1108\/IJLLS-09-2020-0068<\/a><\/p>\n<p><a href=\"https:\/\/doi.org\/10.1108\/IJLLS-09-2020-0068\"><br \/>\n<img loading=\"lazy\" decoding=\"async\" src=\"https:\/\/cie.uprrp.edu\/elicit-math\/wp-content\/uploads\/sites\/13\/2022\/12\/10-1108_IJLLS-09-2020-0068-1-742x1024.png\" sizes=\"auto, (max-width: 640px) 100vw, 640px\" srcset=\"https:\/\/cie.uprrp.edu\/elicit-math\/wp-content\/uploads\/sites\/13\/2022\/12\/10-1108_IJLLS-09-2020-0068-1-742x1024.png 742w, https:\/\/cie.uprrp.edu\/elicit-math\/wp-content\/uploads\/sites\/13\/2022\/12\/10-1108_IJLLS-09-2020-0068-1-217x300.png 217w, https:\/\/cie.uprrp.edu\/elicit-math\/wp-content\/uploads\/sites\/13\/2022\/12\/10-1108_IJLLS-09-2020-0068-1-768x1059.png 768w, https:\/\/cie.uprrp.edu\/elicit-math\/wp-content\/uploads\/sites\/13\/2022\/12\/10-1108_IJLLS-09-2020-0068-1.png 1028w\" alt=\"\" width=\"640\" height=\"883\" \/> <\/a><\/p>\n","protected":false},"excerpt":{"rendered":"<p>Gonz\u00e1lez, G., Villafa\u00f1e-Cepeda, W., &amp; Hern\u00e1ndez-Rodr\u00edguez, O. (2021). Leveraging prospective teachers\u2019 knowledge through their participation in Lesson Study. Journal of Mathematics Teacher Education. https:\/\/doi.org\/10.1007\/s10857-021-09521-4 Hern\u00e1ndez-Rodr\u00edguez, O., Gonz\u00e1lez, G., &amp; Villafa\u00f1e-Cepeda, W. (2021). Planning a research lesson online: Pre service teachers\u2019 &hellip; <\/p>\n","protected":false},"author":10,"featured_media":0,"parent":0,"menu_order":0,"comment_status":"closed","ping_status":"closed","template":"","meta":{"footnotes":""},"class_list":["post-16796","page","type-page","status-publish","hentry"],"yoast_head":"<!-- This site is optimized with the Yoast SEO plugin v27.2 - https:\/\/yoast.com\/product\/yoast-seo-wordpress\/ -->\n<title>Publicaciones - ELICIT-Math<\/title>\n<meta name=\"robots\" content=\"index, follow, max-snippet:-1, max-image-preview:large, max-video-preview:-1\" \/>\n<link rel=\"canonical\" href=\"https:\/\/cie.uprrp.edu\/elicit-math\/publicaciones\/\" \/>\n<meta property=\"og:locale\" content=\"en_US\" \/>\n<meta property=\"og:type\" content=\"article\" \/>\n<meta property=\"og:title\" content=\"Publicaciones - ELICIT-Math\" \/>\n<meta property=\"og:description\" content=\"Gonz\u00e1lez, G., Villafa\u00f1e-Cepeda, W., &amp; Hern\u00e1ndez-Rodr\u00edguez, O. (2021). Leveraging prospective teachers\u2019 knowledge through their participation in Lesson Study. Journal of Mathematics Teacher Education. https:\/\/doi.org\/10.1007\/s10857-021-09521-4 Hern\u00e1ndez-Rodr\u00edguez, O., Gonz\u00e1lez, G., &amp; Villafa\u00f1e-Cepeda, W. (2021). Planning a research lesson online: Pre service teachers\u2019 &hellip;\" \/>\n<meta property=\"og:url\" content=\"https:\/\/cie.uprrp.edu\/elicit-math\/publicaciones\/\" \/>\n<meta property=\"og:site_name\" content=\"ELICIT-Math\" \/>\n<meta property=\"article:modified_time\" content=\"2022-12-06T18:39:14+00:00\" \/>\n<meta property=\"og:image\" content=\"https:\/\/cie.uprrp.edu\/elicit-math\/wp-content\/uploads\/sites\/13\/2022\/12\/Gonz-lez_et_al-2021-Journal_of_Mathematics_Teacher_Education-1-675x1024.png\" \/>\n<meta name=\"twitter:card\" content=\"summary_large_image\" \/>\n<meta name=\"twitter:label1\" content=\"Est. reading time\" \/>\n\t<meta name=\"twitter:data1\" content=\"1 minute\" \/>\n<script type=\"application\/ld+json\" class=\"yoast-schema-graph\">{\"@context\":\"https:\/\/schema.org\",\"@graph\":[{\"@type\":\"WebPage\",\"@id\":\"https:\/\/cie.uprrp.edu\/elicit-math\/publicaciones\/\",\"url\":\"https:\/\/cie.uprrp.edu\/elicit-math\/publicaciones\/\",\"name\":\"Publicaciones - ELICIT-Math\",\"isPartOf\":{\"@id\":\"https:\/\/cie.uprrp.edu\/elicit-math\/#website\"},\"primaryImageOfPage\":{\"@id\":\"https:\/\/cie.uprrp.edu\/elicit-math\/publicaciones\/#primaryimage\"},\"image\":{\"@id\":\"https:\/\/cie.uprrp.edu\/elicit-math\/publicaciones\/#primaryimage\"},\"thumbnailUrl\":\"https:\/\/cie.uprrp.edu\/elicit-math\/wp-content\/uploads\/sites\/13\/2022\/12\/Gonz-lez_et_al-2021-Journal_of_Mathematics_Teacher_Education-1-675x1024.png\",\"datePublished\":\"2022-11-16T19:09:26+00:00\",\"dateModified\":\"2022-12-06T18:39:14+00:00\",\"breadcrumb\":{\"@id\":\"https:\/\/cie.uprrp.edu\/elicit-math\/publicaciones\/#breadcrumb\"},\"inLanguage\":\"en-US\",\"potentialAction\":[{\"@type\":\"ReadAction\",\"target\":[\"https:\/\/cie.uprrp.edu\/elicit-math\/publicaciones\/\"]}]},{\"@type\":\"ImageObject\",\"inLanguage\":\"en-US\",\"@id\":\"https:\/\/cie.uprrp.edu\/elicit-math\/publicaciones\/#primaryimage\",\"url\":\"https:\/\/cie.uprrp.edu\/elicit-math\/wp-content\/uploads\/sites\/13\/2022\/12\/Gonz-lez_et_al-2021-Journal_of_Mathematics_Teacher_Education-1.png\",\"contentUrl\":\"https:\/\/cie.uprrp.edu\/elicit-math\/wp-content\/uploads\/sites\/13\/2022\/12\/Gonz-lez_et_al-2021-Journal_of_Mathematics_Teacher_Education-1.png\",\"width\":916,\"height\":1389,\"caption\":\"Primera p\u00e1gina de un art\u00edculo\"},{\"@type\":\"BreadcrumbList\",\"@id\":\"https:\/\/cie.uprrp.edu\/elicit-math\/publicaciones\/#breadcrumb\",\"itemListElement\":[{\"@type\":\"ListItem\",\"position\":1,\"name\":\"Home\",\"item\":\"https:\/\/cie.uprrp.edu\/elicit-math\/\"},{\"@type\":\"ListItem\",\"position\":2,\"name\":\"Publicaciones\"}]},{\"@type\":\"WebSite\",\"@id\":\"https:\/\/cie.uprrp.edu\/elicit-math\/#website\",\"url\":\"https:\/\/cie.uprrp.edu\/elicit-math\/\",\"name\":\"ELICIT-Math\",\"description\":\"Developing Technological Pedagogical Content Knowledge of Pre-service Math Teachers\",\"potentialAction\":[{\"@type\":\"SearchAction\",\"target\":{\"@type\":\"EntryPoint\",\"urlTemplate\":\"https:\/\/cie.uprrp.edu\/elicit-math\/?s={search_term_string}\"},\"query-input\":{\"@type\":\"PropertyValueSpecification\",\"valueRequired\":true,\"valueName\":\"search_term_string\"}}],\"inLanguage\":\"en-US\"}]}<\/script>\n<!-- \/ Yoast SEO plugin. -->","yoast_head_json":{"title":"Publicaciones - ELICIT-Math","robots":{"index":"index","follow":"follow","max-snippet":"max-snippet:-1","max-image-preview":"max-image-preview:large","max-video-preview":"max-video-preview:-1"},"canonical":"https:\/\/cie.uprrp.edu\/elicit-math\/publicaciones\/","og_locale":"en_US","og_type":"article","og_title":"Publicaciones - ELICIT-Math","og_description":"Gonz\u00e1lez, G., Villafa\u00f1e-Cepeda, W., &amp; Hern\u00e1ndez-Rodr\u00edguez, O. (2021). Leveraging prospective teachers\u2019 knowledge through their participation in Lesson Study. Journal of Mathematics Teacher Education. https:\/\/doi.org\/10.1007\/s10857-021-09521-4 Hern\u00e1ndez-Rodr\u00edguez, O., Gonz\u00e1lez, G., &amp; Villafa\u00f1e-Cepeda, W. (2021). Planning a research lesson online: Pre service teachers\u2019 &hellip;","og_url":"https:\/\/cie.uprrp.edu\/elicit-math\/publicaciones\/","og_site_name":"ELICIT-Math","article_modified_time":"2022-12-06T18:39:14+00:00","og_image":[{"url":"https:\/\/cie.uprrp.edu\/elicit-math\/wp-content\/uploads\/sites\/13\/2022\/12\/Gonz-lez_et_al-2021-Journal_of_Mathematics_Teacher_Education-1-675x1024.png","type":"","width":"","height":""}],"twitter_card":"summary_large_image","twitter_misc":{"Est. reading time":"1 minute"},"schema":{"@context":"https:\/\/schema.org","@graph":[{"@type":"WebPage","@id":"https:\/\/cie.uprrp.edu\/elicit-math\/publicaciones\/","url":"https:\/\/cie.uprrp.edu\/elicit-math\/publicaciones\/","name":"Publicaciones - ELICIT-Math","isPartOf":{"@id":"https:\/\/cie.uprrp.edu\/elicit-math\/#website"},"primaryImageOfPage":{"@id":"https:\/\/cie.uprrp.edu\/elicit-math\/publicaciones\/#primaryimage"},"image":{"@id":"https:\/\/cie.uprrp.edu\/elicit-math\/publicaciones\/#primaryimage"},"thumbnailUrl":"https:\/\/cie.uprrp.edu\/elicit-math\/wp-content\/uploads\/sites\/13\/2022\/12\/Gonz-lez_et_al-2021-Journal_of_Mathematics_Teacher_Education-1-675x1024.png","datePublished":"2022-11-16T19:09:26+00:00","dateModified":"2022-12-06T18:39:14+00:00","breadcrumb":{"@id":"https:\/\/cie.uprrp.edu\/elicit-math\/publicaciones\/#breadcrumb"},"inLanguage":"en-US","potentialAction":[{"@type":"ReadAction","target":["https:\/\/cie.uprrp.edu\/elicit-math\/publicaciones\/"]}]},{"@type":"ImageObject","inLanguage":"en-US","@id":"https:\/\/cie.uprrp.edu\/elicit-math\/publicaciones\/#primaryimage","url":"https:\/\/cie.uprrp.edu\/elicit-math\/wp-content\/uploads\/sites\/13\/2022\/12\/Gonz-lez_et_al-2021-Journal_of_Mathematics_Teacher_Education-1.png","contentUrl":"https:\/\/cie.uprrp.edu\/elicit-math\/wp-content\/uploads\/sites\/13\/2022\/12\/Gonz-lez_et_al-2021-Journal_of_Mathematics_Teacher_Education-1.png","width":916,"height":1389,"caption":"Primera p\u00e1gina de un art\u00edculo"},{"@type":"BreadcrumbList","@id":"https:\/\/cie.uprrp.edu\/elicit-math\/publicaciones\/#breadcrumb","itemListElement":[{"@type":"ListItem","position":1,"name":"Home","item":"https:\/\/cie.uprrp.edu\/elicit-math\/"},{"@type":"ListItem","position":2,"name":"Publicaciones"}]},{"@type":"WebSite","@id":"https:\/\/cie.uprrp.edu\/elicit-math\/#website","url":"https:\/\/cie.uprrp.edu\/elicit-math\/","name":"ELICIT-Math","description":"Developing Technological Pedagogical Content Knowledge of Pre-service Math Teachers","potentialAction":[{"@type":"SearchAction","target":{"@type":"EntryPoint","urlTemplate":"https:\/\/cie.uprrp.edu\/elicit-math\/?s={search_term_string}"},"query-input":{"@type":"PropertyValueSpecification","valueRequired":true,"valueName":"search_term_string"}}],"inLanguage":"en-US"}]}},"_links":{"self":[{"href":"https:\/\/cie.uprrp.edu\/elicit-math\/wp-json\/wp\/v2\/pages\/16796","targetHints":{"allow":["GET"]}}],"collection":[{"href":"https:\/\/cie.uprrp.edu\/elicit-math\/wp-json\/wp\/v2\/pages"}],"about":[{"href":"https:\/\/cie.uprrp.edu\/elicit-math\/wp-json\/wp\/v2\/types\/page"}],"author":[{"embeddable":true,"href":"https:\/\/cie.uprrp.edu\/elicit-math\/wp-json\/wp\/v2\/users\/10"}],"replies":[{"embeddable":true,"href":"https:\/\/cie.uprrp.edu\/elicit-math\/wp-json\/wp\/v2\/comments?post=16796"}],"version-history":[{"count":14,"href":"https:\/\/cie.uprrp.edu\/elicit-math\/wp-json\/wp\/v2\/pages\/16796\/revisions"}],"predecessor-version":[{"id":16930,"href":"https:\/\/cie.uprrp.edu\/elicit-math\/wp-json\/wp\/v2\/pages\/16796\/revisions\/16930"}],"wp:attachment":[{"href":"https:\/\/cie.uprrp.edu\/elicit-math\/wp-json\/wp\/v2\/media?parent=16796"}],"curies":[{"name":"wp","href":"https:\/\/api.w.org\/{rel}","templated":true}]}}