{"id":16798,"date":"2022-11-16T15:09:47","date_gmt":"2022-11-16T19:09:47","guid":{"rendered":"https:\/\/cie.uprrp.edu\/elicit-math\/?page_id=16798"},"modified":"2022-12-07T11:09:12","modified_gmt":"2022-12-07T15:09:12","slug":"otros-trabajos","status":"publish","type":"page","link":"https:\/\/cie.uprrp.edu\/elicit-math\/otros-trabajos\/","title":{"rendered":"Otros trabajos"},"content":{"rendered":"<div class=\"oKdM2c ZZyype Kzv0Me\">\n<div id=\"h.6ee4adbdc7da97a0_165\" class=\"hJDwNd-AhqUyc-uQSCkd Ft7HRd-AhqUyc-uQSCkd jXK9ad D2fZ2 zu5uec OjCsFc dmUFtb JYTMs\">\n<div class=\"jXK9ad-SmKAyb\">\n<div class=\"tyJCtd mGzaTb Depvyb baZpAe\">\n<h2 class=\"CjVfdc\"><span class=\" jgG6ef\">Representaci\u00f3n de la Pr\u00e1ctica con el uso de Animaciones<\/span><\/h2>\n<\/div>\n<\/div>\n<\/div>\n<\/div>\n<div class=\"oKdM2c ZZyype\">\n<div id=\"h.6ee4adbdc7da97a0_197\" class=\"hJDwNd-AhqUyc-uQSCkd Ft7HRd-AhqUyc-uQSCkd jXK9ad D2fZ2 zu5uec wHaque g5GTcb JYTMs\">\n<div class=\"jXK9ad-SmKAyb\">\n<div class=\"tyJCtd mGzaTb Depvyb baZpAe\">\n<p class=\"CDt4Ke zfr3Q\" dir=\"ltr\">Ilustramos una instancia de representaci\u00f3n de la pr\u00e1ctica seg\u00fan definido por Grossman et al. (2009). En un curso de metodolog\u00eda de la ense\u00f1anza de las matem\u00e1ticas, los futuros maestros pueden ver y analizar la situaci\u00f3n que se presenta sobre desigualdades lineales con dos variables. Se espera que despu\u00e9s de una discusi\u00f3n, puedan llegar a conclusiones con respecto a la importancia del dominio del contenido matem\u00e1tico y sus diferentes representaciones. De igual forma se puede focalizar sobre la importancia del uso de la tecnolog\u00eda para iniciar discusiones, administrar las respuestas de los estudiantes y promover el uso adecuado del lenguaje matem\u00e1tico.<\/p>\n<p dir=\"ltr\" style=\"text-align: center;\"><div style=\"width: 480px;\" class=\"wp-video\"><video class=\"wp-video-shortcode\" id=\"video-16798-1\" width=\"480\" height=\"480\" preload=\"metadata\" controls=\"controls\"><source type=\"video\/mp4\" src=\"https:\/\/cie.uprrp.edu\/elicit-math\/wp-content\/uploads\/sites\/13\/2022\/12\/overlay_final.mp4?_=1\" \/><a href=\"https:\/\/cie.uprrp.edu\/elicit-math\/wp-content\/uploads\/sites\/13\/2022\/12\/overlay_final.mp4\">https:\/\/cie.uprrp.edu\/elicit-math\/wp-content\/uploads\/sites\/13\/2022\/12\/overlay_final.mp4<\/a><\/video><\/div>\n<hr \/>\n<\/div>\n<div class=\"oKdM2c ZZyype Kzv0Me\">\n<div id=\"h.6ee4adbdc7da97a0_182\" class=\"hJDwNd-AhqUyc-uQSCkd Ft7HRd-AhqUyc-uQSCkd jXK9ad D2fZ2 zu5uec OjCsFc dmUFtb JYTMs\">\n<div class=\"jXK9ad-SmKAyb\">\n<div class=\"tyJCtd mGzaTb Depvyb baZpAe\">\n<h2 class=\"CjVfdc\"><span class=\" jgG6ef\">NSF STEM DIVE (Diversity and Inclusion Video Exhibition) Challenge<\/span><\/h2>\n<\/div>\n<\/div>\n<\/div>\n<\/div>\n<div class=\"oKdM2c ZZyype\">\n<div id=\"h.6ee4adbdc7da97a0_183\" class=\"hJDwNd-AhqUyc-uQSCkd Ft7HRd-AhqUyc-uQSCkd jXK9ad D2fZ2 zu5uec wHaque g5GTcb JYTMs\">\n<div class=\"jXK9ad-SmKAyb\">\n<div class=\"tyJCtd mGzaTb Depvyb baZpAe\">\n<p class=\"CDt4Ke zfr3Q\" dir=\"ltr\">Describimos una innovaci\u00f3n para mejorar un curso de m\u00e9todos matem\u00e1ticos tempranos. Los maestros en formaci\u00f3n bajo la direcci\u00f3n de un maestro colaborador colaboran en la planificaci\u00f3n de una lecci\u00f3n basada en tecnolog\u00eda, aplicando los principios aprendidos en el curso de m\u00e9todos.<\/p>\n<p dir=\"ltr\" style=\"text-align: center;\"><iframe loading=\"lazy\" title=\"YouTube video player\" src=\"\/\/www.youtube.com\/embed\/cVVjD-MDP5g\" width=\"560\" height=\"315\" frameborder=\"0\" allowfullscreen=\"allowfullscreen\"><\/iframe><\/p>\n<hr \/>\n<\/div>\n<section id=\"h.5b6b411885cb46ea_13\" class=\"yaqOZd\">\n<div class=\"mYVXT\">\n<div class=\"LS81yb VICjCf j5pSsc db35Fc\">\n<div class=\"hJDwNd-AhqUyc-uQSCkd Ft7HRd-AhqUyc-uQSCkd purZT-AhqUyc-II5mzb ZcASvf-AhqUyc-II5mzb pSzOP-AhqUyc-qWD73c Ktthjf-AhqUyc-qWD73c JNdkSc SQVYQc yYI8W HQwdzb\">\n<div class=\"JNdkSc-SmKAyb LkDMRd\">\n<div class=\"\">\n<div class=\"oKdM2c ZZyype Kzv0Me\">\n<div id=\"h.5b6b411885cb46ea_7\" class=\"hJDwNd-AhqUyc-uQSCkd Ft7HRd-AhqUyc-uQSCkd jXK9ad D2fZ2 zu5uec OjCsFc dmUFtb JYTMs\">\n<div class=\"jXK9ad-SmKAyb\">\n<div class=\"tyJCtd mGzaTb Depvyb baZpAe\">\n<h2 class=\"CjVfdc\"><span class=\" jgG6ef\">Pedagogical moves for using interactive technology to teach mathematics<\/span><\/h2>\n<\/div>\n<\/div>\n<\/div>\n<\/div>\n<div class=\"oKdM2c ZZyype\">\n<div id=\"h.351177c521198f64_11\" class=\"hJDwNd-AhqUyc-uQSCkd Ft7HRd-AhqUyc-uQSCkd jXK9ad D2fZ2 zu5uec wHaque g5GTcb JYTMs\">\n<div class=\"jXK9ad-SmKAyb\">\n<div class=\"tyJCtd mGzaTb Depvyb baZpAe\">\n<p class=\"CDt4Ke zfr3Q\" dir=\"ltr\">Dise\u00f1amos una tabla con las acciones pedag\u00f3gicas necesarias para utilizar la tecnolog\u00eda interactiva, espec\u00edficamente\u00a0<em>Desmos<\/em>, para la ense\u00f1anza de las matem\u00e1ticas a nivel secundario.<\/p>\n<p dir=\"ltr\" style=\"text-align: center;\"><a href=\"https:\/\/cie.uprrp.edu\/elicit-math\/wp-content\/uploads\/sites\/13\/2022\/12\/Pedagogical_moves.pdf\" class=\"pdfemb-viewer\" style=\"\" data-width=\"max\" data-height=\"max\" data-toolbar=\"bottom\" data-toolbar-fixed=\"off\">Pedagogical_moves<\/a>\n<\/div>\n<\/div>\n<\/div>\n<\/div>\n<\/div>\n<\/div>\n<\/div>\n<\/div>\n<\/div>\n<\/section>\n<section id=\"h.1f1cb5bced6eaa92_3\" class=\"yaqOZd\">\n<div class=\"mYVXT\">\n<div class=\"LS81yb VICjCf j5pSsc db35Fc\">\n<div class=\"hJDwNd-AhqUyc-ibL1re Ft7HRd-AhqUyc-ibL1re JNdkSc SQVYQc L6cTce-purZT L6cTce-pSzOP\">\n<div class=\"JNdkSc-SmKAyb LkDMRd\">\n<div class=\"\">\n<hr \/>\n<\/div>\n<\/div>\n<\/div>\n<div class=\"hJDwNd-AhqUyc-OiUrBf Ft7HRd-AhqUyc-OiUrBf purZT-AhqUyc-II5mzb ZcASvf-AhqUyc-II5mzb pSzOP-AhqUyc-qWD73c Ktthjf-AhqUyc-qWD73c JNdkSc SQVYQc\">\n<div class=\"JNdkSc-SmKAyb LkDMRd\">\n<div class=\"\">\n<div class=\"oKdM2c ZZyype Kzv0Me\">\n<div id=\"h.1f1cb5bced6eaa92_0\" class=\"hJDwNd-AhqUyc-OiUrBf Ft7HRd-AhqUyc-OiUrBf jXK9ad D2fZ2 zu5uec OjCsFc dmUFtb wHaque g5GTcb\">\n<div class=\"jXK9ad-SmKAyb\">\n<div class=\"tyJCtd OWlOyc baZpAe\">\n<div>\n<div class=\"WIdY2d M1aSXe\" data-embed-doc-id=\"1FwMW4OOvcX2WImZ7T079AnTeZyt4Up5l\" data-embed-open-url=\"https:\/\/drive.google.com\/open?id=1FwMW4OOvcX2WImZ7T079AnTeZyt4Up5l\" data-embed-thumbnail-url=\"https:\/\/drive.google.com\/thumbnail?id=1FwMW4OOvcX2WImZ7T079AnTeZyt4Up5l&amp;sz=w967-h692-p-k-nu\" data-embed-download-url=\"https:\/\/drive.google.com\/uc?id=1FwMW4OOvcX2WImZ7T079AnTeZyt4Up5l&amp;export=download\">\n<div class=\"oKdM2c ZZyype Kzv0Me\">\n<div id=\"h.351177c521198f64_7\" class=\"hJDwNd-AhqUyc-uQSCkd Ft7HRd-AhqUyc-uQSCkd jXK9ad D2fZ2 zu5uec OjCsFc dmUFtb JYTMs\">\n<div class=\"jXK9ad-SmKAyb\">\n<div class=\"tyJCtd mGzaTb Depvyb baZpAe\">\n<h2 class=\"CjVfdc\"><span class=\" jgG6ef\"><strong>Bureau of Educational Research<\/strong><\/span><\/h2>\n<\/div>\n<\/div>\n<\/div>\n<\/div>\n<div class=\"oKdM2c ZZyype\">\n<div id=\"h.5b6b411885cb46ea_9\" class=\"hJDwNd-AhqUyc-uQSCkd Ft7HRd-AhqUyc-uQSCkd jXK9ad D2fZ2 zu5uec wHaque g5GTcb JYTMs\">\n<div class=\"jXK9ad-SmKAyb\">\n<div class=\"tyJCtd mGzaTb Depvyb baZpAe\">\n<p class=\"CDt4Ke zfr3Q\" dir=\"ltr\">Ilustramos una instancia de representaci\u00f3n de la pr\u00e1ctica seg\u00fan definido por Grossman et al. (2009). En un curso de metodolog\u00eda de la ense\u00f1anza de las matem\u00e1ticas, los futuros maestros pueden ver y analizar la situaci\u00f3n que se presenta sobre desigualdades lineales con dos variables. Se espera que despu\u00e9s de una discusi\u00f3n, puedan llegar a conclusiones con respecto a la importancia del dominio del contenido matem\u00e1tico y sus diferentes representaciones. De igual forma se puede focalizar sobre la importancia del uso de la tecnolog\u00eda para iniciar discusiones, administrar las respuestas de los estudiantes y promover el uso adecuado del lenguaje matem\u00e1tico.<\/p>\n<p dir=\"ltr\" style=\"text-align: center;\"><a href=\"https:\/\/cie.uprrp.edu\/elicit-math\/wp-content\/uploads\/sites\/13\/2022\/12\/BER-ELICIT-092719b.pdf\" class=\"pdfemb-viewer\" style=\"\" data-width=\"max\" data-height=\"max\" data-toolbar=\"bottom\" data-toolbar-fixed=\"off\">BER-ELICIT-092719b<\/a>\n<figure id=\"attachment_16905\" aria-describedby=\"caption-attachment-16905\" style=\"width: 700px\" class=\"wp-caption aligncenter\"><a href=\"https:\/\/cie.uprrp.edu\/elicit-math\/wp-content\/uploads\/sites\/13\/2022\/12\/gloriana.jpg\"><img loading=\"lazy\" decoding=\"async\" class=\"wp-image-16905\" src=\"https:\/\/cie.uprrp.edu\/elicit-math\/wp-content\/uploads\/sites\/13\/2022\/12\/gloriana-1024x843.jpg\" alt=\"Presentaci\u00f3n Universidad de Illinois\" width=\"700\" height=\"576\" srcset=\"https:\/\/cie.uprrp.edu\/elicit-math\/wp-content\/uploads\/sites\/13\/2022\/12\/gloriana-1024x843.jpg 1024w, https:\/\/cie.uprrp.edu\/elicit-math\/wp-content\/uploads\/sites\/13\/2022\/12\/gloriana-300x247.jpg 300w, https:\/\/cie.uprrp.edu\/elicit-math\/wp-content\/uploads\/sites\/13\/2022\/12\/gloriana-768x632.jpg 768w, https:\/\/cie.uprrp.edu\/elicit-math\/wp-content\/uploads\/sites\/13\/2022\/12\/gloriana.jpg 1280w\" sizes=\"auto, (max-width: 700px) 100vw, 700px\" \/><\/a><figcaption id=\"caption-attachment-16905\" class=\"wp-caption-text\">Presentaci\u00f3n Universidad de Illinois<\/figcaption><\/figure>\n<\/div>\n<\/div>\n<\/div>\n<\/div>\n<\/div>\n<\/div>\n<\/div>\n<\/div>\n<\/div>\n<\/div>\n<\/div>\n<\/div>\n<\/div>\n<\/div>\n<\/div>\n<\/section>\n<\/div>\n<\/div>\n<\/div>\n<\/div>\n<\/div>\n<\/div>\n","protected":false},"excerpt":{"rendered":"<p>Representaci\u00f3n de la Pr\u00e1ctica con el uso de Animaciones Ilustramos una instancia de representaci\u00f3n de la pr\u00e1ctica seg\u00fan definido por Grossman et al. (2009). En un curso de metodolog\u00eda de la ense\u00f1anza de las matem\u00e1ticas, los futuros maestros pueden ver &hellip; <\/p>\n","protected":false},"author":10,"featured_media":0,"parent":0,"menu_order":0,"comment_status":"closed","ping_status":"closed","template":"","meta":{"footnotes":""},"class_list":["post-16798","page","type-page","status-publish","hentry"],"yoast_head":"<!-- This site is optimized with the Yoast SEO plugin v27.3 - https:\/\/yoast.com\/product\/yoast-seo-wordpress\/ -->\n<title>Otros trabajos - ELICIT-Math<\/title>\n<meta name=\"robots\" content=\"index, follow, max-snippet:-1, max-image-preview:large, max-video-preview:-1\" \/>\n<link rel=\"canonical\" href=\"https:\/\/cie.uprrp.edu\/elicit-math\/otros-trabajos\/\" \/>\n<meta property=\"og:locale\" content=\"en_US\" \/>\n<meta property=\"og:type\" content=\"article\" \/>\n<meta property=\"og:title\" content=\"Otros trabajos - ELICIT-Math\" \/>\n<meta property=\"og:description\" content=\"Representaci\u00f3n de la Pr\u00e1ctica con el uso de Animaciones Ilustramos una instancia de representaci\u00f3n de la pr\u00e1ctica seg\u00fan definido por Grossman et al. (2009). En un curso de metodolog\u00eda de la ense\u00f1anza de las matem\u00e1ticas, los futuros maestros pueden ver &hellip;\" \/>\n<meta property=\"og:url\" content=\"https:\/\/cie.uprrp.edu\/elicit-math\/otros-trabajos\/\" \/>\n<meta property=\"og:site_name\" content=\"ELICIT-Math\" \/>\n<meta property=\"article:modified_time\" content=\"2022-12-07T15:09:12+00:00\" \/>\n<meta property=\"og:image\" content=\"https:\/\/cie.uprrp.edu\/elicit-math\/wp-content\/uploads\/sites\/13\/2022\/12\/gloriana-1024x843.jpg\" \/>\n<meta name=\"twitter:card\" content=\"summary_large_image\" \/>\n<meta name=\"twitter:label1\" content=\"Est. reading time\" \/>\n\t<meta name=\"twitter:data1\" content=\"2 minutes\" \/>\n<script type=\"application\/ld+json\" class=\"yoast-schema-graph\">{\"@context\":\"https:\\\/\\\/schema.org\",\"@graph\":[{\"@type\":\"WebPage\",\"@id\":\"https:\\\/\\\/cie.uprrp.edu\\\/elicit-math\\\/otros-trabajos\\\/\",\"url\":\"https:\\\/\\\/cie.uprrp.edu\\\/elicit-math\\\/otros-trabajos\\\/\",\"name\":\"Otros trabajos - ELICIT-Math\",\"isPartOf\":{\"@id\":\"https:\\\/\\\/cie.uprrp.edu\\\/elicit-math\\\/#website\"},\"primaryImageOfPage\":{\"@id\":\"https:\\\/\\\/cie.uprrp.edu\\\/elicit-math\\\/otros-trabajos\\\/#primaryimage\"},\"image\":{\"@id\":\"https:\\\/\\\/cie.uprrp.edu\\\/elicit-math\\\/otros-trabajos\\\/#primaryimage\"},\"thumbnailUrl\":\"https:\\\/\\\/cie.uprrp.edu\\\/elicit-math\\\/wp-content\\\/uploads\\\/sites\\\/13\\\/2022\\\/12\\\/gloriana-1024x843.jpg\",\"datePublished\":\"2022-11-16T19:09:47+00:00\",\"dateModified\":\"2022-12-07T15:09:12+00:00\",\"breadcrumb\":{\"@id\":\"https:\\\/\\\/cie.uprrp.edu\\\/elicit-math\\\/otros-trabajos\\\/#breadcrumb\"},\"inLanguage\":\"en-US\",\"potentialAction\":[{\"@type\":\"ReadAction\",\"target\":[\"https:\\\/\\\/cie.uprrp.edu\\\/elicit-math\\\/otros-trabajos\\\/\"]}]},{\"@type\":\"ImageObject\",\"inLanguage\":\"en-US\",\"@id\":\"https:\\\/\\\/cie.uprrp.edu\\\/elicit-math\\\/otros-trabajos\\\/#primaryimage\",\"url\":\"https:\\\/\\\/cie.uprrp.edu\\\/elicit-math\\\/wp-content\\\/uploads\\\/sites\\\/13\\\/2022\\\/12\\\/gloriana.jpg\",\"contentUrl\":\"https:\\\/\\\/cie.uprrp.edu\\\/elicit-math\\\/wp-content\\\/uploads\\\/sites\\\/13\\\/2022\\\/12\\\/gloriana.jpg\",\"width\":1280,\"height\":1054,\"caption\":\"Presentaci\u00f3n Universidad de Illinois\"},{\"@type\":\"BreadcrumbList\",\"@id\":\"https:\\\/\\\/cie.uprrp.edu\\\/elicit-math\\\/otros-trabajos\\\/#breadcrumb\",\"itemListElement\":[{\"@type\":\"ListItem\",\"position\":1,\"name\":\"Home\",\"item\":\"https:\\\/\\\/cie.uprrp.edu\\\/elicit-math\\\/\"},{\"@type\":\"ListItem\",\"position\":2,\"name\":\"Otros trabajos\"}]},{\"@type\":\"WebSite\",\"@id\":\"https:\\\/\\\/cie.uprrp.edu\\\/elicit-math\\\/#website\",\"url\":\"https:\\\/\\\/cie.uprrp.edu\\\/elicit-math\\\/\",\"name\":\"ELICIT-Math\",\"description\":\"Developing Technological Pedagogical Content Knowledge of Pre-service Math Teachers\",\"potentialAction\":[{\"@type\":\"SearchAction\",\"target\":{\"@type\":\"EntryPoint\",\"urlTemplate\":\"https:\\\/\\\/cie.uprrp.edu\\\/elicit-math\\\/?s={search_term_string}\"},\"query-input\":{\"@type\":\"PropertyValueSpecification\",\"valueRequired\":true,\"valueName\":\"search_term_string\"}}],\"inLanguage\":\"en-US\"}]}<\/script>\n<!-- \/ Yoast SEO plugin. -->","yoast_head_json":{"title":"Otros trabajos - ELICIT-Math","robots":{"index":"index","follow":"follow","max-snippet":"max-snippet:-1","max-image-preview":"max-image-preview:large","max-video-preview":"max-video-preview:-1"},"canonical":"https:\/\/cie.uprrp.edu\/elicit-math\/otros-trabajos\/","og_locale":"en_US","og_type":"article","og_title":"Otros trabajos - ELICIT-Math","og_description":"Representaci\u00f3n de la Pr\u00e1ctica con el uso de Animaciones Ilustramos una instancia de representaci\u00f3n de la pr\u00e1ctica seg\u00fan definido por Grossman et al. (2009). En un curso de metodolog\u00eda de la ense\u00f1anza de las matem\u00e1ticas, los futuros maestros pueden ver &hellip;","og_url":"https:\/\/cie.uprrp.edu\/elicit-math\/otros-trabajos\/","og_site_name":"ELICIT-Math","article_modified_time":"2022-12-07T15:09:12+00:00","og_image":[{"url":"https:\/\/cie.uprrp.edu\/elicit-math\/wp-content\/uploads\/sites\/13\/2022\/12\/gloriana-1024x843.jpg","type":"","width":"","height":""}],"twitter_card":"summary_large_image","twitter_misc":{"Est. reading time":"2 minutes"},"schema":{"@context":"https:\/\/schema.org","@graph":[{"@type":"WebPage","@id":"https:\/\/cie.uprrp.edu\/elicit-math\/otros-trabajos\/","url":"https:\/\/cie.uprrp.edu\/elicit-math\/otros-trabajos\/","name":"Otros trabajos - ELICIT-Math","isPartOf":{"@id":"https:\/\/cie.uprrp.edu\/elicit-math\/#website"},"primaryImageOfPage":{"@id":"https:\/\/cie.uprrp.edu\/elicit-math\/otros-trabajos\/#primaryimage"},"image":{"@id":"https:\/\/cie.uprrp.edu\/elicit-math\/otros-trabajos\/#primaryimage"},"thumbnailUrl":"https:\/\/cie.uprrp.edu\/elicit-math\/wp-content\/uploads\/sites\/13\/2022\/12\/gloriana-1024x843.jpg","datePublished":"2022-11-16T19:09:47+00:00","dateModified":"2022-12-07T15:09:12+00:00","breadcrumb":{"@id":"https:\/\/cie.uprrp.edu\/elicit-math\/otros-trabajos\/#breadcrumb"},"inLanguage":"en-US","potentialAction":[{"@type":"ReadAction","target":["https:\/\/cie.uprrp.edu\/elicit-math\/otros-trabajos\/"]}]},{"@type":"ImageObject","inLanguage":"en-US","@id":"https:\/\/cie.uprrp.edu\/elicit-math\/otros-trabajos\/#primaryimage","url":"https:\/\/cie.uprrp.edu\/elicit-math\/wp-content\/uploads\/sites\/13\/2022\/12\/gloriana.jpg","contentUrl":"https:\/\/cie.uprrp.edu\/elicit-math\/wp-content\/uploads\/sites\/13\/2022\/12\/gloriana.jpg","width":1280,"height":1054,"caption":"Presentaci\u00f3n Universidad de Illinois"},{"@type":"BreadcrumbList","@id":"https:\/\/cie.uprrp.edu\/elicit-math\/otros-trabajos\/#breadcrumb","itemListElement":[{"@type":"ListItem","position":1,"name":"Home","item":"https:\/\/cie.uprrp.edu\/elicit-math\/"},{"@type":"ListItem","position":2,"name":"Otros trabajos"}]},{"@type":"WebSite","@id":"https:\/\/cie.uprrp.edu\/elicit-math\/#website","url":"https:\/\/cie.uprrp.edu\/elicit-math\/","name":"ELICIT-Math","description":"Developing Technological Pedagogical Content Knowledge of Pre-service Math Teachers","potentialAction":[{"@type":"SearchAction","target":{"@type":"EntryPoint","urlTemplate":"https:\/\/cie.uprrp.edu\/elicit-math\/?s={search_term_string}"},"query-input":{"@type":"PropertyValueSpecification","valueRequired":true,"valueName":"search_term_string"}}],"inLanguage":"en-US"}]}},"_links":{"self":[{"href":"https:\/\/cie.uprrp.edu\/elicit-math\/wp-json\/wp\/v2\/pages\/16798","targetHints":{"allow":["GET"]}}],"collection":[{"href":"https:\/\/cie.uprrp.edu\/elicit-math\/wp-json\/wp\/v2\/pages"}],"about":[{"href":"https:\/\/cie.uprrp.edu\/elicit-math\/wp-json\/wp\/v2\/types\/page"}],"author":[{"embeddable":true,"href":"https:\/\/cie.uprrp.edu\/elicit-math\/wp-json\/wp\/v2\/users\/10"}],"replies":[{"embeddable":true,"href":"https:\/\/cie.uprrp.edu\/elicit-math\/wp-json\/wp\/v2\/comments?post=16798"}],"version-history":[{"count":9,"href":"https:\/\/cie.uprrp.edu\/elicit-math\/wp-json\/wp\/v2\/pages\/16798\/revisions"}],"predecessor-version":[{"id":17019,"href":"https:\/\/cie.uprrp.edu\/elicit-math\/wp-json\/wp\/v2\/pages\/16798\/revisions\/17019"}],"wp:attachment":[{"href":"https:\/\/cie.uprrp.edu\/elicit-math\/wp-json\/wp\/v2\/media?parent=16798"}],"curies":[{"name":"wp","href":"https:\/\/api.w.org\/{rel}","templated":true}]}}