{"id":16821,"date":"2022-11-16T15:28:58","date_gmt":"2022-11-16T19:28:58","guid":{"rendered":"https:\/\/cie.uprrp.edu\/elicit-math\/?page_id=16821"},"modified":"2022-12-06T15:00:43","modified_gmt":"2022-12-06T19:00:43","slug":"orquestacion-instrumental","status":"publish","type":"page","link":"https:\/\/cie.uprrp.edu\/elicit-math\/marco-teorico\/orquestacion-instrumental\/","title":{"rendered":"Orquestaci\u00f3n instrumental"},"content":{"rendered":"<p class=\"CDt4Ke zfr3Q\" dir=\"ltr\">La <em>orquestaci\u00f3n instrumental<\/em> es la organizaci\u00f3n intencional y sistem\u00e1tica que hace el maestro de los artefactos disponibles para guiar a los estudiantes en el ambiente de aprendizaje. El prop\u00f3sito es ayudar a los estudiantes en su g\u00e9nesis instrumental, esto es, en el proceso por el cual un artefacto se convierte en un instrumento de aprendizaje (Trouche, 2004). Inicialmente, Trouche (2004) identific\u00f3 que la orquestaci\u00f3n instrumental estaba constituida por la configuraci\u00f3n did\u00e1ctica y al modo explotaci\u00f3n. Posteriormente, Drijvers et al. (2010) incluyeron la puesta en escena did\u00e1ctica.<\/p>\n<p class=\"CDt4Ke zfr3Q\" dir=\"ltr\">La <em>configuraci\u00f3n did\u00e1ctica<\/em> se refiere a la selecci\u00f3n y arreglo de los artefactos en el contexto educativo en el que se da la actividad did\u00e1ctica ya sea el sal\u00f3n de clases, el patio de juegos o el lugar de la excursi\u00f3n. En una determinada actividad la maestra puede seleccionar el l\u00e1piz, la regla, el comp\u00e1s y el transportador para hacer una actividad sobre la construcci\u00f3n de \u00e1ngulos congruentes.<\/p>\n<p dir=\"ltr\"><a href=\"https:\/\/cie.uprrp.edu\/elicit-math\/wp-content\/uploads\/sites\/13\/2022\/12\/configuracion.png\"><img loading=\"lazy\" decoding=\"async\" class=\"alignright wp-image-16941 size-medium\" src=\"https:\/\/cie.uprrp.edu\/elicit-math\/wp-content\/uploads\/sites\/13\/2022\/12\/configuracion-300x273.png\" alt=\"Gr\u00e1fica: Modo de explotaci\u00f3n\" width=\"300\" height=\"273\" srcset=\"https:\/\/cie.uprrp.edu\/elicit-math\/wp-content\/uploads\/sites\/13\/2022\/12\/configuracion-300x273.png 300w, https:\/\/cie.uprrp.edu\/elicit-math\/wp-content\/uploads\/sites\/13\/2022\/12\/configuracion.png 764w\" sizes=\"auto, (max-width: 300px) 100vw, 300px\" \/><\/a>El <em>modo de explotaci\u00f3n<\/em> es la forma en que la maestra decide explotar la configuraci\u00f3n para el beneficio de sus intenciones did\u00e1cticas. Incluye decisiones sobre la forma en que se van a introducir las tareas, la forma en que se espera que las desarrolle el estudiante, el rol que jugar\u00e1n los artefactos, las t\u00e9cnicas que se van a utilizar y los esquemas que se pretende desarrollar. Estas decisiones deben ser parte de la preparaci\u00f3n de la clase, sin embargo, en la implementaci\u00f3n pueden suceder situaciones inesperadas y la maestra act\u00faa acorde a su conocimiento y experiencia para lograr los objetivos. Estos elementos son importantes y Drijvers et al. (2010) los denominan la puesta en escena did\u00e1ctica.<\/p>\n<p class=\"CDt4Ke zfr3Q\" dir=\"ltr\">La <em>puesta en escena did\u00e1ctica<\/em> se refiere a todo lo que sucede cuando se pone en acci\u00f3n lo planificado en la configuraci\u00f3n did\u00e1ctica y su modo de explotaci\u00f3n. Incluye, entre otras, las decisiones que toma la maestra ante situaciones inesperadas, las preguntas que formula para explorar el conocimiento de los estudiantes y la forma como administra las respuestas de los estudiantes (contestarlas inmediatamente, contra-preguntar, pedir a otro estudiante que responda, reservarlas para m\u00e1s adelante, notificar al estudiante que se van a contestar posteriormente o que debe seguir pensando en la posible respuesta).<\/p>\n<p class=\"CDt4Ke zfr3Q\" dir=\"ltr\">Implementar la orquestaci\u00f3n instrumental permite a los futuros maestros reflexionar sobre los artefactos que piensa utilizar, la forma en que los estudiantes aprenden a utilizarlos y la forma en que contribuyen para el aprendizaje de los contenidos matem\u00e1ticos.<\/p>\n<div class=\"oKdM2c ZZyype Kzv0Me\">\n<div id=\"h.14be10c2388f3ab_22\" class=\"hJDwNd-AhqUyc-uQSCkd Ft7HRd-AhqUyc-uQSCkd jXK9ad D2fZ2 zu5uec OjCsFc dmUFtb JYTMs\">\n<div class=\"jXK9ad-SmKAyb\">\n<div class=\"tyJCtd mGzaTb Depvyb baZpAe\">\n<h3 class=\"CjVfdc\">Referencias<\/h3>\n<\/div>\n<\/div>\n<\/div>\n<\/div>\n<div class=\"oKdM2c ZZyype\">\n<div id=\"h.14be10c2388f3ab_26\" class=\"hJDwNd-AhqUyc-uQSCkd Ft7HRd-AhqUyc-uQSCkd jXK9ad D2fZ2 zu5uec wHaque g5GTcb JYTMs\">\n<div class=\"jXK9ad-SmKAyb\">\n<div class=\"tyJCtd mGzaTb Depvyb baZpAe\">\n<p class=\"CDt4Ke zfr3Q\" dir=\"ltr\">Drijvers, P., Doorman, M., Boon, P., Reed, H., &amp; Gravemeijer, K. (2010). The teacher and the tool: Instrumental orchestrations in the technology-rich mathematics classroom. <em>Educational Studies in Mathematics<\/em>, <em>75<\/em>, 213\u2013234. <a class=\"XqQF9c rXJpyf\" href=\"https:\/\/www.google.com\/url?q=https%3A%2F%2Fdoi.org%2F10.1007%2Fs10649-010-9254-5&amp;sa=D&amp;sntz=1&amp;usg=AOvVaw01kv9NY1WSkFYZp0b5PX6y\" target=\"_blank\" rel=\"noopener\">https:\/\/doi.org\/10.1007\/s10649-010-9254-5<\/a><\/p>\n<p class=\"CDt4Ke zfr3Q\" dir=\"ltr\">Trouche, L. (2004). Managing complexity of human\/machine interactions in computerized learning environments: Guiding students\u2019 command process through instrumental orchestrations. <em>International Journal of Computers for Mathematical Learning<\/em>, <em>9<\/em>, 281\u2013307. <a class=\"XqQF9c rXJpyf\" href=\"https:\/\/www.google.com\/url?q=https%3A%2F%2Fnam02.safelinks.protection.outlook.com%2F%3Furl%3Dhttps%253A%252F%252Fdoi.org%252F10.1007%252Fs10758-004-3468-5%26data%3D04%257C01%257Cjuliette.moreno%2540upr.edu%257C9769b522ada84f0278ae08d9ae8d9da8%257C0dfa5dc0036f461599e494af822f2b84%257C0%257C0%257C637732745516505697%257CUnknown%257CTWFpbGZsb3d8eyJWIjoiMC4wLjAwMDAiLCJQIjoiV2luMzIiLCJBTiI6Ik1haWwiLCJXVCI6Mn0%253D%257C3000%26sdata%3DBpXa3q8jUrzXVC7Z0uOnb6e05DX8Q7c9vGimgyRnw0c%253D%26reserved%3D0&amp;sa=D&amp;sntz=1&amp;usg=AOvVaw2iyFIB7tLSHQWHrFquieE3\" target=\"_blank\" rel=\"noopener\">https:\/\/doi.org\/10.1007\/s10758-004-3468-5<\/a><\/p>\n<\/div>\n<\/div>\n<\/div>\n<\/div>\n","protected":false},"excerpt":{"rendered":"<p>La orquestaci\u00f3n instrumental es la organizaci\u00f3n intencional y sistem\u00e1tica que hace el maestro de los artefactos disponibles para guiar a los estudiantes en el ambiente de aprendizaje. El prop\u00f3sito es ayudar a los estudiantes en su g\u00e9nesis instrumental, esto es, &hellip; <\/p>\n","protected":false},"author":10,"featured_media":0,"parent":16792,"menu_order":3,"comment_status":"closed","ping_status":"closed","template":"","meta":{"footnotes":""},"class_list":["post-16821","page","type-page","status-publish","hentry"],"yoast_head":"<!-- This site is optimized with the Yoast SEO plugin v27.3 - https:\/\/yoast.com\/product\/yoast-seo-wordpress\/ -->\n<title>Orquestaci\u00f3n instrumental - ELICIT-Math<\/title>\n<meta name=\"robots\" content=\"index, follow, max-snippet:-1, max-image-preview:large, max-video-preview:-1\" \/>\n<link rel=\"canonical\" href=\"https:\/\/cie.uprrp.edu\/elicit-math\/marco-teorico\/orquestacion-instrumental\/\" \/>\n<meta property=\"og:locale\" content=\"en_US\" \/>\n<meta property=\"og:type\" content=\"article\" \/>\n<meta property=\"og:title\" content=\"Orquestaci\u00f3n instrumental - ELICIT-Math\" \/>\n<meta property=\"og:description\" content=\"La orquestaci\u00f3n instrumental es la organizaci\u00f3n intencional y sistem\u00e1tica que hace el maestro de los artefactos disponibles para guiar a los estudiantes en el ambiente de aprendizaje. El prop\u00f3sito es ayudar a los estudiantes en su g\u00e9nesis instrumental, esto es, &hellip;\" \/>\n<meta property=\"og:url\" content=\"https:\/\/cie.uprrp.edu\/elicit-math\/marco-teorico\/orquestacion-instrumental\/\" \/>\n<meta property=\"og:site_name\" content=\"ELICIT-Math\" \/>\n<meta property=\"article:modified_time\" content=\"2022-12-06T19:00:43+00:00\" \/>\n<meta property=\"og:image\" content=\"https:\/\/cie.uprrp.edu\/elicit-math\/wp-content\/uploads\/sites\/13\/2022\/12\/configuracion-300x273.png\" \/>\n<meta name=\"twitter:card\" content=\"summary_large_image\" \/>\n<meta name=\"twitter:label1\" content=\"Est. reading time\" \/>\n\t<meta name=\"twitter:data1\" content=\"3 minutes\" \/>\n<script type=\"application\/ld+json\" class=\"yoast-schema-graph\">{\"@context\":\"https:\\\/\\\/schema.org\",\"@graph\":[{\"@type\":\"WebPage\",\"@id\":\"https:\\\/\\\/cie.uprrp.edu\\\/elicit-math\\\/marco-teorico\\\/orquestacion-instrumental\\\/\",\"url\":\"https:\\\/\\\/cie.uprrp.edu\\\/elicit-math\\\/marco-teorico\\\/orquestacion-instrumental\\\/\",\"name\":\"Orquestaci\u00f3n instrumental - ELICIT-Math\",\"isPartOf\":{\"@id\":\"https:\\\/\\\/cie.uprrp.edu\\\/elicit-math\\\/#website\"},\"primaryImageOfPage\":{\"@id\":\"https:\\\/\\\/cie.uprrp.edu\\\/elicit-math\\\/marco-teorico\\\/orquestacion-instrumental\\\/#primaryimage\"},\"image\":{\"@id\":\"https:\\\/\\\/cie.uprrp.edu\\\/elicit-math\\\/marco-teorico\\\/orquestacion-instrumental\\\/#primaryimage\"},\"thumbnailUrl\":\"https:\\\/\\\/cie.uprrp.edu\\\/elicit-math\\\/wp-content\\\/uploads\\\/sites\\\/13\\\/2022\\\/12\\\/configuracion-300x273.png\",\"datePublished\":\"2022-11-16T19:28:58+00:00\",\"dateModified\":\"2022-12-06T19:00:43+00:00\",\"breadcrumb\":{\"@id\":\"https:\\\/\\\/cie.uprrp.edu\\\/elicit-math\\\/marco-teorico\\\/orquestacion-instrumental\\\/#breadcrumb\"},\"inLanguage\":\"en-US\",\"potentialAction\":[{\"@type\":\"ReadAction\",\"target\":[\"https:\\\/\\\/cie.uprrp.edu\\\/elicit-math\\\/marco-teorico\\\/orquestacion-instrumental\\\/\"]}]},{\"@type\":\"ImageObject\",\"inLanguage\":\"en-US\",\"@id\":\"https:\\\/\\\/cie.uprrp.edu\\\/elicit-math\\\/marco-teorico\\\/orquestacion-instrumental\\\/#primaryimage\",\"url\":\"https:\\\/\\\/cie.uprrp.edu\\\/elicit-math\\\/wp-content\\\/uploads\\\/sites\\\/13\\\/2022\\\/12\\\/configuracion.png\",\"contentUrl\":\"https:\\\/\\\/cie.uprrp.edu\\\/elicit-math\\\/wp-content\\\/uploads\\\/sites\\\/13\\\/2022\\\/12\\\/configuracion.png\",\"width\":764,\"height\":694,\"caption\":\"Gr\u00e1fica: Modo de explotaci\u00f3n\"},{\"@type\":\"BreadcrumbList\",\"@id\":\"https:\\\/\\\/cie.uprrp.edu\\\/elicit-math\\\/marco-teorico\\\/orquestacion-instrumental\\\/#breadcrumb\",\"itemListElement\":[{\"@type\":\"ListItem\",\"position\":1,\"name\":\"Home\",\"item\":\"https:\\\/\\\/cie.uprrp.edu\\\/elicit-math\\\/\"},{\"@type\":\"ListItem\",\"position\":2,\"name\":\"Marco te\u00f3rico\",\"item\":\"https:\\\/\\\/cie.uprrp.edu\\\/elicit-math\\\/marco-teorico\\\/\"},{\"@type\":\"ListItem\",\"position\":3,\"name\":\"Orquestaci\u00f3n instrumental\"}]},{\"@type\":\"WebSite\",\"@id\":\"https:\\\/\\\/cie.uprrp.edu\\\/elicit-math\\\/#website\",\"url\":\"https:\\\/\\\/cie.uprrp.edu\\\/elicit-math\\\/\",\"name\":\"ELICIT-Math\",\"description\":\"Developing Technological Pedagogical Content Knowledge of Pre-service Math Teachers\",\"potentialAction\":[{\"@type\":\"SearchAction\",\"target\":{\"@type\":\"EntryPoint\",\"urlTemplate\":\"https:\\\/\\\/cie.uprrp.edu\\\/elicit-math\\\/?s={search_term_string}\"},\"query-input\":{\"@type\":\"PropertyValueSpecification\",\"valueRequired\":true,\"valueName\":\"search_term_string\"}}],\"inLanguage\":\"en-US\"}]}<\/script>\n<!-- \/ Yoast SEO plugin. -->","yoast_head_json":{"title":"Orquestaci\u00f3n instrumental - ELICIT-Math","robots":{"index":"index","follow":"follow","max-snippet":"max-snippet:-1","max-image-preview":"max-image-preview:large","max-video-preview":"max-video-preview:-1"},"canonical":"https:\/\/cie.uprrp.edu\/elicit-math\/marco-teorico\/orquestacion-instrumental\/","og_locale":"en_US","og_type":"article","og_title":"Orquestaci\u00f3n instrumental - ELICIT-Math","og_description":"La orquestaci\u00f3n instrumental es la organizaci\u00f3n intencional y sistem\u00e1tica que hace el maestro de los artefactos disponibles para guiar a los estudiantes en el ambiente de aprendizaje. El prop\u00f3sito es ayudar a los estudiantes en su g\u00e9nesis instrumental, esto es, &hellip;","og_url":"https:\/\/cie.uprrp.edu\/elicit-math\/marco-teorico\/orquestacion-instrumental\/","og_site_name":"ELICIT-Math","article_modified_time":"2022-12-06T19:00:43+00:00","og_image":[{"url":"https:\/\/cie.uprrp.edu\/elicit-math\/wp-content\/uploads\/sites\/13\/2022\/12\/configuracion-300x273.png","type":"","width":"","height":""}],"twitter_card":"summary_large_image","twitter_misc":{"Est. reading time":"3 minutes"},"schema":{"@context":"https:\/\/schema.org","@graph":[{"@type":"WebPage","@id":"https:\/\/cie.uprrp.edu\/elicit-math\/marco-teorico\/orquestacion-instrumental\/","url":"https:\/\/cie.uprrp.edu\/elicit-math\/marco-teorico\/orquestacion-instrumental\/","name":"Orquestaci\u00f3n instrumental - ELICIT-Math","isPartOf":{"@id":"https:\/\/cie.uprrp.edu\/elicit-math\/#website"},"primaryImageOfPage":{"@id":"https:\/\/cie.uprrp.edu\/elicit-math\/marco-teorico\/orquestacion-instrumental\/#primaryimage"},"image":{"@id":"https:\/\/cie.uprrp.edu\/elicit-math\/marco-teorico\/orquestacion-instrumental\/#primaryimage"},"thumbnailUrl":"https:\/\/cie.uprrp.edu\/elicit-math\/wp-content\/uploads\/sites\/13\/2022\/12\/configuracion-300x273.png","datePublished":"2022-11-16T19:28:58+00:00","dateModified":"2022-12-06T19:00:43+00:00","breadcrumb":{"@id":"https:\/\/cie.uprrp.edu\/elicit-math\/marco-teorico\/orquestacion-instrumental\/#breadcrumb"},"inLanguage":"en-US","potentialAction":[{"@type":"ReadAction","target":["https:\/\/cie.uprrp.edu\/elicit-math\/marco-teorico\/orquestacion-instrumental\/"]}]},{"@type":"ImageObject","inLanguage":"en-US","@id":"https:\/\/cie.uprrp.edu\/elicit-math\/marco-teorico\/orquestacion-instrumental\/#primaryimage","url":"https:\/\/cie.uprrp.edu\/elicit-math\/wp-content\/uploads\/sites\/13\/2022\/12\/configuracion.png","contentUrl":"https:\/\/cie.uprrp.edu\/elicit-math\/wp-content\/uploads\/sites\/13\/2022\/12\/configuracion.png","width":764,"height":694,"caption":"Gr\u00e1fica: Modo de explotaci\u00f3n"},{"@type":"BreadcrumbList","@id":"https:\/\/cie.uprrp.edu\/elicit-math\/marco-teorico\/orquestacion-instrumental\/#breadcrumb","itemListElement":[{"@type":"ListItem","position":1,"name":"Home","item":"https:\/\/cie.uprrp.edu\/elicit-math\/"},{"@type":"ListItem","position":2,"name":"Marco te\u00f3rico","item":"https:\/\/cie.uprrp.edu\/elicit-math\/marco-teorico\/"},{"@type":"ListItem","position":3,"name":"Orquestaci\u00f3n instrumental"}]},{"@type":"WebSite","@id":"https:\/\/cie.uprrp.edu\/elicit-math\/#website","url":"https:\/\/cie.uprrp.edu\/elicit-math\/","name":"ELICIT-Math","description":"Developing Technological Pedagogical Content Knowledge of Pre-service Math Teachers","potentialAction":[{"@type":"SearchAction","target":{"@type":"EntryPoint","urlTemplate":"https:\/\/cie.uprrp.edu\/elicit-math\/?s={search_term_string}"},"query-input":{"@type":"PropertyValueSpecification","valueRequired":true,"valueName":"search_term_string"}}],"inLanguage":"en-US"}]}},"_links":{"self":[{"href":"https:\/\/cie.uprrp.edu\/elicit-math\/wp-json\/wp\/v2\/pages\/16821","targetHints":{"allow":["GET"]}}],"collection":[{"href":"https:\/\/cie.uprrp.edu\/elicit-math\/wp-json\/wp\/v2\/pages"}],"about":[{"href":"https:\/\/cie.uprrp.edu\/elicit-math\/wp-json\/wp\/v2\/types\/page"}],"author":[{"embeddable":true,"href":"https:\/\/cie.uprrp.edu\/elicit-math\/wp-json\/wp\/v2\/users\/10"}],"replies":[{"embeddable":true,"href":"https:\/\/cie.uprrp.edu\/elicit-math\/wp-json\/wp\/v2\/comments?post=16821"}],"version-history":[{"count":6,"href":"https:\/\/cie.uprrp.edu\/elicit-math\/wp-json\/wp\/v2\/pages\/16821\/revisions"}],"predecessor-version":[{"id":16942,"href":"https:\/\/cie.uprrp.edu\/elicit-math\/wp-json\/wp\/v2\/pages\/16821\/revisions\/16942"}],"up":[{"embeddable":true,"href":"https:\/\/cie.uprrp.edu\/elicit-math\/wp-json\/wp\/v2\/pages\/16792"}],"wp:attachment":[{"href":"https:\/\/cie.uprrp.edu\/elicit-math\/wp-json\/wp\/v2\/media?parent=16821"}],"curies":[{"name":"wp","href":"https:\/\/api.w.org\/{rel}","templated":true}]}}