{"id":16871,"date":"2022-12-06T13:23:15","date_gmt":"2022-12-06T17:23:15","guid":{"rendered":"https:\/\/cie.uprrp.edu\/elicit-math\/?page_id=16871"},"modified":"2022-12-08T14:04:45","modified_gmt":"2022-12-08T18:04:45","slug":"iii-cemacyc-2021","status":"publish","type":"page","link":"https:\/\/cie.uprrp.edu\/elicit-math\/conferencias\/iii-cemacyc-2021\/","title":{"rendered":"III CEMACYC (2021)"},"content":{"rendered":"<p style=\"text-align: center;\"><a href=\"https:\/\/iii.cemacyc.org\/\"><img loading=\"lazy\" decoding=\"async\" class=\"aligncenter wp-image-17094 size-full\" src=\"https:\/\/cie.uprrp.edu\/elicit-math\/wp-content\/uploads\/sites\/13\/2022\/12\/cemacyc.png\" alt=\"III CEMACYC\" width=\"1280\" height=\"340\" srcset=\"https:\/\/cie.uprrp.edu\/elicit-math\/wp-content\/uploads\/sites\/13\/2022\/12\/cemacyc.png 1280w, https:\/\/cie.uprrp.edu\/elicit-math\/wp-content\/uploads\/sites\/13\/2022\/12\/cemacyc-300x80.png 300w, https:\/\/cie.uprrp.edu\/elicit-math\/wp-content\/uploads\/sites\/13\/2022\/12\/cemacyc-1024x272.png 1024w, https:\/\/cie.uprrp.edu\/elicit-math\/wp-content\/uploads\/sites\/13\/2022\/12\/cemacyc-768x204.png 768w\" sizes=\"auto, (max-width: 1280px) 100vw, 1280px\" \/><\/a><a href=\"https:\/\/cie.uprrp.edu\/elicit-math\/wp-content\/uploads\/sites\/13\/2022\/12\/cemacyc-Programacion-generalA.pdf\"><strong>Programaci\u00f3n General &#8211; III CEMECYC (2021)<\/strong><\/a><\/p>\n<p style=\"text-align: center;\">\n<h3>M\u00e9todos de investigaci\u00f3n en un programa de formaci\u00f3n de maestros que incluye el estudio de lecciones y el uso de tecnolog\u00eda de interconectividad<\/h3>\n<p><span style=\"font-size: 10pt;\"><span style=\"color: #e70033;\"><strong>Como citar:<\/strong> <\/span>Hern\u00e1ndez Rodr\u00edguez, O., Villafa\u00f1e Cepeda, W., Moreno Concepci\u00f3n, J. M., Choque Dextre, Y., &amp; Gonz\u00e1lez, G. (2021, noviembre 24-26). <em>M\u00e9todos de investigaci\u00f3n en un programa de formaci\u00f3n de maestros que incluye el estudio de lecciones y el uso de tecnolog\u00eda de interconectividad<\/em> [Taller]. III Congreso de Educaci\u00f3n Matem\u00e1tica de Am\u00e9rica Central y El Caribe (III CEMACYC), Costa Rica.<\/span><\/p>\n<p>En este taller compartiremos los m\u00e9todos de investigaci\u00f3n que hemos utilizado durante nuestra participaci\u00f3n en una innovaci\u00f3n que pretender cerrar la brecha entre los cursos de m\u00e9todos y las pr\u00e1cticas cl\u00ednicas. En esta investigaci\u00f3n incorporamos el estudio de lecciones (Lesson Study), los espacios h\u00edbridos y el uso de tecnolog\u00eda de interconectividad en las experiencias de campo (pre-practicas) de candidatos a maestros de matem\u00e1ticas matriculados en un curso de metodolog\u00eda de la ense\u00f1anza.<\/p>\n<p>Despu\u00e9s de una breve descripci\u00f3n del proyecto, detallaremos la forma como hemos recolectado los datos, su preparaci\u00f3n para el an\u00e1lisis, la forma en que los hemos analizado, c\u00f3mo atendemos asuntos de confiabilidad y finalmente, c\u00f3mo reportamos los hallazgos.<\/p>\n<p>Compartiremos algunos aspectos a considerar en la recolecci\u00f3n y almacenamiento de la informaci\u00f3n. Posteriormente, describiremos la forma en que hemos utilizado las recomendaciones de Herbst et al. (2011) para la preparaci\u00f3n de los datos e indicaremos la forma como hemos incorporado los marcos te\u00f3ricos en el an\u00e1lisis. Consideraremos algunos aspectos relacionados a la validez y confiablidad de los an\u00e1lisis. Utilizaremos como ejemplos los art\u00edculos aceptados para publicaci\u00f3n Gonz\u00e1lez, et al. (2021) y Hern\u00e1ndez, et al. (2021).<\/p>\n<p>Finalmente, contaremos nuestra experiencia en la redacci\u00f3n de los informes de investigaci\u00f3n y los procesos de someter y revisar los manuscritos para la publicaci\u00f3n en revistas profesionales arbitradas.<\/p>\n<p>Los asistentes al taller tendr\u00e1n la oportunidad de hacer pr\u00e1cticas con materiales preparados espec\u00edficamente para este prop\u00f3sito.<\/p>\n<p style=\"text-align: center;\"><a href=\"https:\/\/cie.uprrp.edu\/elicit-math\/wp-content\/uploads\/sites\/13\/2022\/12\/Taller-3-III-CEMACYC-2021A.pdf\" class=\"pdfemb-viewer\" style=\"\" data-width=\"max\" data-height=\"max\" data-toolbar=\"bottom\" data-toolbar-fixed=\"off\">Taller 3 - III CEMACYC (2021)A<\/a>\n<h4>Referencias<\/h4>\n<p>Gonz\u00e1lez, G., Villafa\u00f1e-Cepeda, W., &amp; Hern\u00e1ndez-Rodr\u00edguez, O. (2021). Leveraging prospective teachers\u2019 knowledge through their participation in Lesson Study. <em>Journal of Mathematics Teacher Education<\/em>. <a href=\"https:\/\/doi.org\/10.1007\/s10857-021-09521-4\">https:\/\/doi.org\/10.1007\/s10857-021-09521-4<\/a><\/p>\n<p>Herbst, P., Nachlieli, T., &amp; Chazan, D. (2011). Studying the practical rationality of mathematics teaching: What goes into \u201cinstalling\u201d a theorem in geometry? <em>Cognition and Instruction, 29<\/em>(2), 218-255. <a href=\"https:\/\/doi.org\/10.1080\/07370008.2011.556833\">https:\/\/doi.org\/10.1080\/07370008.2011.556833<\/a><\/p>\n<p>Hern\u00e1ndez-Rodr\u00edguez, O., Gonz\u00e1lez, G., &amp; Villafa\u00f1e-Cepeda, W. (2021). Planning a research lesson online: Pre-service teachers\u2019 documentation work. <em>International Journal for Lesson and Learning Studies, 10<\/em>(2), 168-186. <a href=\"https:\/\/doi.org\/10.1108\/IJLLS-09-2020-0068\">https:\/\/doi.org\/10.1108\/IJLLS-09-2020-0068<\/a><\/p>\n","protected":false},"excerpt":{"rendered":"<p>Programaci\u00f3n General &#8211; III CEMECYC (2021) M\u00e9todos de investigaci\u00f3n en un programa de formaci\u00f3n de maestros que incluye el estudio de lecciones y el uso de tecnolog\u00eda de interconectividad Como citar: Hern\u00e1ndez Rodr\u00edguez, O., Villafa\u00f1e Cepeda, W., Moreno Concepci\u00f3n, J. &hellip; <\/p>\n","protected":false},"author":10,"featured_media":0,"parent":16794,"menu_order":4,"comment_status":"closed","ping_status":"closed","template":"","meta":{"footnotes":""},"class_list":["post-16871","page","type-page","status-publish","hentry"],"yoast_head":"<!-- This site is optimized with the Yoast SEO plugin v27.3 - https:\/\/yoast.com\/product\/yoast-seo-wordpress\/ -->\n<title>III CEMACYC (2021) - ELICIT-Math<\/title>\n<meta name=\"robots\" content=\"index, follow, max-snippet:-1, max-image-preview:large, max-video-preview:-1\" \/>\n<link rel=\"canonical\" href=\"https:\/\/cie.uprrp.edu\/elicit-math\/conferencias\/iii-cemacyc-2021\/\" \/>\n<meta property=\"og:locale\" content=\"en_US\" \/>\n<meta property=\"og:type\" content=\"article\" \/>\n<meta property=\"og:title\" content=\"III CEMACYC (2021) - ELICIT-Math\" \/>\n<meta property=\"og:description\" content=\"Programaci\u00f3n General &#8211; III CEMECYC (2021) M\u00e9todos de investigaci\u00f3n en un programa de formaci\u00f3n de maestros que incluye el estudio de lecciones y el uso de tecnolog\u00eda de interconectividad Como citar: Hern\u00e1ndez Rodr\u00edguez, O., Villafa\u00f1e Cepeda, W., Moreno Concepci\u00f3n, J. &hellip;\" \/>\n<meta property=\"og:url\" content=\"https:\/\/cie.uprrp.edu\/elicit-math\/conferencias\/iii-cemacyc-2021\/\" \/>\n<meta property=\"og:site_name\" content=\"ELICIT-Math\" \/>\n<meta property=\"article:modified_time\" content=\"2022-12-08T18:04:45+00:00\" \/>\n<meta property=\"og:image\" content=\"https:\/\/cie.uprrp.edu\/elicit-math\/wp-content\/uploads\/sites\/13\/2022\/12\/cemacyc.png\" \/>\n<meta name=\"twitter:card\" content=\"summary_large_image\" \/>\n<meta name=\"twitter:label1\" content=\"Est. reading time\" \/>\n\t<meta name=\"twitter:data1\" content=\"2 minutes\" \/>\n<script type=\"application\/ld+json\" class=\"yoast-schema-graph\">{\"@context\":\"https:\\\/\\\/schema.org\",\"@graph\":[{\"@type\":\"WebPage\",\"@id\":\"https:\\\/\\\/cie.uprrp.edu\\\/elicit-math\\\/conferencias\\\/iii-cemacyc-2021\\\/\",\"url\":\"https:\\\/\\\/cie.uprrp.edu\\\/elicit-math\\\/conferencias\\\/iii-cemacyc-2021\\\/\",\"name\":\"III CEMACYC (2021) - ELICIT-Math\",\"isPartOf\":{\"@id\":\"https:\\\/\\\/cie.uprrp.edu\\\/elicit-math\\\/#website\"},\"primaryImageOfPage\":{\"@id\":\"https:\\\/\\\/cie.uprrp.edu\\\/elicit-math\\\/conferencias\\\/iii-cemacyc-2021\\\/#primaryimage\"},\"image\":{\"@id\":\"https:\\\/\\\/cie.uprrp.edu\\\/elicit-math\\\/conferencias\\\/iii-cemacyc-2021\\\/#primaryimage\"},\"thumbnailUrl\":\"https:\\\/\\\/cie.uprrp.edu\\\/elicit-math\\\/wp-content\\\/uploads\\\/sites\\\/13\\\/2022\\\/12\\\/cemacyc.png\",\"datePublished\":\"2022-12-06T17:23:15+00:00\",\"dateModified\":\"2022-12-08T18:04:45+00:00\",\"breadcrumb\":{\"@id\":\"https:\\\/\\\/cie.uprrp.edu\\\/elicit-math\\\/conferencias\\\/iii-cemacyc-2021\\\/#breadcrumb\"},\"inLanguage\":\"en-US\",\"potentialAction\":[{\"@type\":\"ReadAction\",\"target\":[\"https:\\\/\\\/cie.uprrp.edu\\\/elicit-math\\\/conferencias\\\/iii-cemacyc-2021\\\/\"]}]},{\"@type\":\"ImageObject\",\"inLanguage\":\"en-US\",\"@id\":\"https:\\\/\\\/cie.uprrp.edu\\\/elicit-math\\\/conferencias\\\/iii-cemacyc-2021\\\/#primaryimage\",\"url\":\"https:\\\/\\\/cie.uprrp.edu\\\/elicit-math\\\/wp-content\\\/uploads\\\/sites\\\/13\\\/2022\\\/12\\\/cemacyc.png\",\"contentUrl\":\"https:\\\/\\\/cie.uprrp.edu\\\/elicit-math\\\/wp-content\\\/uploads\\\/sites\\\/13\\\/2022\\\/12\\\/cemacyc.png\",\"width\":1280,\"height\":340,\"caption\":\"III CEMACYC\"},{\"@type\":\"BreadcrumbList\",\"@id\":\"https:\\\/\\\/cie.uprrp.edu\\\/elicit-math\\\/conferencias\\\/iii-cemacyc-2021\\\/#breadcrumb\",\"itemListElement\":[{\"@type\":\"ListItem\",\"position\":1,\"name\":\"Home\",\"item\":\"https:\\\/\\\/cie.uprrp.edu\\\/elicit-math\\\/\"},{\"@type\":\"ListItem\",\"position\":2,\"name\":\"Conferencias\",\"item\":\"https:\\\/\\\/cie.uprrp.edu\\\/elicit-math\\\/conferencias\\\/\"},{\"@type\":\"ListItem\",\"position\":3,\"name\":\"III CEMACYC (2021)\"}]},{\"@type\":\"WebSite\",\"@id\":\"https:\\\/\\\/cie.uprrp.edu\\\/elicit-math\\\/#website\",\"url\":\"https:\\\/\\\/cie.uprrp.edu\\\/elicit-math\\\/\",\"name\":\"ELICIT-Math\",\"description\":\"Developing Technological Pedagogical Content Knowledge of Pre-service Math Teachers\",\"potentialAction\":[{\"@type\":\"SearchAction\",\"target\":{\"@type\":\"EntryPoint\",\"urlTemplate\":\"https:\\\/\\\/cie.uprrp.edu\\\/elicit-math\\\/?s={search_term_string}\"},\"query-input\":{\"@type\":\"PropertyValueSpecification\",\"valueRequired\":true,\"valueName\":\"search_term_string\"}}],\"inLanguage\":\"en-US\"}]}<\/script>\n<!-- \/ Yoast SEO plugin. -->","yoast_head_json":{"title":"III CEMACYC (2021) - ELICIT-Math","robots":{"index":"index","follow":"follow","max-snippet":"max-snippet:-1","max-image-preview":"max-image-preview:large","max-video-preview":"max-video-preview:-1"},"canonical":"https:\/\/cie.uprrp.edu\/elicit-math\/conferencias\/iii-cemacyc-2021\/","og_locale":"en_US","og_type":"article","og_title":"III CEMACYC (2021) - ELICIT-Math","og_description":"Programaci\u00f3n General &#8211; III CEMECYC (2021) M\u00e9todos de investigaci\u00f3n en un programa de formaci\u00f3n de maestros que incluye el estudio de lecciones y el uso de tecnolog\u00eda de interconectividad Como citar: Hern\u00e1ndez Rodr\u00edguez, O., Villafa\u00f1e Cepeda, W., Moreno Concepci\u00f3n, J. &hellip;","og_url":"https:\/\/cie.uprrp.edu\/elicit-math\/conferencias\/iii-cemacyc-2021\/","og_site_name":"ELICIT-Math","article_modified_time":"2022-12-08T18:04:45+00:00","og_image":[{"url":"https:\/\/cie.uprrp.edu\/elicit-math\/wp-content\/uploads\/sites\/13\/2022\/12\/cemacyc.png","type":"","width":"","height":""}],"twitter_card":"summary_large_image","twitter_misc":{"Est. reading time":"2 minutes"},"schema":{"@context":"https:\/\/schema.org","@graph":[{"@type":"WebPage","@id":"https:\/\/cie.uprrp.edu\/elicit-math\/conferencias\/iii-cemacyc-2021\/","url":"https:\/\/cie.uprrp.edu\/elicit-math\/conferencias\/iii-cemacyc-2021\/","name":"III CEMACYC (2021) - ELICIT-Math","isPartOf":{"@id":"https:\/\/cie.uprrp.edu\/elicit-math\/#website"},"primaryImageOfPage":{"@id":"https:\/\/cie.uprrp.edu\/elicit-math\/conferencias\/iii-cemacyc-2021\/#primaryimage"},"image":{"@id":"https:\/\/cie.uprrp.edu\/elicit-math\/conferencias\/iii-cemacyc-2021\/#primaryimage"},"thumbnailUrl":"https:\/\/cie.uprrp.edu\/elicit-math\/wp-content\/uploads\/sites\/13\/2022\/12\/cemacyc.png","datePublished":"2022-12-06T17:23:15+00:00","dateModified":"2022-12-08T18:04:45+00:00","breadcrumb":{"@id":"https:\/\/cie.uprrp.edu\/elicit-math\/conferencias\/iii-cemacyc-2021\/#breadcrumb"},"inLanguage":"en-US","potentialAction":[{"@type":"ReadAction","target":["https:\/\/cie.uprrp.edu\/elicit-math\/conferencias\/iii-cemacyc-2021\/"]}]},{"@type":"ImageObject","inLanguage":"en-US","@id":"https:\/\/cie.uprrp.edu\/elicit-math\/conferencias\/iii-cemacyc-2021\/#primaryimage","url":"https:\/\/cie.uprrp.edu\/elicit-math\/wp-content\/uploads\/sites\/13\/2022\/12\/cemacyc.png","contentUrl":"https:\/\/cie.uprrp.edu\/elicit-math\/wp-content\/uploads\/sites\/13\/2022\/12\/cemacyc.png","width":1280,"height":340,"caption":"III CEMACYC"},{"@type":"BreadcrumbList","@id":"https:\/\/cie.uprrp.edu\/elicit-math\/conferencias\/iii-cemacyc-2021\/#breadcrumb","itemListElement":[{"@type":"ListItem","position":1,"name":"Home","item":"https:\/\/cie.uprrp.edu\/elicit-math\/"},{"@type":"ListItem","position":2,"name":"Conferencias","item":"https:\/\/cie.uprrp.edu\/elicit-math\/conferencias\/"},{"@type":"ListItem","position":3,"name":"III CEMACYC (2021)"}]},{"@type":"WebSite","@id":"https:\/\/cie.uprrp.edu\/elicit-math\/#website","url":"https:\/\/cie.uprrp.edu\/elicit-math\/","name":"ELICIT-Math","description":"Developing Technological Pedagogical Content Knowledge of Pre-service Math Teachers","potentialAction":[{"@type":"SearchAction","target":{"@type":"EntryPoint","urlTemplate":"https:\/\/cie.uprrp.edu\/elicit-math\/?s={search_term_string}"},"query-input":{"@type":"PropertyValueSpecification","valueRequired":true,"valueName":"search_term_string"}}],"inLanguage":"en-US"}]}},"_links":{"self":[{"href":"https:\/\/cie.uprrp.edu\/elicit-math\/wp-json\/wp\/v2\/pages\/16871","targetHints":{"allow":["GET"]}}],"collection":[{"href":"https:\/\/cie.uprrp.edu\/elicit-math\/wp-json\/wp\/v2\/pages"}],"about":[{"href":"https:\/\/cie.uprrp.edu\/elicit-math\/wp-json\/wp\/v2\/types\/page"}],"author":[{"embeddable":true,"href":"https:\/\/cie.uprrp.edu\/elicit-math\/wp-json\/wp\/v2\/users\/10"}],"replies":[{"embeddable":true,"href":"https:\/\/cie.uprrp.edu\/elicit-math\/wp-json\/wp\/v2\/comments?post=16871"}],"version-history":[{"count":6,"href":"https:\/\/cie.uprrp.edu\/elicit-math\/wp-json\/wp\/v2\/pages\/16871\/revisions"}],"predecessor-version":[{"id":17114,"href":"https:\/\/cie.uprrp.edu\/elicit-math\/wp-json\/wp\/v2\/pages\/16871\/revisions\/17114"}],"up":[{"embeddable":true,"href":"https:\/\/cie.uprrp.edu\/elicit-math\/wp-json\/wp\/v2\/pages\/16794"}],"wp:attachment":[{"href":"https:\/\/cie.uprrp.edu\/elicit-math\/wp-json\/wp\/v2\/media?parent=16871"}],"curies":[{"name":"wp","href":"https:\/\/api.w.org\/{rel}","templated":true}]}}