{"id":16881,"date":"2022-12-06T13:25:49","date_gmt":"2022-12-06T17:25:49","guid":{"rendered":"https:\/\/cie.uprrp.edu\/elicit-math\/?page_id=16881"},"modified":"2022-12-08T14:37:23","modified_gmt":"2022-12-08T18:37:23","slug":"wals-2020","status":"publish","type":"page","link":"https:\/\/cie.uprrp.edu\/elicit-math\/conferencias\/wals-2020\/","title":{"rendered":"WALS (2020)"},"content":{"rendered":"<p style=\"text-align: center;\"><a href=\"https:\/\/www.walsnet.org\/2020\/\"><img loading=\"lazy\" decoding=\"async\" class=\"aligncenter wp-image-17126 size-full\" src=\"https:\/\/cie.uprrp.edu\/elicit-math\/wp-content\/uploads\/sites\/13\/2022\/12\/wals.png\" alt=\"Logo WALS 2020\" width=\"300\" height=\"122\" \/><\/a><a href=\"https:\/\/www.walsnet.org\/2020\/zone-1\/\"><strong>Program Zone 1 WALS (2020)<\/strong><\/a><\/p>\n<h3>Bridging Methods Courses and Clinical Experiences in Teacher Education Programs through Lesson Study<\/h3>\n<p>(Conectando cursos de m\u00e9todos y experiencias cl\u00ednicas en programas de formaci\u00f3n de maestros a trav\u00e9s del estudio de lecciones)<\/p>\n<p><span style=\"font-size: 10pt;\"><span style=\"color: #e70033;\"><strong>Como citar:<\/strong><\/span> Gonz\u00e1lez, G., Hern\u00e1ndez Rodr\u00edguez, O., &amp; Villafa\u00f1e Cepeda, W. (2020, diciembre 2-4). <em>Bridging Methods Courses and Clinical Experiences in Teacher Education Programs through Lesson Study<\/em> [Concurrent Paper Session]. World Association of Lesson Studies (WALS), Online Conference.<\/span><\/p>\n<p>Los programas de formaci\u00f3n docente enfrentan el desaf\u00edo de apoyar a los docentes en formaci\u00f3n en el establecimiento de conexiones entre sus experiencias en sus cursos de m\u00e9todos en la Universidad y las experiencias cl\u00ednicas escolares. Describimos una innovaci\u00f3n de estudio de lecciones para cursos de m\u00e9todos puente y experiencias cl\u00ednicas. La innovaci\u00f3n se encuentra en su primer a\u00f1o de implementaci\u00f3n en el contexto de un curso de m\u00e9todos tempranos para ense\u00f1ar a los maestros en formaci\u00f3n a integrar la tecnolog\u00eda en la ense\u00f1anza de las matem\u00e1ticas en la Universidad de Puerto Rico. La innovaci\u00f3n pretende crear un espacio h\u00edbrido donde se valide el conocimiento de los docentes en formaci\u00f3n, docentes colaboradores y formadores de docentes. Discutimos las posibilidades y los desaf\u00edos de la innovaci\u00f3n, as\u00ed como las consideraciones para desarrollar la capacidad para la sostenibilidad dentro de los programas de formaci\u00f3n docente.<\/p>\n<p style=\"text-align: center;\"><a href=\"https:\/\/cie.uprrp.edu\/elicit-math\/wp-content\/uploads\/sites\/13\/2022\/12\/WALS2020-ELICIT-111620-OHRa.pdf\" class=\"pdfemb-viewer\" style=\"\" data-width=\"max\" data-height=\"max\" data-toolbar=\"bottom\" data-toolbar-fixed=\"off\">WALS2020-ELICIT-111620 OHRa<\/a>\n<figure id=\"attachment_17129\" aria-describedby=\"caption-attachment-17129\" style=\"width: 640px\" class=\"wp-caption aligncenter\"><a href=\"https:\/\/cie.uprrp.edu\/elicit-math\/wp-content\/uploads\/sites\/13\/2022\/12\/Screen-Shot-2022-12-08-at-2.35.33-PM.png\"><img loading=\"lazy\" decoding=\"async\" class=\"size-large wp-image-17129\" src=\"https:\/\/cie.uprrp.edu\/elicit-math\/wp-content\/uploads\/sites\/13\/2022\/12\/Screen-Shot-2022-12-08-at-2.35.33-PM-1024x402.png\" alt=\"Pincha la imagen para ver la grabaci\u00f3n de nuestra presentaci\u00f3n en esta conferencia.\" width=\"640\" height=\"251\" srcset=\"https:\/\/cie.uprrp.edu\/elicit-math\/wp-content\/uploads\/sites\/13\/2022\/12\/Screen-Shot-2022-12-08-at-2.35.33-PM-1024x402.png 1024w, https:\/\/cie.uprrp.edu\/elicit-math\/wp-content\/uploads\/sites\/13\/2022\/12\/Screen-Shot-2022-12-08-at-2.35.33-PM-300x118.png 300w, https:\/\/cie.uprrp.edu\/elicit-math\/wp-content\/uploads\/sites\/13\/2022\/12\/Screen-Shot-2022-12-08-at-2.35.33-PM-768x302.png 768w, https:\/\/cie.uprrp.edu\/elicit-math\/wp-content\/uploads\/sites\/13\/2022\/12\/Screen-Shot-2022-12-08-at-2.35.33-PM-1536x603.png 1536w, https:\/\/cie.uprrp.edu\/elicit-math\/wp-content\/uploads\/sites\/13\/2022\/12\/Screen-Shot-2022-12-08-at-2.35.33-PM.png 2012w\" sizes=\"auto, (max-width: 640px) 100vw, 640px\" \/><\/a><figcaption id=\"caption-attachment-17129\" class=\"wp-caption-text\">Pincha la imagen para ver la grabaci\u00f3n de nuestra presentaci\u00f3n en esta conferencia.<\/figcaption><\/figure>\n","protected":false},"excerpt":{"rendered":"<p>Program Zone 1 WALS (2020) Bridging Methods Courses and Clinical Experiences in Teacher Education Programs through Lesson Study (Conectando cursos de m\u00e9todos y experiencias cl\u00ednicas en programas de formaci\u00f3n de maestros a trav\u00e9s del estudio de lecciones) Como citar: Gonz\u00e1lez, &hellip; <\/p>\n","protected":false},"author":10,"featured_media":0,"parent":16794,"menu_order":9,"comment_status":"closed","ping_status":"closed","template":"","meta":{"footnotes":""},"class_list":["post-16881","page","type-page","status-publish","hentry"],"yoast_head":"<!-- This site is optimized with the Yoast SEO plugin v27.3 - https:\/\/yoast.com\/product\/yoast-seo-wordpress\/ -->\n<title>WALS (2020) - ELICIT-Math<\/title>\n<meta name=\"robots\" content=\"index, follow, max-snippet:-1, max-image-preview:large, max-video-preview:-1\" \/>\n<link rel=\"canonical\" href=\"https:\/\/cie.uprrp.edu\/elicit-math\/conferencias\/wals-2020\/\" \/>\n<meta property=\"og:locale\" content=\"en_US\" \/>\n<meta property=\"og:type\" content=\"article\" \/>\n<meta property=\"og:title\" content=\"WALS (2020) - ELICIT-Math\" \/>\n<meta property=\"og:description\" content=\"Program Zone 1 WALS (2020) Bridging Methods Courses and Clinical Experiences in Teacher Education Programs through Lesson Study (Conectando cursos de m\u00e9todos y experiencias cl\u00ednicas en programas de formaci\u00f3n de maestros a trav\u00e9s del estudio de lecciones) Como citar: Gonz\u00e1lez, &hellip;\" \/>\n<meta property=\"og:url\" content=\"https:\/\/cie.uprrp.edu\/elicit-math\/conferencias\/wals-2020\/\" \/>\n<meta property=\"og:site_name\" content=\"ELICIT-Math\" \/>\n<meta property=\"article:modified_time\" content=\"2022-12-08T18:37:23+00:00\" \/>\n<meta property=\"og:image\" content=\"https:\/\/cie.uprrp.edu\/elicit-math\/wp-content\/uploads\/sites\/13\/2022\/12\/wals.png\" \/>\n<meta name=\"twitter:card\" content=\"summary_large_image\" \/>\n<meta name=\"twitter:label1\" content=\"Est. reading time\" \/>\n\t<meta name=\"twitter:data1\" content=\"2 minutes\" \/>\n<script type=\"application\/ld+json\" class=\"yoast-schema-graph\">{\"@context\":\"https:\\\/\\\/schema.org\",\"@graph\":[{\"@type\":\"WebPage\",\"@id\":\"https:\\\/\\\/cie.uprrp.edu\\\/elicit-math\\\/conferencias\\\/wals-2020\\\/\",\"url\":\"https:\\\/\\\/cie.uprrp.edu\\\/elicit-math\\\/conferencias\\\/wals-2020\\\/\",\"name\":\"WALS (2020) - ELICIT-Math\",\"isPartOf\":{\"@id\":\"https:\\\/\\\/cie.uprrp.edu\\\/elicit-math\\\/#website\"},\"primaryImageOfPage\":{\"@id\":\"https:\\\/\\\/cie.uprrp.edu\\\/elicit-math\\\/conferencias\\\/wals-2020\\\/#primaryimage\"},\"image\":{\"@id\":\"https:\\\/\\\/cie.uprrp.edu\\\/elicit-math\\\/conferencias\\\/wals-2020\\\/#primaryimage\"},\"thumbnailUrl\":\"https:\\\/\\\/cie.uprrp.edu\\\/elicit-math\\\/wp-content\\\/uploads\\\/sites\\\/13\\\/2022\\\/12\\\/wals.png\",\"datePublished\":\"2022-12-06T17:25:49+00:00\",\"dateModified\":\"2022-12-08T18:37:23+00:00\",\"breadcrumb\":{\"@id\":\"https:\\\/\\\/cie.uprrp.edu\\\/elicit-math\\\/conferencias\\\/wals-2020\\\/#breadcrumb\"},\"inLanguage\":\"en-US\",\"potentialAction\":[{\"@type\":\"ReadAction\",\"target\":[\"https:\\\/\\\/cie.uprrp.edu\\\/elicit-math\\\/conferencias\\\/wals-2020\\\/\"]}]},{\"@type\":\"ImageObject\",\"inLanguage\":\"en-US\",\"@id\":\"https:\\\/\\\/cie.uprrp.edu\\\/elicit-math\\\/conferencias\\\/wals-2020\\\/#primaryimage\",\"url\":\"https:\\\/\\\/cie.uprrp.edu\\\/elicit-math\\\/wp-content\\\/uploads\\\/sites\\\/13\\\/2022\\\/12\\\/wals.png\",\"contentUrl\":\"https:\\\/\\\/cie.uprrp.edu\\\/elicit-math\\\/wp-content\\\/uploads\\\/sites\\\/13\\\/2022\\\/12\\\/wals.png\",\"width\":300,\"height\":122,\"caption\":\"Logo WALS 2020\"},{\"@type\":\"BreadcrumbList\",\"@id\":\"https:\\\/\\\/cie.uprrp.edu\\\/elicit-math\\\/conferencias\\\/wals-2020\\\/#breadcrumb\",\"itemListElement\":[{\"@type\":\"ListItem\",\"position\":1,\"name\":\"Home\",\"item\":\"https:\\\/\\\/cie.uprrp.edu\\\/elicit-math\\\/\"},{\"@type\":\"ListItem\",\"position\":2,\"name\":\"Conferencias\",\"item\":\"https:\\\/\\\/cie.uprrp.edu\\\/elicit-math\\\/conferencias\\\/\"},{\"@type\":\"ListItem\",\"position\":3,\"name\":\"WALS (2020)\"}]},{\"@type\":\"WebSite\",\"@id\":\"https:\\\/\\\/cie.uprrp.edu\\\/elicit-math\\\/#website\",\"url\":\"https:\\\/\\\/cie.uprrp.edu\\\/elicit-math\\\/\",\"name\":\"ELICIT-Math\",\"description\":\"Developing Technological Pedagogical Content Knowledge of Pre-service Math Teachers\",\"potentialAction\":[{\"@type\":\"SearchAction\",\"target\":{\"@type\":\"EntryPoint\",\"urlTemplate\":\"https:\\\/\\\/cie.uprrp.edu\\\/elicit-math\\\/?s={search_term_string}\"},\"query-input\":{\"@type\":\"PropertyValueSpecification\",\"valueRequired\":true,\"valueName\":\"search_term_string\"}}],\"inLanguage\":\"en-US\"}]}<\/script>\n<!-- \/ Yoast SEO plugin. -->","yoast_head_json":{"title":"WALS (2020) - ELICIT-Math","robots":{"index":"index","follow":"follow","max-snippet":"max-snippet:-1","max-image-preview":"max-image-preview:large","max-video-preview":"max-video-preview:-1"},"canonical":"https:\/\/cie.uprrp.edu\/elicit-math\/conferencias\/wals-2020\/","og_locale":"en_US","og_type":"article","og_title":"WALS (2020) - ELICIT-Math","og_description":"Program Zone 1 WALS (2020) Bridging Methods Courses and Clinical Experiences in Teacher Education Programs through Lesson Study (Conectando cursos de m\u00e9todos y experiencias cl\u00ednicas en programas de formaci\u00f3n de maestros a trav\u00e9s del estudio de lecciones) Como citar: Gonz\u00e1lez, &hellip;","og_url":"https:\/\/cie.uprrp.edu\/elicit-math\/conferencias\/wals-2020\/","og_site_name":"ELICIT-Math","article_modified_time":"2022-12-08T18:37:23+00:00","og_image":[{"url":"https:\/\/cie.uprrp.edu\/elicit-math\/wp-content\/uploads\/sites\/13\/2022\/12\/wals.png","type":"","width":"","height":""}],"twitter_card":"summary_large_image","twitter_misc":{"Est. reading time":"2 minutes"},"schema":{"@context":"https:\/\/schema.org","@graph":[{"@type":"WebPage","@id":"https:\/\/cie.uprrp.edu\/elicit-math\/conferencias\/wals-2020\/","url":"https:\/\/cie.uprrp.edu\/elicit-math\/conferencias\/wals-2020\/","name":"WALS (2020) - ELICIT-Math","isPartOf":{"@id":"https:\/\/cie.uprrp.edu\/elicit-math\/#website"},"primaryImageOfPage":{"@id":"https:\/\/cie.uprrp.edu\/elicit-math\/conferencias\/wals-2020\/#primaryimage"},"image":{"@id":"https:\/\/cie.uprrp.edu\/elicit-math\/conferencias\/wals-2020\/#primaryimage"},"thumbnailUrl":"https:\/\/cie.uprrp.edu\/elicit-math\/wp-content\/uploads\/sites\/13\/2022\/12\/wals.png","datePublished":"2022-12-06T17:25:49+00:00","dateModified":"2022-12-08T18:37:23+00:00","breadcrumb":{"@id":"https:\/\/cie.uprrp.edu\/elicit-math\/conferencias\/wals-2020\/#breadcrumb"},"inLanguage":"en-US","potentialAction":[{"@type":"ReadAction","target":["https:\/\/cie.uprrp.edu\/elicit-math\/conferencias\/wals-2020\/"]}]},{"@type":"ImageObject","inLanguage":"en-US","@id":"https:\/\/cie.uprrp.edu\/elicit-math\/conferencias\/wals-2020\/#primaryimage","url":"https:\/\/cie.uprrp.edu\/elicit-math\/wp-content\/uploads\/sites\/13\/2022\/12\/wals.png","contentUrl":"https:\/\/cie.uprrp.edu\/elicit-math\/wp-content\/uploads\/sites\/13\/2022\/12\/wals.png","width":300,"height":122,"caption":"Logo WALS 2020"},{"@type":"BreadcrumbList","@id":"https:\/\/cie.uprrp.edu\/elicit-math\/conferencias\/wals-2020\/#breadcrumb","itemListElement":[{"@type":"ListItem","position":1,"name":"Home","item":"https:\/\/cie.uprrp.edu\/elicit-math\/"},{"@type":"ListItem","position":2,"name":"Conferencias","item":"https:\/\/cie.uprrp.edu\/elicit-math\/conferencias\/"},{"@type":"ListItem","position":3,"name":"WALS (2020)"}]},{"@type":"WebSite","@id":"https:\/\/cie.uprrp.edu\/elicit-math\/#website","url":"https:\/\/cie.uprrp.edu\/elicit-math\/","name":"ELICIT-Math","description":"Developing Technological Pedagogical Content Knowledge of Pre-service Math Teachers","potentialAction":[{"@type":"SearchAction","target":{"@type":"EntryPoint","urlTemplate":"https:\/\/cie.uprrp.edu\/elicit-math\/?s={search_term_string}"},"query-input":{"@type":"PropertyValueSpecification","valueRequired":true,"valueName":"search_term_string"}}],"inLanguage":"en-US"}]}},"_links":{"self":[{"href":"https:\/\/cie.uprrp.edu\/elicit-math\/wp-json\/wp\/v2\/pages\/16881","targetHints":{"allow":["GET"]}}],"collection":[{"href":"https:\/\/cie.uprrp.edu\/elicit-math\/wp-json\/wp\/v2\/pages"}],"about":[{"href":"https:\/\/cie.uprrp.edu\/elicit-math\/wp-json\/wp\/v2\/types\/page"}],"author":[{"embeddable":true,"href":"https:\/\/cie.uprrp.edu\/elicit-math\/wp-json\/wp\/v2\/users\/10"}],"replies":[{"embeddable":true,"href":"https:\/\/cie.uprrp.edu\/elicit-math\/wp-json\/wp\/v2\/comments?post=16881"}],"version-history":[{"count":6,"href":"https:\/\/cie.uprrp.edu\/elicit-math\/wp-json\/wp\/v2\/pages\/16881\/revisions"}],"predecessor-version":[{"id":17130,"href":"https:\/\/cie.uprrp.edu\/elicit-math\/wp-json\/wp\/v2\/pages\/16881\/revisions\/17130"}],"up":[{"embeddable":true,"href":"https:\/\/cie.uprrp.edu\/elicit-math\/wp-json\/wp\/v2\/pages\/16794"}],"wp:attachment":[{"href":"https:\/\/cie.uprrp.edu\/elicit-math\/wp-json\/wp\/v2\/media?parent=16881"}],"curies":[{"name":"wp","href":"https:\/\/api.w.org\/{rel}","templated":true}]}}