{"id":16883,"date":"2022-12-06T13:26:18","date_gmt":"2022-12-06T17:26:18","guid":{"rendered":"https:\/\/cie.uprrp.edu\/elicit-math\/?page_id=16883"},"modified":"2022-12-08T14:44:40","modified_gmt":"2022-12-08T18:44:40","slug":"sidim-xxxv-2020","status":"publish","type":"page","link":"https:\/\/cie.uprrp.edu\/elicit-math\/conferencias\/sidim-xxxv-2020\/","title":{"rendered":"SIDIM XXXV (2020)"},"content":{"rendered":"<p style=\"text-align: center;\"><a href=\"https:\/\/cie.uprrp.edu\/elicit-math\/wp-content\/uploads\/sites\/13\/2022\/12\/Libro-Resumenes-SIDIM-2020.pdf\"><img loading=\"lazy\" decoding=\"async\" class=\"aligncenter wp-image-17132\" src=\"https:\/\/cie.uprrp.edu\/elicit-math\/wp-content\/uploads\/sites\/13\/2022\/12\/sidim2020-663x1024.png\" alt=\"SIDIM 2020\" width=\"453\" height=\"700\" srcset=\"https:\/\/cie.uprrp.edu\/elicit-math\/wp-content\/uploads\/sites\/13\/2022\/12\/sidim2020-663x1024.png 663w, https:\/\/cie.uprrp.edu\/elicit-math\/wp-content\/uploads\/sites\/13\/2022\/12\/sidim2020-194x300.png 194w, https:\/\/cie.uprrp.edu\/elicit-math\/wp-content\/uploads\/sites\/13\/2022\/12\/sidim2020-768x1187.png 768w, https:\/\/cie.uprrp.edu\/elicit-math\/wp-content\/uploads\/sites\/13\/2022\/12\/sidim2020-994x1536.png 994w, https:\/\/cie.uprrp.edu\/elicit-math\/wp-content\/uploads\/sites\/13\/2022\/12\/sidim2020.png 1280w\" sizes=\"auto, (max-width: 453px) 100vw, 453px\" \/><\/a><a href=\"https:\/\/cie.uprrp.edu\/elicit-math\/wp-content\/uploads\/sites\/13\/2022\/12\/Libro-Resumenes-SIDIM-2020.pdf\"><strong>Libro de res\u00famenes &#8211; SIDIM 2020<\/strong><\/a><\/p>\n<h3>Developing Technological Pedagogical Content Knowledge of Pre-Service Math Teachers<\/h3>\n<p><span style=\"font-size: 10pt;\"><span style=\"color: #e70033;\"><strong>C\u00f3mo citar:<\/strong><\/span> Hern\u00e1ndez Rodr\u00edguez, O., Villafa\u00f1e Cepeda, W., &amp; Gonz\u00e1lez, G. (2020, marzo 6-7). <em>Developing Technological Pedagogical Content Knowledge of PreService Math Teachers<\/em> [Charla Concurrente]. 35to Seminario Interuniversitario de Investigaci\u00f3n en Ciencias Matem\u00e1ticas (SIDIM XXXV), Universidad de Puerto Rico Recinto de Cayey, Cayey, Puerto Rico.<\/span><\/p>\n<p>Describimos el proyecto interinstitucional <em>Developing Technological Pedagogical Content Knowledge of Pre-Service Math Teachers<\/em> que tiene como meta el establecimiento de pr\u00e1cticas para ayudar a los futuros maestros de matem\u00e1ticas del nivel secundario a dise\u00f1ar lecciones incorporando tecnolog\u00edaa que permite la interconectividad en el sal\u00f3n de clases. El objetivo principal es desarrollar el conocimiento del contenido pedag\u00f3gico tecnol\u00f3gico (TPACK, por sus iniciales en ingl\u00e9s) para mejorar las capacidades de los estudiantes en cuanto a la compresi\u00f3n matem\u00e1tica, la fluidez en los procesos, la capacidad estrat\u00e9gica, el razonamiento adaptativo y la disposici\u00f3n productiva. Se propone la reingenier\u00eda del curso de m\u00e9todos EDPE 4030 de tal manera que se integran las estrategias de Lesson Study, el TPACK, <em>la orquestaci\u00f3n instrumental y los espacios h\u00edbridos<\/em>.<\/p>\n<p>Se espera que la colaboraci\u00f3n entre los diferentes miembros del equipo genere modelos que mejoren la transici\u00f3n de los cursos de m\u00e9todos a los de pr\u00e1cticas cl\u00ednicas. Las preguntas de investigaci\u00f3n que explorar\u00e1 el proyecto incluyen las siguientes.<\/p>\n<ul>\n<li>\u00bfDe qu\u00e9 manera los futuros maestros aprenden a aplicar los principios de planificaci\u00f3n de <em>orquestaciones instrumentales<\/em> e implementar lecciones de matem\u00e1ticas para promover la competencia matem\u00e1tica de los estudiantes?<\/li>\n<li>\u00bfQu\u00e9 apoyos de los maestros cooperadores permiten a los futuros maestros a aplicar la <em>orquestaci\u00f3n instrumental<\/em> en sus lecciones?<\/li>\n<li>\u00bfC\u00f3mo el modelo modificado de Lesson Study brinda oportunidades para crear <em>espacios h\u00edbridos<\/em> que conectan los cursos de m\u00e9todos y las experiencias cl\u00ednicas?<\/li>\n<\/ul>\n<p>A trav\u00e9s del an\u00e1lisis de videos, diarios de estudiantes y entrevistas, el proyecto construir\u00e1 un caso basado en evidencia que examina la integraci\u00f3n de los cursos de m\u00e9todos y las experiencias cl\u00ednicas.<\/p>\n<p style=\"text-align: center;\"><a href=\"https:\/\/cie.uprrp.edu\/elicit-math\/wp-content\/uploads\/sites\/13\/2022\/12\/Presentacio\u0301n-ELICIT-SIDIM-2021-18-de-febrero-1.pdf\" class=\"pdfemb-viewer\" style=\"\" data-width=\"max\" data-height=\"max\" data-toolbar=\"bottom\" data-toolbar-fixed=\"off\">Presentacio\u0301n ELICIT (SIDIM 2021)-18 de febrero-1<\/a>\n","protected":false},"excerpt":{"rendered":"<p>Libro de res\u00famenes &#8211; SIDIM 2020 Developing Technological Pedagogical Content Knowledge of Pre-Service Math Teachers C\u00f3mo citar: Hern\u00e1ndez Rodr\u00edguez, O., Villafa\u00f1e Cepeda, W., &amp; Gonz\u00e1lez, G. (2020, marzo 6-7). Developing Technological Pedagogical Content Knowledge of PreService Math Teachers [Charla Concurrente]. &hellip; <\/p>\n","protected":false},"author":10,"featured_media":0,"parent":16794,"menu_order":10,"comment_status":"closed","ping_status":"closed","template":"","meta":{"footnotes":""},"class_list":["post-16883","page","type-page","status-publish","hentry"],"yoast_head":"<!-- This site is optimized with the Yoast SEO plugin v27.3 - https:\/\/yoast.com\/product\/yoast-seo-wordpress\/ -->\n<title>SIDIM XXXV (2020) - ELICIT-Math<\/title>\n<meta name=\"robots\" content=\"index, follow, max-snippet:-1, max-image-preview:large, max-video-preview:-1\" \/>\n<link rel=\"canonical\" href=\"https:\/\/cie.uprrp.edu\/elicit-math\/conferencias\/sidim-xxxv-2020\/\" \/>\n<meta property=\"og:locale\" content=\"en_US\" \/>\n<meta property=\"og:type\" content=\"article\" \/>\n<meta property=\"og:title\" content=\"SIDIM XXXV (2020) - ELICIT-Math\" \/>\n<meta property=\"og:description\" content=\"Libro de res\u00famenes &#8211; SIDIM 2020 Developing Technological Pedagogical Content Knowledge of Pre-Service Math Teachers C\u00f3mo citar: Hern\u00e1ndez Rodr\u00edguez, O., Villafa\u00f1e Cepeda, W., &amp; Gonz\u00e1lez, G. (2020, marzo 6-7). Developing Technological Pedagogical Content Knowledge of PreService Math Teachers [Charla Concurrente]. &hellip;\" \/>\n<meta property=\"og:url\" content=\"https:\/\/cie.uprrp.edu\/elicit-math\/conferencias\/sidim-xxxv-2020\/\" \/>\n<meta property=\"og:site_name\" content=\"ELICIT-Math\" \/>\n<meta property=\"article:modified_time\" content=\"2022-12-08T18:44:40+00:00\" \/>\n<meta property=\"og:image\" content=\"https:\/\/cie.uprrp.edu\/elicit-math\/wp-content\/uploads\/sites\/13\/2022\/12\/sidim2020-663x1024.png\" \/>\n<meta name=\"twitter:card\" content=\"summary_large_image\" \/>\n<meta name=\"twitter:label1\" content=\"Est. reading time\" \/>\n\t<meta name=\"twitter:data1\" content=\"2 minutes\" \/>\n<script type=\"application\/ld+json\" class=\"yoast-schema-graph\">{\"@context\":\"https:\\\/\\\/schema.org\",\"@graph\":[{\"@type\":\"WebPage\",\"@id\":\"https:\\\/\\\/cie.uprrp.edu\\\/elicit-math\\\/conferencias\\\/sidim-xxxv-2020\\\/\",\"url\":\"https:\\\/\\\/cie.uprrp.edu\\\/elicit-math\\\/conferencias\\\/sidim-xxxv-2020\\\/\",\"name\":\"SIDIM XXXV (2020) - ELICIT-Math\",\"isPartOf\":{\"@id\":\"https:\\\/\\\/cie.uprrp.edu\\\/elicit-math\\\/#website\"},\"primaryImageOfPage\":{\"@id\":\"https:\\\/\\\/cie.uprrp.edu\\\/elicit-math\\\/conferencias\\\/sidim-xxxv-2020\\\/#primaryimage\"},\"image\":{\"@id\":\"https:\\\/\\\/cie.uprrp.edu\\\/elicit-math\\\/conferencias\\\/sidim-xxxv-2020\\\/#primaryimage\"},\"thumbnailUrl\":\"https:\\\/\\\/cie.uprrp.edu\\\/elicit-math\\\/wp-content\\\/uploads\\\/sites\\\/13\\\/2022\\\/12\\\/sidim2020-663x1024.png\",\"datePublished\":\"2022-12-06T17:26:18+00:00\",\"dateModified\":\"2022-12-08T18:44:40+00:00\",\"breadcrumb\":{\"@id\":\"https:\\\/\\\/cie.uprrp.edu\\\/elicit-math\\\/conferencias\\\/sidim-xxxv-2020\\\/#breadcrumb\"},\"inLanguage\":\"en-US\",\"potentialAction\":[{\"@type\":\"ReadAction\",\"target\":[\"https:\\\/\\\/cie.uprrp.edu\\\/elicit-math\\\/conferencias\\\/sidim-xxxv-2020\\\/\"]}]},{\"@type\":\"ImageObject\",\"inLanguage\":\"en-US\",\"@id\":\"https:\\\/\\\/cie.uprrp.edu\\\/elicit-math\\\/conferencias\\\/sidim-xxxv-2020\\\/#primaryimage\",\"url\":\"https:\\\/\\\/cie.uprrp.edu\\\/elicit-math\\\/wp-content\\\/uploads\\\/sites\\\/13\\\/2022\\\/12\\\/sidim2020.png\",\"contentUrl\":\"https:\\\/\\\/cie.uprrp.edu\\\/elicit-math\\\/wp-content\\\/uploads\\\/sites\\\/13\\\/2022\\\/12\\\/sidim2020.png\",\"width\":1280,\"height\":1978,\"caption\":\"SIDIM 2020\"},{\"@type\":\"BreadcrumbList\",\"@id\":\"https:\\\/\\\/cie.uprrp.edu\\\/elicit-math\\\/conferencias\\\/sidim-xxxv-2020\\\/#breadcrumb\",\"itemListElement\":[{\"@type\":\"ListItem\",\"position\":1,\"name\":\"Home\",\"item\":\"https:\\\/\\\/cie.uprrp.edu\\\/elicit-math\\\/\"},{\"@type\":\"ListItem\",\"position\":2,\"name\":\"Conferencias\",\"item\":\"https:\\\/\\\/cie.uprrp.edu\\\/elicit-math\\\/conferencias\\\/\"},{\"@type\":\"ListItem\",\"position\":3,\"name\":\"SIDIM XXXV (2020)\"}]},{\"@type\":\"WebSite\",\"@id\":\"https:\\\/\\\/cie.uprrp.edu\\\/elicit-math\\\/#website\",\"url\":\"https:\\\/\\\/cie.uprrp.edu\\\/elicit-math\\\/\",\"name\":\"ELICIT-Math\",\"description\":\"Developing Technological Pedagogical Content Knowledge of Pre-service Math Teachers\",\"potentialAction\":[{\"@type\":\"SearchAction\",\"target\":{\"@type\":\"EntryPoint\",\"urlTemplate\":\"https:\\\/\\\/cie.uprrp.edu\\\/elicit-math\\\/?s={search_term_string}\"},\"query-input\":{\"@type\":\"PropertyValueSpecification\",\"valueRequired\":true,\"valueName\":\"search_term_string\"}}],\"inLanguage\":\"en-US\"}]}<\/script>\n<!-- \/ Yoast SEO plugin. -->","yoast_head_json":{"title":"SIDIM XXXV (2020) - ELICIT-Math","robots":{"index":"index","follow":"follow","max-snippet":"max-snippet:-1","max-image-preview":"max-image-preview:large","max-video-preview":"max-video-preview:-1"},"canonical":"https:\/\/cie.uprrp.edu\/elicit-math\/conferencias\/sidim-xxxv-2020\/","og_locale":"en_US","og_type":"article","og_title":"SIDIM XXXV (2020) - ELICIT-Math","og_description":"Libro de res\u00famenes &#8211; SIDIM 2020 Developing Technological Pedagogical Content Knowledge of Pre-Service Math Teachers C\u00f3mo citar: Hern\u00e1ndez Rodr\u00edguez, O., Villafa\u00f1e Cepeda, W., &amp; Gonz\u00e1lez, G. (2020, marzo 6-7). Developing Technological Pedagogical Content Knowledge of PreService Math Teachers [Charla Concurrente]. &hellip;","og_url":"https:\/\/cie.uprrp.edu\/elicit-math\/conferencias\/sidim-xxxv-2020\/","og_site_name":"ELICIT-Math","article_modified_time":"2022-12-08T18:44:40+00:00","og_image":[{"url":"https:\/\/cie.uprrp.edu\/elicit-math\/wp-content\/uploads\/sites\/13\/2022\/12\/sidim2020-663x1024.png","type":"","width":"","height":""}],"twitter_card":"summary_large_image","twitter_misc":{"Est. reading time":"2 minutes"},"schema":{"@context":"https:\/\/schema.org","@graph":[{"@type":"WebPage","@id":"https:\/\/cie.uprrp.edu\/elicit-math\/conferencias\/sidim-xxxv-2020\/","url":"https:\/\/cie.uprrp.edu\/elicit-math\/conferencias\/sidim-xxxv-2020\/","name":"SIDIM XXXV (2020) - ELICIT-Math","isPartOf":{"@id":"https:\/\/cie.uprrp.edu\/elicit-math\/#website"},"primaryImageOfPage":{"@id":"https:\/\/cie.uprrp.edu\/elicit-math\/conferencias\/sidim-xxxv-2020\/#primaryimage"},"image":{"@id":"https:\/\/cie.uprrp.edu\/elicit-math\/conferencias\/sidim-xxxv-2020\/#primaryimage"},"thumbnailUrl":"https:\/\/cie.uprrp.edu\/elicit-math\/wp-content\/uploads\/sites\/13\/2022\/12\/sidim2020-663x1024.png","datePublished":"2022-12-06T17:26:18+00:00","dateModified":"2022-12-08T18:44:40+00:00","breadcrumb":{"@id":"https:\/\/cie.uprrp.edu\/elicit-math\/conferencias\/sidim-xxxv-2020\/#breadcrumb"},"inLanguage":"en-US","potentialAction":[{"@type":"ReadAction","target":["https:\/\/cie.uprrp.edu\/elicit-math\/conferencias\/sidim-xxxv-2020\/"]}]},{"@type":"ImageObject","inLanguage":"en-US","@id":"https:\/\/cie.uprrp.edu\/elicit-math\/conferencias\/sidim-xxxv-2020\/#primaryimage","url":"https:\/\/cie.uprrp.edu\/elicit-math\/wp-content\/uploads\/sites\/13\/2022\/12\/sidim2020.png","contentUrl":"https:\/\/cie.uprrp.edu\/elicit-math\/wp-content\/uploads\/sites\/13\/2022\/12\/sidim2020.png","width":1280,"height":1978,"caption":"SIDIM 2020"},{"@type":"BreadcrumbList","@id":"https:\/\/cie.uprrp.edu\/elicit-math\/conferencias\/sidim-xxxv-2020\/#breadcrumb","itemListElement":[{"@type":"ListItem","position":1,"name":"Home","item":"https:\/\/cie.uprrp.edu\/elicit-math\/"},{"@type":"ListItem","position":2,"name":"Conferencias","item":"https:\/\/cie.uprrp.edu\/elicit-math\/conferencias\/"},{"@type":"ListItem","position":3,"name":"SIDIM XXXV (2020)"}]},{"@type":"WebSite","@id":"https:\/\/cie.uprrp.edu\/elicit-math\/#website","url":"https:\/\/cie.uprrp.edu\/elicit-math\/","name":"ELICIT-Math","description":"Developing Technological Pedagogical Content Knowledge of Pre-service Math Teachers","potentialAction":[{"@type":"SearchAction","target":{"@type":"EntryPoint","urlTemplate":"https:\/\/cie.uprrp.edu\/elicit-math\/?s={search_term_string}"},"query-input":{"@type":"PropertyValueSpecification","valueRequired":true,"valueName":"search_term_string"}}],"inLanguage":"en-US"}]}},"_links":{"self":[{"href":"https:\/\/cie.uprrp.edu\/elicit-math\/wp-json\/wp\/v2\/pages\/16883","targetHints":{"allow":["GET"]}}],"collection":[{"href":"https:\/\/cie.uprrp.edu\/elicit-math\/wp-json\/wp\/v2\/pages"}],"about":[{"href":"https:\/\/cie.uprrp.edu\/elicit-math\/wp-json\/wp\/v2\/types\/page"}],"author":[{"embeddable":true,"href":"https:\/\/cie.uprrp.edu\/elicit-math\/wp-json\/wp\/v2\/users\/10"}],"replies":[{"embeddable":true,"href":"https:\/\/cie.uprrp.edu\/elicit-math\/wp-json\/wp\/v2\/comments?post=16883"}],"version-history":[{"count":5,"href":"https:\/\/cie.uprrp.edu\/elicit-math\/wp-json\/wp\/v2\/pages\/16883\/revisions"}],"predecessor-version":[{"id":17135,"href":"https:\/\/cie.uprrp.edu\/elicit-math\/wp-json\/wp\/v2\/pages\/16883\/revisions\/17135"}],"up":[{"embeddable":true,"href":"https:\/\/cie.uprrp.edu\/elicit-math\/wp-json\/wp\/v2\/pages\/16794"}],"wp:attachment":[{"href":"https:\/\/cie.uprrp.edu\/elicit-math\/wp-json\/wp\/v2\/media?parent=16883"}],"curies":[{"name":"wp","href":"https:\/\/api.w.org\/{rel}","templated":true}]}}