{"id":16962,"date":"2022-12-06T15:30:16","date_gmt":"2022-12-06T19:30:16","guid":{"rendered":"https:\/\/cie.uprrp.edu\/elicit-math\/?page_id=16962"},"modified":"2024-01-24T10:04:51","modified_gmt":"2024-01-24T14:04:51","slug":"omar-hernandez-rodriguez","status":"publish","type":"page","link":"https:\/\/cie.uprrp.edu\/elicit-math\/omar-hernandez-rodriguez\/","title":{"rendered":"Omar Hern\u00e1ndez-Rodr\u00edguez"},"content":{"rendered":"<p><img loading=\"lazy\" decoding=\"async\" width=\"251\" height=\"251\" src=\"https:\/\/cie.uprrp.edu\/elicit-math\/wp-content\/uploads\/sites\/13\/2024\/01\/omar.jpg\" alt=\"Foto de Omar Hern\u00e1ndez\" srcset=\"https:\/\/cie.uprrp.edu\/elicit-math\/wp-content\/uploads\/sites\/13\/2024\/01\/omar.jpg 251w, https:\/\/cie.uprrp.edu\/elicit-math\/wp-content\/uploads\/sites\/13\/2024\/01\/omar-150x150.jpg 150w, https:\/\/cie.uprrp.edu\/elicit-math\/wp-content\/uploads\/sites\/13\/2024\/01\/omar-65x65.jpg 65w\" sizes=\"auto, (max-width: 251px) 100vw, 251px\" \/>\t\t\t\t\t\t\t\t\t\t\t\t\t\t\t<\/p>\n<h2>Omar Hern\u00e1ndez-Rodr\u00edguez<\/h2>\n<p dir=\"ltr\"><strong>Investigador principal<\/strong><br \/><a href=\"mailto:omar.hernandez4@upr.edu\"><strong>omar.hern\u00e1ndez4@upr.edu<\/strong><\/a><\/p>\n<p dir=\"ltr\">Omar Hern\u00e1ndez Rodr\u00edguez es profesor del Departamento de Estudios Graduados de la Facultad de Educaci\u00f3n de la Universidad de Puerto Rico, Recinto de R\u00edo Piedras desde el a\u00f1o 2007. Trabaj\u00f3 como profesor de matem\u00e1ticas a nivel sub-graduado por 20 a\u00f1os. Posee un doctorado en Curr\u00edculo y Ense\u00f1anza de las Matem\u00e1ticas de la Universidad de Puerto Rico, una Maestr\u00eda en Ciencias con especialidad en Matem\u00e1tica Aplicada de Purdue University y una Licenciatura en pedagog\u00eda con especialidad en matem\u00e1ticas de la Universidad Pedag\u00f3gica Nacional de Colombia. Es co-autor de varias publicaciones y libros sobre soluci\u00f3n de problemas, razonamiento matem\u00e1tico, historia de las matem\u00e1ticas y sentido num\u00e9rico. Tambi\u00e9n ha sido conferenciante en los Congresos Internacionales ICME (2008), RELME (2004, 2009), Simposio Latinoamericano de Integraci\u00f3n de la Tecnolog\u00eda al aula (2009, 2010, 2011, 2012), Encuentro Colombiano de Matem\u00e1tica Educativa (2010, 2011), Teachers Teaching with Technology International Conference (2011, 2012, 2014), Primer y Segundo Congreso de Educaci\u00f3n Matem\u00e1tica de Am\u00e9rica Central y El Caribe (2013, 2017).<\/p>\n<p dir=\"ltr\">Actualmente es el investigador principal del proyecto<em> Developing Technological Pedagogical Content Knowledge of Pre-service Math Teachers by Enhancement of a Methods Course Using Instrumental Orchestration and Lesson Study Strategies<\/em> una iniciativa colaborativa con el Programa Subgraduado de Educaci\u00f3n Matem\u00e1tica de la UPR y la Universidad de Illinois. Este proyecto se est\u00e1 implantando en la Escuela Secundaria de la Universidad y se encuentra en el segundo a\u00f1o. Al momento hemos redactado y sometido varios art\u00edculos a revistas profesionales arbitradas, algunos de los cuales ya han sido publicados.<\/p>\n","protected":false},"excerpt":{"rendered":"<p>Omar Hern\u00e1ndez-Rodr\u00edguez Investigador principalomar.hern\u00e1ndez4@upr.edu Omar Hern\u00e1ndez Rodr\u00edguez es profesor del Departamento de Estudios Graduados de la Facultad de Educaci\u00f3n de la Universidad de Puerto Rico, Recinto de R\u00edo Piedras desde el a\u00f1o 2007. Trabaj\u00f3 como profesor de matem\u00e1ticas a nivel &hellip; <\/p>\n","protected":false},"author":10,"featured_media":0,"parent":0,"menu_order":0,"comment_status":"closed","ping_status":"closed","template":"","meta":{"footnotes":""},"class_list":["post-16962","page","type-page","status-publish","hentry"],"yoast_head":"<!-- This site is optimized with the Yoast SEO plugin v27.3 - https:\/\/yoast.com\/product\/yoast-seo-wordpress\/ -->\n<title>Omar Hern\u00e1ndez-Rodr\u00edguez - ELICIT-Math<\/title>\n<meta name=\"robots\" content=\"index, follow, max-snippet:-1, max-image-preview:large, max-video-preview:-1\" \/>\n<link rel=\"canonical\" href=\"https:\/\/cie.uprrp.edu\/elicit-math\/omar-hernandez-rodriguez\/\" \/>\n<meta property=\"og:locale\" content=\"en_US\" \/>\n<meta property=\"og:type\" content=\"article\" \/>\n<meta property=\"og:title\" content=\"Omar Hern\u00e1ndez-Rodr\u00edguez - ELICIT-Math\" \/>\n<meta property=\"og:description\" content=\"Omar Hern\u00e1ndez-Rodr\u00edguez Investigador principalomar.hern\u00e1ndez4@upr.edu Omar Hern\u00e1ndez Rodr\u00edguez es profesor del Departamento de Estudios Graduados de la Facultad de Educaci\u00f3n de la Universidad de Puerto Rico, Recinto de R\u00edo Piedras desde el a\u00f1o 2007. Trabaj\u00f3 como profesor de matem\u00e1ticas a nivel &hellip;\" \/>\n<meta property=\"og:url\" content=\"https:\/\/cie.uprrp.edu\/elicit-math\/omar-hernandez-rodriguez\/\" \/>\n<meta property=\"og:site_name\" content=\"ELICIT-Math\" \/>\n<meta property=\"article:modified_time\" content=\"2024-01-24T14:04:51+00:00\" \/>\n<meta property=\"og:image\" content=\"https:\/\/cie.uprrp.edu\/elicit-math\/wp-content\/uploads\/sites\/13\/2024\/01\/omar.jpg\" \/>\n<meta name=\"twitter:card\" content=\"summary_large_image\" \/>\n<meta name=\"twitter:label1\" content=\"Est. reading time\" \/>\n\t<meta name=\"twitter:data1\" content=\"2 minutes\" \/>\n<script type=\"application\/ld+json\" class=\"yoast-schema-graph\">{\"@context\":\"https:\\\/\\\/schema.org\",\"@graph\":[{\"@type\":\"WebPage\",\"@id\":\"https:\\\/\\\/cie.uprrp.edu\\\/elicit-math\\\/omar-hernandez-rodriguez\\\/\",\"url\":\"https:\\\/\\\/cie.uprrp.edu\\\/elicit-math\\\/omar-hernandez-rodriguez\\\/\",\"name\":\"Omar Hern\u00e1ndez-Rodr\u00edguez - ELICIT-Math\",\"isPartOf\":{\"@id\":\"https:\\\/\\\/cie.uprrp.edu\\\/elicit-math\\\/#website\"},\"primaryImageOfPage\":{\"@id\":\"https:\\\/\\\/cie.uprrp.edu\\\/elicit-math\\\/omar-hernandez-rodriguez\\\/#primaryimage\"},\"image\":{\"@id\":\"https:\\\/\\\/cie.uprrp.edu\\\/elicit-math\\\/omar-hernandez-rodriguez\\\/#primaryimage\"},\"thumbnailUrl\":\"https:\\\/\\\/cie.uprrp.edu\\\/elicit-math\\\/wp-content\\\/uploads\\\/sites\\\/13\\\/2024\\\/01\\\/omar.jpg\",\"datePublished\":\"2022-12-06T19:30:16+00:00\",\"dateModified\":\"2024-01-24T14:04:51+00:00\",\"breadcrumb\":{\"@id\":\"https:\\\/\\\/cie.uprrp.edu\\\/elicit-math\\\/omar-hernandez-rodriguez\\\/#breadcrumb\"},\"inLanguage\":\"en-US\",\"potentialAction\":[{\"@type\":\"ReadAction\",\"target\":[\"https:\\\/\\\/cie.uprrp.edu\\\/elicit-math\\\/omar-hernandez-rodriguez\\\/\"]}]},{\"@type\":\"ImageObject\",\"inLanguage\":\"en-US\",\"@id\":\"https:\\\/\\\/cie.uprrp.edu\\\/elicit-math\\\/omar-hernandez-rodriguez\\\/#primaryimage\",\"url\":\"https:\\\/\\\/cie.uprrp.edu\\\/elicit-math\\\/wp-content\\\/uploads\\\/sites\\\/13\\\/2024\\\/01\\\/omar.jpg\",\"contentUrl\":\"https:\\\/\\\/cie.uprrp.edu\\\/elicit-math\\\/wp-content\\\/uploads\\\/sites\\\/13\\\/2024\\\/01\\\/omar.jpg\",\"width\":251,\"height\":251,\"caption\":\"Foto de Omar Hern\u00e1ndez\"},{\"@type\":\"BreadcrumbList\",\"@id\":\"https:\\\/\\\/cie.uprrp.edu\\\/elicit-math\\\/omar-hernandez-rodriguez\\\/#breadcrumb\",\"itemListElement\":[{\"@type\":\"ListItem\",\"position\":1,\"name\":\"Home\",\"item\":\"https:\\\/\\\/cie.uprrp.edu\\\/elicit-math\\\/\"},{\"@type\":\"ListItem\",\"position\":2,\"name\":\"Omar Hern\u00e1ndez-Rodr\u00edguez\"}]},{\"@type\":\"WebSite\",\"@id\":\"https:\\\/\\\/cie.uprrp.edu\\\/elicit-math\\\/#website\",\"url\":\"https:\\\/\\\/cie.uprrp.edu\\\/elicit-math\\\/\",\"name\":\"ELICIT-Math\",\"description\":\"Developing Technological Pedagogical Content Knowledge of Pre-service Math Teachers\",\"potentialAction\":[{\"@type\":\"SearchAction\",\"target\":{\"@type\":\"EntryPoint\",\"urlTemplate\":\"https:\\\/\\\/cie.uprrp.edu\\\/elicit-math\\\/?s={search_term_string}\"},\"query-input\":{\"@type\":\"PropertyValueSpecification\",\"valueRequired\":true,\"valueName\":\"search_term_string\"}}],\"inLanguage\":\"en-US\"}]}<\/script>\n<!-- \/ Yoast SEO plugin. -->","yoast_head_json":{"title":"Omar Hern\u00e1ndez-Rodr\u00edguez - ELICIT-Math","robots":{"index":"index","follow":"follow","max-snippet":"max-snippet:-1","max-image-preview":"max-image-preview:large","max-video-preview":"max-video-preview:-1"},"canonical":"https:\/\/cie.uprrp.edu\/elicit-math\/omar-hernandez-rodriguez\/","og_locale":"en_US","og_type":"article","og_title":"Omar Hern\u00e1ndez-Rodr\u00edguez - ELICIT-Math","og_description":"Omar Hern\u00e1ndez-Rodr\u00edguez Investigador principalomar.hern\u00e1ndez4@upr.edu Omar Hern\u00e1ndez Rodr\u00edguez es profesor del Departamento de Estudios Graduados de la Facultad de Educaci\u00f3n de la Universidad de Puerto Rico, Recinto de R\u00edo Piedras desde el a\u00f1o 2007. Trabaj\u00f3 como profesor de matem\u00e1ticas a nivel &hellip;","og_url":"https:\/\/cie.uprrp.edu\/elicit-math\/omar-hernandez-rodriguez\/","og_site_name":"ELICIT-Math","article_modified_time":"2024-01-24T14:04:51+00:00","og_image":[{"url":"https:\/\/cie.uprrp.edu\/elicit-math\/wp-content\/uploads\/sites\/13\/2024\/01\/omar.jpg","type":"","width":"","height":""}],"twitter_card":"summary_large_image","twitter_misc":{"Est. reading time":"2 minutes"},"schema":{"@context":"https:\/\/schema.org","@graph":[{"@type":"WebPage","@id":"https:\/\/cie.uprrp.edu\/elicit-math\/omar-hernandez-rodriguez\/","url":"https:\/\/cie.uprrp.edu\/elicit-math\/omar-hernandez-rodriguez\/","name":"Omar Hern\u00e1ndez-Rodr\u00edguez - ELICIT-Math","isPartOf":{"@id":"https:\/\/cie.uprrp.edu\/elicit-math\/#website"},"primaryImageOfPage":{"@id":"https:\/\/cie.uprrp.edu\/elicit-math\/omar-hernandez-rodriguez\/#primaryimage"},"image":{"@id":"https:\/\/cie.uprrp.edu\/elicit-math\/omar-hernandez-rodriguez\/#primaryimage"},"thumbnailUrl":"https:\/\/cie.uprrp.edu\/elicit-math\/wp-content\/uploads\/sites\/13\/2024\/01\/omar.jpg","datePublished":"2022-12-06T19:30:16+00:00","dateModified":"2024-01-24T14:04:51+00:00","breadcrumb":{"@id":"https:\/\/cie.uprrp.edu\/elicit-math\/omar-hernandez-rodriguez\/#breadcrumb"},"inLanguage":"en-US","potentialAction":[{"@type":"ReadAction","target":["https:\/\/cie.uprrp.edu\/elicit-math\/omar-hernandez-rodriguez\/"]}]},{"@type":"ImageObject","inLanguage":"en-US","@id":"https:\/\/cie.uprrp.edu\/elicit-math\/omar-hernandez-rodriguez\/#primaryimage","url":"https:\/\/cie.uprrp.edu\/elicit-math\/wp-content\/uploads\/sites\/13\/2024\/01\/omar.jpg","contentUrl":"https:\/\/cie.uprrp.edu\/elicit-math\/wp-content\/uploads\/sites\/13\/2024\/01\/omar.jpg","width":251,"height":251,"caption":"Foto de Omar Hern\u00e1ndez"},{"@type":"BreadcrumbList","@id":"https:\/\/cie.uprrp.edu\/elicit-math\/omar-hernandez-rodriguez\/#breadcrumb","itemListElement":[{"@type":"ListItem","position":1,"name":"Home","item":"https:\/\/cie.uprrp.edu\/elicit-math\/"},{"@type":"ListItem","position":2,"name":"Omar Hern\u00e1ndez-Rodr\u00edguez"}]},{"@type":"WebSite","@id":"https:\/\/cie.uprrp.edu\/elicit-math\/#website","url":"https:\/\/cie.uprrp.edu\/elicit-math\/","name":"ELICIT-Math","description":"Developing Technological Pedagogical Content Knowledge of Pre-service Math Teachers","potentialAction":[{"@type":"SearchAction","target":{"@type":"EntryPoint","urlTemplate":"https:\/\/cie.uprrp.edu\/elicit-math\/?s={search_term_string}"},"query-input":{"@type":"PropertyValueSpecification","valueRequired":true,"valueName":"search_term_string"}}],"inLanguage":"en-US"}]}},"_links":{"self":[{"href":"https:\/\/cie.uprrp.edu\/elicit-math\/wp-json\/wp\/v2\/pages\/16962","targetHints":{"allow":["GET"]}}],"collection":[{"href":"https:\/\/cie.uprrp.edu\/elicit-math\/wp-json\/wp\/v2\/pages"}],"about":[{"href":"https:\/\/cie.uprrp.edu\/elicit-math\/wp-json\/wp\/v2\/types\/page"}],"author":[{"embeddable":true,"href":"https:\/\/cie.uprrp.edu\/elicit-math\/wp-json\/wp\/v2\/users\/10"}],"replies":[{"embeddable":true,"href":"https:\/\/cie.uprrp.edu\/elicit-math\/wp-json\/wp\/v2\/comments?post=16962"}],"version-history":[{"count":8,"href":"https:\/\/cie.uprrp.edu\/elicit-math\/wp-json\/wp\/v2\/pages\/16962\/revisions"}],"predecessor-version":[{"id":17195,"href":"https:\/\/cie.uprrp.edu\/elicit-math\/wp-json\/wp\/v2\/pages\/16962\/revisions\/17195"}],"wp:attachment":[{"href":"https:\/\/cie.uprrp.edu\/elicit-math\/wp-json\/wp\/v2\/media?parent=16962"}],"curies":[{"name":"wp","href":"https:\/\/api.w.org\/{rel}","templated":true}]}}