{"id":16983,"date":"2022-12-06T15:43:04","date_gmt":"2022-12-06T19:43:04","guid":{"rendered":"https:\/\/cie.uprrp.edu\/elicit-math\/?page_id=16983"},"modified":"2024-01-24T10:12:39","modified_gmt":"2024-01-24T14:12:39","slug":"juliette-moreno","status":"publish","type":"page","link":"https:\/\/cie.uprrp.edu\/elicit-math\/juliette-moreno\/","title":{"rendered":"Juliette Moreno"},"content":{"rendered":"<p><img loading=\"lazy\" decoding=\"async\" width=\"640\" height=\"762\" src=\"https:\/\/cie.uprrp.edu\/elicit-math\/wp-content\/uploads\/sites\/13\/2024\/01\/Juliette-Moreno-860x1024.jpg\" alt=\"Foto de Juliette Moreno\" srcset=\"https:\/\/cie.uprrp.edu\/elicit-math\/wp-content\/uploads\/sites\/13\/2024\/01\/Juliette-Moreno-860x1024.jpg 860w, https:\/\/cie.uprrp.edu\/elicit-math\/wp-content\/uploads\/sites\/13\/2024\/01\/Juliette-Moreno-252x300.jpg 252w, https:\/\/cie.uprrp.edu\/elicit-math\/wp-content\/uploads\/sites\/13\/2024\/01\/Juliette-Moreno-768x914.jpg 768w, https:\/\/cie.uprrp.edu\/elicit-math\/wp-content\/uploads\/sites\/13\/2024\/01\/Juliette-Moreno.jpg 1280w\" sizes=\"auto, (max-width: 640px) 100vw, 640px\" \/>\t\t\t\t\t\t\t\t\t\t\t\t\t\t\t<\/p>\n<h2>Juliette M. Moreno Concepci\u00f3n<\/h2>\n<p><strong>Asistente de investigaci\u00f3n<\/strong><br \/><a href=\"mailto:juliette.moreno@upr.edu\"><strong>juliette.moreno@upr.edu<\/strong><\/a><\/p>\n<p>Juliette M. Moreno Concepci\u00f3n es estudiante doctoral de nuevo ingreso del Programa de Liderazgo en Organizaciones Educativas del Departamento de Estudios Graduados de la Facultad de Educaci\u00f3n de la Universidad de Puerto Rico, Recinto de R\u00edo Piedras. Posee una Maestr\u00eda en Curr\u00edculo y Ense\u00f1anza con una subespecialidad en Educaci\u00f3n Matem\u00e1tica y un Bachillerato en Artes de Educaci\u00f3n Secundaria con concentraci\u00f3n en F\u00edsica y una segunda concentraci\u00f3n en Matem\u00e1ticas, ambos de la Universidad de Puerto Rico, Recinto de R\u00edo Piedras. Actualmente funge como tutora de Matem\u00e1ticas en el Centro de Aprendizaje Ed\u00facate ubicado en San Juan, Puerto Rico y es asistente de investigaci\u00f3n del proyecto <em>Developing Technological Pedagogical Content Knowledge of Pre-service Math Teachers by Enhancement of a Methods Course Using Instrumental Orchestration and Lesson Study Strategies<\/em>, una iniciativa de la Universidad de Puerto Rico, Recinto de R\u00edo Piedras y la Universidad de Illinois, Recinto Urbana-Champaign. Gracias a su participaci\u00f3n en este Proyecto es co-autora de una publicaci\u00f3n, la cu\u00e1l present\u00f3 junto a sus compa\u00f1eros en el Cap\u00edtulo Norteamericano del Grupo Internacional de Psicolog\u00eda de la Educaci\u00f3n Matem\u00e1tica (PME-NA seg\u00fan sus siglas en ingl\u00e9s).<\/p>\n","protected":false},"excerpt":{"rendered":"<p>Juliette M. Moreno Concepci\u00f3n Asistente de investigaci\u00f3njuliette.moreno@upr.edu Juliette M. Moreno Concepci\u00f3n es estudiante doctoral de nuevo ingreso del Programa de Liderazgo en Organizaciones Educativas del Departamento de Estudios Graduados de la Facultad de Educaci\u00f3n de la Universidad de Puerto Rico, &hellip; <\/p>\n","protected":false},"author":10,"featured_media":0,"parent":0,"menu_order":0,"comment_status":"closed","ping_status":"closed","template":"","meta":{"footnotes":""},"class_list":["post-16983","page","type-page","status-publish","hentry"],"yoast_head":"<!-- This site is optimized with the Yoast SEO plugin v27.3 - https:\/\/yoast.com\/product\/yoast-seo-wordpress\/ -->\n<title>Juliette Moreno - ELICIT-Math<\/title>\n<meta name=\"robots\" content=\"index, follow, max-snippet:-1, max-image-preview:large, max-video-preview:-1\" \/>\n<link rel=\"canonical\" href=\"https:\/\/cie.uprrp.edu\/elicit-math\/juliette-moreno\/\" \/>\n<meta property=\"og:locale\" content=\"en_US\" \/>\n<meta property=\"og:type\" content=\"article\" \/>\n<meta property=\"og:title\" content=\"Juliette Moreno - ELICIT-Math\" \/>\n<meta property=\"og:description\" content=\"Juliette M. Moreno Concepci\u00f3n Asistente de investigaci\u00f3njuliette.moreno@upr.edu Juliette M. Moreno Concepci\u00f3n es estudiante doctoral de nuevo ingreso del Programa de Liderazgo en Organizaciones Educativas del Departamento de Estudios Graduados de la Facultad de Educaci\u00f3n de la Universidad de Puerto Rico, &hellip;\" \/>\n<meta property=\"og:url\" content=\"https:\/\/cie.uprrp.edu\/elicit-math\/juliette-moreno\/\" \/>\n<meta property=\"og:site_name\" content=\"ELICIT-Math\" \/>\n<meta property=\"article:modified_time\" content=\"2024-01-24T14:12:39+00:00\" \/>\n<meta property=\"og:image\" content=\"https:\/\/cie.uprrp.edu\/elicit-math\/wp-content\/uploads\/sites\/13\/2024\/01\/Juliette-Moreno-860x1024.jpg\" \/>\n<meta name=\"twitter:card\" content=\"summary_large_image\" \/>\n<meta name=\"twitter:label1\" content=\"Est. reading time\" \/>\n\t<meta name=\"twitter:data1\" content=\"2 minutes\" \/>\n<script type=\"application\/ld+json\" class=\"yoast-schema-graph\">{\"@context\":\"https:\\\/\\\/schema.org\",\"@graph\":[{\"@type\":\"WebPage\",\"@id\":\"https:\\\/\\\/cie.uprrp.edu\\\/elicit-math\\\/juliette-moreno\\\/\",\"url\":\"https:\\\/\\\/cie.uprrp.edu\\\/elicit-math\\\/juliette-moreno\\\/\",\"name\":\"Juliette Moreno - ELICIT-Math\",\"isPartOf\":{\"@id\":\"https:\\\/\\\/cie.uprrp.edu\\\/elicit-math\\\/#website\"},\"primaryImageOfPage\":{\"@id\":\"https:\\\/\\\/cie.uprrp.edu\\\/elicit-math\\\/juliette-moreno\\\/#primaryimage\"},\"image\":{\"@id\":\"https:\\\/\\\/cie.uprrp.edu\\\/elicit-math\\\/juliette-moreno\\\/#primaryimage\"},\"thumbnailUrl\":\"https:\\\/\\\/cie.uprrp.edu\\\/elicit-math\\\/wp-content\\\/uploads\\\/sites\\\/13\\\/2024\\\/01\\\/Juliette-Moreno-860x1024.jpg\",\"datePublished\":\"2022-12-06T19:43:04+00:00\",\"dateModified\":\"2024-01-24T14:12:39+00:00\",\"breadcrumb\":{\"@id\":\"https:\\\/\\\/cie.uprrp.edu\\\/elicit-math\\\/juliette-moreno\\\/#breadcrumb\"},\"inLanguage\":\"en-US\",\"potentialAction\":[{\"@type\":\"ReadAction\",\"target\":[\"https:\\\/\\\/cie.uprrp.edu\\\/elicit-math\\\/juliette-moreno\\\/\"]}]},{\"@type\":\"ImageObject\",\"inLanguage\":\"en-US\",\"@id\":\"https:\\\/\\\/cie.uprrp.edu\\\/elicit-math\\\/juliette-moreno\\\/#primaryimage\",\"url\":\"https:\\\/\\\/cie.uprrp.edu\\\/elicit-math\\\/wp-content\\\/uploads\\\/sites\\\/13\\\/2024\\\/01\\\/Juliette-Moreno.jpg\",\"contentUrl\":\"https:\\\/\\\/cie.uprrp.edu\\\/elicit-math\\\/wp-content\\\/uploads\\\/sites\\\/13\\\/2024\\\/01\\\/Juliette-Moreno.jpg\",\"width\":1280,\"height\":1524,\"caption\":\"Foto de Juliette Moreno\"},{\"@type\":\"BreadcrumbList\",\"@id\":\"https:\\\/\\\/cie.uprrp.edu\\\/elicit-math\\\/juliette-moreno\\\/#breadcrumb\",\"itemListElement\":[{\"@type\":\"ListItem\",\"position\":1,\"name\":\"Home\",\"item\":\"https:\\\/\\\/cie.uprrp.edu\\\/elicit-math\\\/\"},{\"@type\":\"ListItem\",\"position\":2,\"name\":\"Juliette Moreno\"}]},{\"@type\":\"WebSite\",\"@id\":\"https:\\\/\\\/cie.uprrp.edu\\\/elicit-math\\\/#website\",\"url\":\"https:\\\/\\\/cie.uprrp.edu\\\/elicit-math\\\/\",\"name\":\"ELICIT-Math\",\"description\":\"Developing Technological Pedagogical Content Knowledge of Pre-service Math Teachers\",\"potentialAction\":[{\"@type\":\"SearchAction\",\"target\":{\"@type\":\"EntryPoint\",\"urlTemplate\":\"https:\\\/\\\/cie.uprrp.edu\\\/elicit-math\\\/?s={search_term_string}\"},\"query-input\":{\"@type\":\"PropertyValueSpecification\",\"valueRequired\":true,\"valueName\":\"search_term_string\"}}],\"inLanguage\":\"en-US\"}]}<\/script>\n<!-- \/ Yoast SEO plugin. -->","yoast_head_json":{"title":"Juliette Moreno - ELICIT-Math","robots":{"index":"index","follow":"follow","max-snippet":"max-snippet:-1","max-image-preview":"max-image-preview:large","max-video-preview":"max-video-preview:-1"},"canonical":"https:\/\/cie.uprrp.edu\/elicit-math\/juliette-moreno\/","og_locale":"en_US","og_type":"article","og_title":"Juliette Moreno - ELICIT-Math","og_description":"Juliette M. Moreno Concepci\u00f3n Asistente de investigaci\u00f3njuliette.moreno@upr.edu Juliette M. Moreno Concepci\u00f3n es estudiante doctoral de nuevo ingreso del Programa de Liderazgo en Organizaciones Educativas del Departamento de Estudios Graduados de la Facultad de Educaci\u00f3n de la Universidad de Puerto Rico, &hellip;","og_url":"https:\/\/cie.uprrp.edu\/elicit-math\/juliette-moreno\/","og_site_name":"ELICIT-Math","article_modified_time":"2024-01-24T14:12:39+00:00","og_image":[{"url":"https:\/\/cie.uprrp.edu\/elicit-math\/wp-content\/uploads\/sites\/13\/2024\/01\/Juliette-Moreno-860x1024.jpg","type":"","width":"","height":""}],"twitter_card":"summary_large_image","twitter_misc":{"Est. reading time":"2 minutes"},"schema":{"@context":"https:\/\/schema.org","@graph":[{"@type":"WebPage","@id":"https:\/\/cie.uprrp.edu\/elicit-math\/juliette-moreno\/","url":"https:\/\/cie.uprrp.edu\/elicit-math\/juliette-moreno\/","name":"Juliette Moreno - ELICIT-Math","isPartOf":{"@id":"https:\/\/cie.uprrp.edu\/elicit-math\/#website"},"primaryImageOfPage":{"@id":"https:\/\/cie.uprrp.edu\/elicit-math\/juliette-moreno\/#primaryimage"},"image":{"@id":"https:\/\/cie.uprrp.edu\/elicit-math\/juliette-moreno\/#primaryimage"},"thumbnailUrl":"https:\/\/cie.uprrp.edu\/elicit-math\/wp-content\/uploads\/sites\/13\/2024\/01\/Juliette-Moreno-860x1024.jpg","datePublished":"2022-12-06T19:43:04+00:00","dateModified":"2024-01-24T14:12:39+00:00","breadcrumb":{"@id":"https:\/\/cie.uprrp.edu\/elicit-math\/juliette-moreno\/#breadcrumb"},"inLanguage":"en-US","potentialAction":[{"@type":"ReadAction","target":["https:\/\/cie.uprrp.edu\/elicit-math\/juliette-moreno\/"]}]},{"@type":"ImageObject","inLanguage":"en-US","@id":"https:\/\/cie.uprrp.edu\/elicit-math\/juliette-moreno\/#primaryimage","url":"https:\/\/cie.uprrp.edu\/elicit-math\/wp-content\/uploads\/sites\/13\/2024\/01\/Juliette-Moreno.jpg","contentUrl":"https:\/\/cie.uprrp.edu\/elicit-math\/wp-content\/uploads\/sites\/13\/2024\/01\/Juliette-Moreno.jpg","width":1280,"height":1524,"caption":"Foto de Juliette Moreno"},{"@type":"BreadcrumbList","@id":"https:\/\/cie.uprrp.edu\/elicit-math\/juliette-moreno\/#breadcrumb","itemListElement":[{"@type":"ListItem","position":1,"name":"Home","item":"https:\/\/cie.uprrp.edu\/elicit-math\/"},{"@type":"ListItem","position":2,"name":"Juliette Moreno"}]},{"@type":"WebSite","@id":"https:\/\/cie.uprrp.edu\/elicit-math\/#website","url":"https:\/\/cie.uprrp.edu\/elicit-math\/","name":"ELICIT-Math","description":"Developing Technological Pedagogical Content Knowledge of Pre-service Math Teachers","potentialAction":[{"@type":"SearchAction","target":{"@type":"EntryPoint","urlTemplate":"https:\/\/cie.uprrp.edu\/elicit-math\/?s={search_term_string}"},"query-input":{"@type":"PropertyValueSpecification","valueRequired":true,"valueName":"search_term_string"}}],"inLanguage":"en-US"}]}},"_links":{"self":[{"href":"https:\/\/cie.uprrp.edu\/elicit-math\/wp-json\/wp\/v2\/pages\/16983","targetHints":{"allow":["GET"]}}],"collection":[{"href":"https:\/\/cie.uprrp.edu\/elicit-math\/wp-json\/wp\/v2\/pages"}],"about":[{"href":"https:\/\/cie.uprrp.edu\/elicit-math\/wp-json\/wp\/v2\/types\/page"}],"author":[{"embeddable":true,"href":"https:\/\/cie.uprrp.edu\/elicit-math\/wp-json\/wp\/v2\/users\/10"}],"replies":[{"embeddable":true,"href":"https:\/\/cie.uprrp.edu\/elicit-math\/wp-json\/wp\/v2\/comments?post=16983"}],"version-history":[{"count":6,"href":"https:\/\/cie.uprrp.edu\/elicit-math\/wp-json\/wp\/v2\/pages\/16983\/revisions"}],"predecessor-version":[{"id":17204,"href":"https:\/\/cie.uprrp.edu\/elicit-math\/wp-json\/wp\/v2\/pages\/16983\/revisions\/17204"}],"wp:attachment":[{"href":"https:\/\/cie.uprrp.edu\/elicit-math\/wp-json\/wp\/v2\/media?parent=16983"}],"curies":[{"name":"wp","href":"https:\/\/api.w.org\/{rel}","templated":true}]}}