{"id":44,"date":"2016-03-02T18:52:13","date_gmt":"2016-03-02T18:52:13","guid":{"rendered":"http:\/\/cie.uprrp.edu\/lecamae\/?page_id=44"},"modified":"2016-03-02T18:52:13","modified_gmt":"2016-03-02T18:52:13","slug":"actividades-variadas","status":"publish","type":"page","link":"https:\/\/cie.uprrp.edu\/lecamae\/actividades-variadas\/","title":{"rendered":"Actividades variadas"},"content":{"rendered":"<h2>Taller para el personal administrativo de SAPIENTIS<br \/>\n14 de marzo de 2013<\/h2>\n<p>Jueves 14 de marzo de 2013 \u2013 El taller <strong>Liderazgo en Organizaciones Educativas: Reto para los Directores de Escuela<\/strong>, fue facilitado por la Dra. Alicia Castillo Ortiz, directora del Proyecto LECAMAE. El taller fue dirigido al personal administrativo de SAPIENTIS, con el objetivo de reflexionar en torno al rol y las responsabilidades del director de escuela, comparar las dimensiones del liderazgo educativo y analizar la importancia del director como figura clave para el \u00e9xito de las escuelas. El taller cont\u00f3 con la participaci\u00f3n de Mariely Rivera (directora ejecutiva de Sapientis), Vilma Llanos (directora de investigaci\u00f3n y pol\u00edtica educativa de Sapientis) y el personal administrativo de la organizaci\u00f3n.<\/p>\n<div align=\"center\">\n<p><iframe loading=\"lazy\" style=\"border: 1px solid #CCC; border-width: 1px; margin-bottom: 5px; max-width: 100%;\" src=\"\/\/www.slideshare.net\/slideshow\/embed_code\/key\/AM6kBWOdS1ReUQ\" width=\"595\" height=\"485\" frameborder=\"0\" marginwidth=\"0\" marginheight=\"0\" scrolling=\"no\" allowfullscreen=\"allowfullscreen\"> <\/iframe><\/p>\n<div style=\"margin-bottom: 5px;\"><strong> <a title=\"Taller de liderazgo para el personal administrativo de Sapientis\" href=\"\/\/www.slideshare.net\/cieupr\/taller-de-liderazgo-para-el-personal-administrativo-de-sapientis\" target=\"_blank\">Taller de liderazgo para el personal administrativo de Sapientis<\/a> <\/strong> from <strong><a href=\"\/\/www.slideshare.net\/cieupr\" target=\"_blank\">Centro de Investigaciones Educativas<\/a><\/strong><\/div>\n<\/div>\n<h2>Presentaci\u00f3n Sapientis del proyecto LECAMAE<\/h2>\n<div align=\"center\"><iframe loading=\"lazy\" style=\"border: 1px solid #CCC; border-width: 1px; margin-bottom: 5px; max-width: 100%;\" src=\"\/\/www.slideshare.net\/slideshow\/embed_code\/key\/2xyThMommE4G4T\" width=\"595\" height=\"485\" frameborder=\"0\" marginwidth=\"0\" marginheight=\"0\" scrolling=\"no\" allowfullscreen=\"allowfullscreen\"> <\/iframe><\/p>\n<div style=\"margin-bottom: 5px;\"><strong> <a title=\"Presentacion LECAMAE, Sapientis\" href=\"\/\/www.slideshare.net\/cieupr\/presentacion-lecamae-sapientis\" target=\"_blank\">Presentacion LECAMAE, Sapientis<\/a> <\/strong> from <strong><a href=\"\/\/www.slideshare.net\/cieupr\" target=\"_blank\">Centro de Investigaciones Educativas<\/a><\/strong><\/div>\n<\/div>\n<h2>Coaching en la Escuela Juanita Garc\u00eda Peraza<\/h2>\n<p>Directora Carmen Dechoudens Ruiz y la Dra. Annette L\u00f3pez de M\u00e9ndez.<\/p>\n","protected":false},"excerpt":{"rendered":"<p>Taller para el personal administrativo de SAPIENTIS 14 de marzo de 2013 Jueves 14 de marzo de 2013 \u2013 El taller Liderazgo en Organizaciones Educativas: Reto para los Directores de Escuela, fue facilitado por la Dra. Alicia Castillo Ortiz, directora del Proyecto LECAMAE. El taller fue dirigido al personal administrativo de SAPIENTIS, con el objetivo [&hellip;]<\/p>\n","protected":false},"author":1,"featured_media":0,"parent":0,"menu_order":0,"comment_status":"closed","ping_status":"closed","template":"","meta":{"footnotes":""},"class_list":["post-44","page","type-page","status-publish","hentry"],"yoast_head":"<!-- This site is optimized with the Yoast SEO plugin v27.2 - https:\/\/yoast.com\/product\/yoast-seo-wordpress\/ -->\n<title>Actividades variadas - LECAMAE:<\/title>\n<meta name=\"robots\" content=\"index, follow, max-snippet:-1, max-image-preview:large, max-video-preview:-1\" \/>\n<link rel=\"canonical\" href=\"https:\/\/cie.uprrp.edu\/lecamae\/actividades-variadas\/\" \/>\n<meta property=\"og:locale\" content=\"en_US\" \/>\n<meta property=\"og:type\" content=\"article\" \/>\n<meta property=\"og:title\" content=\"Actividades variadas - LECAMAE:\" \/>\n<meta property=\"og:description\" content=\"Taller para el personal administrativo de SAPIENTIS 14 de marzo de 2013 Jueves 14 de marzo de 2013 \u2013 El taller Liderazgo en Organizaciones Educativas: Reto para los Directores de Escuela, fue facilitado por la Dra. Alicia Castillo Ortiz, directora del Proyecto LECAMAE. El taller fue dirigido al personal administrativo de SAPIENTIS, con el objetivo [&hellip;]\" \/>\n<meta property=\"og:url\" content=\"https:\/\/cie.uprrp.edu\/lecamae\/actividades-variadas\/\" \/>\n<meta property=\"og:site_name\" content=\"LECAMAE:\" \/>\n<meta name=\"twitter:card\" content=\"summary_large_image\" \/>\n<meta name=\"twitter:label1\" content=\"Est. reading time\" \/>\n\t<meta name=\"twitter:data1\" content=\"1 minute\" \/>\n<script type=\"application\/ld+json\" class=\"yoast-schema-graph\">{\"@context\":\"https:\/\/schema.org\",\"@graph\":[{\"@type\":\"WebPage\",\"@id\":\"https:\/\/cie.uprrp.edu\/lecamae\/actividades-variadas\/\",\"url\":\"https:\/\/cie.uprrp.edu\/lecamae\/actividades-variadas\/\",\"name\":\"Actividades variadas - LECAMAE:\",\"isPartOf\":{\"@id\":\"https:\/\/cie.uprrp.edu\/lecamae\/#website\"},\"datePublished\":\"2016-03-02T18:52:13+00:00\",\"breadcrumb\":{\"@id\":\"https:\/\/cie.uprrp.edu\/lecamae\/actividades-variadas\/#breadcrumb\"},\"inLanguage\":\"en-US\",\"potentialAction\":[{\"@type\":\"ReadAction\",\"target\":[\"https:\/\/cie.uprrp.edu\/lecamae\/actividades-variadas\/\"]}]},{\"@type\":\"BreadcrumbList\",\"@id\":\"https:\/\/cie.uprrp.edu\/lecamae\/actividades-variadas\/#breadcrumb\",\"itemListElement\":[{\"@type\":\"ListItem\",\"position\":1,\"name\":\"Home\",\"item\":\"https:\/\/cie.uprrp.edu\/lecamae\/\"},{\"@type\":\"ListItem\",\"position\":2,\"name\":\"Actividades variadas\"}]},{\"@type\":\"WebSite\",\"@id\":\"https:\/\/cie.uprrp.edu\/lecamae\/#website\",\"url\":\"https:\/\/cie.uprrp.edu\/lecamae\/\",\"name\":\"LECAMAE:\",\"description\":\"L\u00edderes Educativos Comprometidos con el Aprendizaje y que Mejoran el Aprovechamiento Estudiantil\",\"potentialAction\":[{\"@type\":\"SearchAction\",\"target\":{\"@type\":\"EntryPoint\",\"urlTemplate\":\"https:\/\/cie.uprrp.edu\/lecamae\/?s={search_term_string}\"},\"query-input\":{\"@type\":\"PropertyValueSpecification\",\"valueRequired\":true,\"valueName\":\"search_term_string\"}}],\"inLanguage\":\"en-US\"}]}<\/script>\n<!-- \/ Yoast SEO plugin. -->","yoast_head_json":{"title":"Actividades variadas - LECAMAE:","robots":{"index":"index","follow":"follow","max-snippet":"max-snippet:-1","max-image-preview":"max-image-preview:large","max-video-preview":"max-video-preview:-1"},"canonical":"https:\/\/cie.uprrp.edu\/lecamae\/actividades-variadas\/","og_locale":"en_US","og_type":"article","og_title":"Actividades variadas - LECAMAE:","og_description":"Taller para el personal administrativo de SAPIENTIS 14 de marzo de 2013 Jueves 14 de marzo de 2013 \u2013 El taller Liderazgo en Organizaciones Educativas: Reto para los Directores de Escuela, fue facilitado por la Dra. Alicia Castillo Ortiz, directora del Proyecto LECAMAE. El taller fue dirigido al personal administrativo de SAPIENTIS, con el objetivo [&hellip;]","og_url":"https:\/\/cie.uprrp.edu\/lecamae\/actividades-variadas\/","og_site_name":"LECAMAE:","twitter_card":"summary_large_image","twitter_misc":{"Est. reading time":"1 minute"},"schema":{"@context":"https:\/\/schema.org","@graph":[{"@type":"WebPage","@id":"https:\/\/cie.uprrp.edu\/lecamae\/actividades-variadas\/","url":"https:\/\/cie.uprrp.edu\/lecamae\/actividades-variadas\/","name":"Actividades variadas - LECAMAE:","isPartOf":{"@id":"https:\/\/cie.uprrp.edu\/lecamae\/#website"},"datePublished":"2016-03-02T18:52:13+00:00","breadcrumb":{"@id":"https:\/\/cie.uprrp.edu\/lecamae\/actividades-variadas\/#breadcrumb"},"inLanguage":"en-US","potentialAction":[{"@type":"ReadAction","target":["https:\/\/cie.uprrp.edu\/lecamae\/actividades-variadas\/"]}]},{"@type":"BreadcrumbList","@id":"https:\/\/cie.uprrp.edu\/lecamae\/actividades-variadas\/#breadcrumb","itemListElement":[{"@type":"ListItem","position":1,"name":"Home","item":"https:\/\/cie.uprrp.edu\/lecamae\/"},{"@type":"ListItem","position":2,"name":"Actividades variadas"}]},{"@type":"WebSite","@id":"https:\/\/cie.uprrp.edu\/lecamae\/#website","url":"https:\/\/cie.uprrp.edu\/lecamae\/","name":"LECAMAE:","description":"L\u00edderes Educativos Comprometidos con el Aprendizaje y que Mejoran el Aprovechamiento Estudiantil","potentialAction":[{"@type":"SearchAction","target":{"@type":"EntryPoint","urlTemplate":"https:\/\/cie.uprrp.edu\/lecamae\/?s={search_term_string}"},"query-input":{"@type":"PropertyValueSpecification","valueRequired":true,"valueName":"search_term_string"}}],"inLanguage":"en-US"}]}},"_links":{"self":[{"href":"https:\/\/cie.uprrp.edu\/lecamae\/wp-json\/wp\/v2\/pages\/44","targetHints":{"allow":["GET"]}}],"collection":[{"href":"https:\/\/cie.uprrp.edu\/lecamae\/wp-json\/wp\/v2\/pages"}],"about":[{"href":"https:\/\/cie.uprrp.edu\/lecamae\/wp-json\/wp\/v2\/types\/page"}],"author":[{"embeddable":true,"href":"https:\/\/cie.uprrp.edu\/lecamae\/wp-json\/wp\/v2\/users\/1"}],"replies":[{"embeddable":true,"href":"https:\/\/cie.uprrp.edu\/lecamae\/wp-json\/wp\/v2\/comments?post=44"}],"version-history":[{"count":1,"href":"https:\/\/cie.uprrp.edu\/lecamae\/wp-json\/wp\/v2\/pages\/44\/revisions"}],"predecessor-version":[{"id":45,"href":"https:\/\/cie.uprrp.edu\/lecamae\/wp-json\/wp\/v2\/pages\/44\/revisions\/45"}],"wp:attachment":[{"href":"https:\/\/cie.uprrp.edu\/lecamae\/wp-json\/wp\/v2\/media?parent=44"}],"curies":[{"name":"wp","href":"https:\/\/api.w.org\/{rel}","templated":true}]}}