{"id":46,"date":"2022-04-22T18:28:25","date_gmt":"2022-04-22T18:28:25","guid":{"rendered":"https:\/\/cie.uprrp.edu\/simposioeducacion\/?page_id=46"},"modified":"2022-04-22T18:28:25","modified_gmt":"2022-04-22T18:28:25","slug":"propuestas-2022","status":"publish","type":"page","link":"https:\/\/cie.uprrp.edu\/simposioeducacion\/propuestas-2022\/","title":{"rendered":"Propuestas 2022"},"content":{"rendered":"\r\n\r\n<span data-contrast=\"auto\">El Centro de Investigaciones Educativas y la Facultad de Educaci\u00f3n del Recinto de R\u00edo Piedras de la Universidad de Puerto Rico invitan a toda la comunidad estudiantil de esta y otras facultades a participar del <\/span><b><i><span data-contrast=\"auto\">Tercer Simposio Estudiantil de Investigaci\u00f3n &amp; Creaci\u00f3n en Educaci\u00f3n<\/span><\/i><\/b><span data-contrast=\"auto\">. El tema del Simposio se centra en <\/span><i><span data-contrast=\"auto\">Desarrollo y Competencias de Investigaci\u00f3n: Experiencias Formativas para la Investigaci\u00f3n en Educaci\u00f3n<\/span><\/i><span data-ccp-props=\"{&quot;201341983&quot;:0,&quot;335551550&quot;:6,&quot;335551620&quot;:6,&quot;335559739&quot;:180,&quot;335559740&quot;:288}\">.<\/span> <span data-contrast=\"auto\">Mediante esta actividad, damos la bienvenida a propuestas de las distintas disciplinas y \u00e1reas que componen el campo de la educaci\u00f3n.<\/span><span data-ccp-props=\"{&quot;201341983&quot;:0,&quot;335551550&quot;:6,&quot;335551620&quot;:6,&quot;335559739&quot;:180,&quot;335559740&quot;:288}\">\u00a0<\/span> <span data-contrast=\"auto\">El Simposio se celebrar\u00e1 el <\/span><b><span data-contrast=\"auto\">mi\u00e9rcoles 4 y jueves 5 de mayo de 2022<\/span><\/b><span data-contrast=\"auto\">. Las propuestas enviadas deben ser acad\u00e9micas y podr\u00e1n ser en espa\u00f1ol o ingl\u00e9s. Se considerar\u00e1n trabajos relacionados a experiencias en la sala de clases, trabajos monogr\u00e1ficos, producciones creativas, investigaciones o propuestas de investigaci\u00f3n, tesis o disertaciones. Para participar, debe ser estudiante subgraduado o graduado activo, y tener como primera o segunda concentraci\u00f3n alguna especialidad en educaci\u00f3n.<\/span><span data-ccp-props=\"{&quot;201341983&quot;:0,&quot;335551550&quot;:6,&quot;335551620&quot;:6,&quot;335559739&quot;:180,&quot;335559740&quot;:288}\">\u00a0<\/span>\r\n<h3><b><span data-contrast=\"auto\">Fecha l\u00edmite para someter propuestas<\/span><\/b><\/h3>\r\n<span data-contrast=\"auto\">El per\u00edodo para someter propuestas termina a la medianoche del <\/span><b><span data-contrast=\"auto\">domingo, 20 de marzo de 2022<\/span><\/b><span data-contrast=\"auto\">.\u00a0<\/span>\r\n<h3><b><span data-contrast=\"auto\">Informaci\u00f3n que debe incluir en su propuesta<\/span><\/b><\/h3>\r\n<i><span data-contrast=\"auto\">Solo se admitir\u00e1n propuestas sometidas mediante el formulario electr\u00f3nico que se incluye en esta p\u00e1gina.<\/span><\/i>\r\n<ul>\r\n \t<li><span data-contrast=\"auto\">Nombre completo.<\/span><\/li>\r\n \t<li>Tel\u00e9fono y correo electr\u00f3nico.<\/li>\r\n \t<li>Universidad, facultad y departamento de procedencia.<\/li>\r\n \t<li>T\u00edtulo de la presentaci\u00f3n.<\/li>\r\n \t<li>Indique si el trabajo es producto de <span data-contrast=\"auto\">experiencias en la sala de clases, trabajos monogr\u00e1ficos, producciones creativas, investigaciones o propuestas de investigaci\u00f3n, tesis o disertaciones.<\/span><\/li>\r\n \t<li>Objetivos de la presentaci\u00f3n.<\/li>\r\n \t<li>Incluya un resumen del trabajo (m\u00e1ximo de 700 palabras). Seg\u00fan aplique, <i style=\"background-color: var(--global--color-background); color: var(--global--color-primary); font-family: var(--global--font-secondary); font-size: var(--global--font-size-base);\"><span data-contrast=\"auto\">deber\u00e1 indicar que cuenta con el Certificado de Protecci\u00f3n de Seres Humanos (IRB, CIPSHI, etc.).<\/span><\/i><\/li>\r\n<\/ul>\r\n<h3>Consideraciones adicionales<\/h3>\r\n<ul>\r\n \t<li>Las propuestas pueden ser individuales o grupales. En este \u00faltimo caso, el grupo podr\u00e1 contar con un m\u00e1ximo de cuatro (4) personas presentadoras.<\/li>\r\n \t<li>Solo se considerar\u00e1 una propuesta por estudiante en calidad de autor o autora principal. No obstante, una o un estudiante que someta una propuesta como autor o autora principal puede participar en otra propuesta grupal en la que no sea autor o autora principal.<\/li>\r\n \t<li>Los y las docentes pueden participar junto con sus estudiantes en propuestas grupales (es decir, el o la docente, m\u00e1s un m\u00e1ximo de tres estudiantes). Sin embargo, un alumno o una alumna debe ser la autora o el autor principal del trabajo que proponen presentar.<\/li>\r\n<\/ul>\r\n<p style=\"text-align: center;\"><strong><a href=\"https:\/\/forms.office.com\/r\/uDRBtb4qDU\">&gt;&gt; ACCEDA AL FORMULARIO PARA SOMETER SU PROPUESTA &lt;&lt;<\/a><\/strong><\/p>\r\n\r\n<h3><span data-contrast=\"auto\">Si su propuesta es aceptada&#8230;<\/span><\/h3>\r\n<span data-contrast=\"auto\">El Comit\u00e9 Asesor notificar\u00e1 por correo electr\u00f3nico si su propuesta ha sido aceptada, a partir del <\/span><b><span data-contrast=\"auto\">30 de marzo de 2022<\/span><\/b><b><span data-contrast=\"auto\">.<\/span><\/b><span data-contrast=\"auto\"> Posteriormente, se les suplir\u00e1 el programa de la actividad, que indicar\u00e1 el d\u00eda, la hora y el lugar asignado a su presentaci\u00f3n.<\/span>\r\n\r\nCada exponente tendr\u00e1 un m\u00e1ximo de 15 minutos para su presentaci\u00f3n. Aquellas que sean presentaciones grupales asignar\u00e1n tiempo a sus integrantes dentro de ese l\u00edmite de 15 minutos para el grupo.\r\n\r\n<span data-contrast=\"auto\">Este Simposio ser\u00e1 en modalidad presencial, con retransmisi\u00f3n por Internet de algunas de las actividades principales. En todo momento, se seguir\u00e1n los protocolos de salud y seguridad que establezca el Recinto de R\u00edo Piedras para la fecha del evento.<\/span><span data-ccp-props=\"{&quot;201341983&quot;:0,&quot;335551550&quot;:6,&quot;335551620&quot;:6,&quot;335559739&quot;:180,&quot;335559740&quot;:288}\">\u00a0<\/span>\r\n\r\n<span data-contrast=\"auto\">Alentamos a todo el estudiantado a participar del <em>Tercer Simposio Estudiantil de Investigaci\u00f3n &amp; Creaci\u00f3n en Educaci\u00f3n<\/em>, pues parte de su preparaci\u00f3n acad\u00e9mica descansa en presentar sus trabajos en eventos acad\u00e9micos.<\/span>\r\n\r\n","protected":false},"excerpt":{"rendered":"<p>El Centro de Investigaciones Educativas y la Facultad de Educaci\u00f3n del Recinto de R\u00edo Piedras de la Universidad de Puerto Rico invitan a toda la comunidad estudiantil de esta y &hellip; <\/p>\n","protected":false},"author":1,"featured_media":0,"parent":0,"menu_order":0,"comment_status":"closed","ping_status":"closed","template":"","meta":{"footnotes":""},"class_list":["post-46","page","type-page","status-publish","hentry"],"yoast_head":"<!-- This site is optimized with the Yoast SEO plugin v27.3 - https:\/\/yoast.com\/product\/yoast-seo-wordpress\/ -->\n<title>Propuestas 2022 - Simposio Estudiantil de Investigaci\u00f3n y Creaci\u00f3n en Educaci\u00f3n<\/title>\n<meta name=\"robots\" content=\"index, follow, max-snippet:-1, max-image-preview:large, max-video-preview:-1\" \/>\n<link rel=\"canonical\" href=\"https:\/\/cie.uprrp.edu\/simposioeducacion\/propuestas-2022\/\" \/>\n<meta property=\"og:locale\" content=\"en_US\" \/>\n<meta property=\"og:type\" content=\"article\" \/>\n<meta property=\"og:title\" content=\"Propuestas 2022 - Simposio Estudiantil de Investigaci\u00f3n y Creaci\u00f3n en Educaci\u00f3n\" \/>\n<meta property=\"og:description\" content=\"El Centro de Investigaciones Educativas y la Facultad de Educaci\u00f3n del Recinto de R\u00edo Piedras de la Universidad de Puerto Rico invitan a toda la comunidad estudiantil de esta y &hellip;\" \/>\n<meta property=\"og:url\" content=\"https:\/\/cie.uprrp.edu\/simposioeducacion\/propuestas-2022\/\" \/>\n<meta property=\"og:site_name\" content=\"Simposio Estudiantil de Investigaci\u00f3n y Creaci\u00f3n en Educaci\u00f3n\" \/>\n<meta name=\"twitter:card\" content=\"summary_large_image\" \/>\n<meta name=\"twitter:label1\" content=\"Est. reading time\" \/>\n\t<meta name=\"twitter:data1\" content=\"3 minutes\" \/>\n<script type=\"application\/ld+json\" class=\"yoast-schema-graph\">{\"@context\":\"https:\\\/\\\/schema.org\",\"@graph\":[{\"@type\":\"WebPage\",\"@id\":\"https:\\\/\\\/cie.uprrp.edu\\\/simposioeducacion\\\/propuestas-2022\\\/\",\"url\":\"https:\\\/\\\/cie.uprrp.edu\\\/simposioeducacion\\\/propuestas-2022\\\/\",\"name\":\"Propuestas 2022 - Simposio Estudiantil de Investigaci\u00f3n y Creaci\u00f3n en Educaci\u00f3n\",\"isPartOf\":{\"@id\":\"https:\\\/\\\/cie.uprrp.edu\\\/simposioeducacion\\\/#website\"},\"datePublished\":\"2022-04-22T18:28:25+00:00\",\"breadcrumb\":{\"@id\":\"https:\\\/\\\/cie.uprrp.edu\\\/simposioeducacion\\\/propuestas-2022\\\/#breadcrumb\"},\"inLanguage\":\"en-US\",\"potentialAction\":[{\"@type\":\"ReadAction\",\"target\":[\"https:\\\/\\\/cie.uprrp.edu\\\/simposioeducacion\\\/propuestas-2022\\\/\"]}]},{\"@type\":\"BreadcrumbList\",\"@id\":\"https:\\\/\\\/cie.uprrp.edu\\\/simposioeducacion\\\/propuestas-2022\\\/#breadcrumb\",\"itemListElement\":[{\"@type\":\"ListItem\",\"position\":1,\"name\":\"Home\",\"item\":\"https:\\\/\\\/cie.uprrp.edu\\\/simposioeducacion\\\/\"},{\"@type\":\"ListItem\",\"position\":2,\"name\":\"Propuestas 2022\"}]},{\"@type\":\"WebSite\",\"@id\":\"https:\\\/\\\/cie.uprrp.edu\\\/simposioeducacion\\\/#website\",\"url\":\"https:\\\/\\\/cie.uprrp.edu\\\/simposioeducacion\\\/\",\"name\":\"Simposio Estudiantil de Investigaci\u00f3n y Creaci\u00f3n en Educaci\u00f3n\",\"description\":\"4 &amp; 5 de mayo de 2022 \u2022 Facultad de Educaci\u00f3n \u2022 UPR-R\u00edo Piedras\",\"potentialAction\":[{\"@type\":\"SearchAction\",\"target\":{\"@type\":\"EntryPoint\",\"urlTemplate\":\"https:\\\/\\\/cie.uprrp.edu\\\/simposioeducacion\\\/?s={search_term_string}\"},\"query-input\":{\"@type\":\"PropertyValueSpecification\",\"valueRequired\":true,\"valueName\":\"search_term_string\"}}],\"inLanguage\":\"en-US\"}]}<\/script>\n<!-- \/ Yoast SEO plugin. -->","yoast_head_json":{"title":"Propuestas 2022 - Simposio Estudiantil de Investigaci\u00f3n y Creaci\u00f3n en Educaci\u00f3n","robots":{"index":"index","follow":"follow","max-snippet":"max-snippet:-1","max-image-preview":"max-image-preview:large","max-video-preview":"max-video-preview:-1"},"canonical":"https:\/\/cie.uprrp.edu\/simposioeducacion\/propuestas-2022\/","og_locale":"en_US","og_type":"article","og_title":"Propuestas 2022 - Simposio Estudiantil de Investigaci\u00f3n y Creaci\u00f3n en Educaci\u00f3n","og_description":"El Centro de Investigaciones Educativas y la Facultad de Educaci\u00f3n del Recinto de R\u00edo Piedras de la Universidad de Puerto Rico invitan a toda la comunidad estudiantil de esta y &hellip;","og_url":"https:\/\/cie.uprrp.edu\/simposioeducacion\/propuestas-2022\/","og_site_name":"Simposio Estudiantil de Investigaci\u00f3n y Creaci\u00f3n en Educaci\u00f3n","twitter_card":"summary_large_image","twitter_misc":{"Est. reading time":"3 minutes"},"schema":{"@context":"https:\/\/schema.org","@graph":[{"@type":"WebPage","@id":"https:\/\/cie.uprrp.edu\/simposioeducacion\/propuestas-2022\/","url":"https:\/\/cie.uprrp.edu\/simposioeducacion\/propuestas-2022\/","name":"Propuestas 2022 - Simposio Estudiantil de Investigaci\u00f3n y Creaci\u00f3n en Educaci\u00f3n","isPartOf":{"@id":"https:\/\/cie.uprrp.edu\/simposioeducacion\/#website"},"datePublished":"2022-04-22T18:28:25+00:00","breadcrumb":{"@id":"https:\/\/cie.uprrp.edu\/simposioeducacion\/propuestas-2022\/#breadcrumb"},"inLanguage":"en-US","potentialAction":[{"@type":"ReadAction","target":["https:\/\/cie.uprrp.edu\/simposioeducacion\/propuestas-2022\/"]}]},{"@type":"BreadcrumbList","@id":"https:\/\/cie.uprrp.edu\/simposioeducacion\/propuestas-2022\/#breadcrumb","itemListElement":[{"@type":"ListItem","position":1,"name":"Home","item":"https:\/\/cie.uprrp.edu\/simposioeducacion\/"},{"@type":"ListItem","position":2,"name":"Propuestas 2022"}]},{"@type":"WebSite","@id":"https:\/\/cie.uprrp.edu\/simposioeducacion\/#website","url":"https:\/\/cie.uprrp.edu\/simposioeducacion\/","name":"Simposio Estudiantil de Investigaci\u00f3n y Creaci\u00f3n en Educaci\u00f3n","description":"4 &amp; 5 de mayo de 2022 \u2022 Facultad de Educaci\u00f3n \u2022 UPR-R\u00edo Piedras","potentialAction":[{"@type":"SearchAction","target":{"@type":"EntryPoint","urlTemplate":"https:\/\/cie.uprrp.edu\/simposioeducacion\/?s={search_term_string}"},"query-input":{"@type":"PropertyValueSpecification","valueRequired":true,"valueName":"search_term_string"}}],"inLanguage":"en-US"}]}},"_links":{"self":[{"href":"https:\/\/cie.uprrp.edu\/simposioeducacion\/wp-json\/wp\/v2\/pages\/46","targetHints":{"allow":["GET"]}}],"collection":[{"href":"https:\/\/cie.uprrp.edu\/simposioeducacion\/wp-json\/wp\/v2\/pages"}],"about":[{"href":"https:\/\/cie.uprrp.edu\/simposioeducacion\/wp-json\/wp\/v2\/types\/page"}],"author":[{"embeddable":true,"href":"https:\/\/cie.uprrp.edu\/simposioeducacion\/wp-json\/wp\/v2\/users\/1"}],"replies":[{"embeddable":true,"href":"https:\/\/cie.uprrp.edu\/simposioeducacion\/wp-json\/wp\/v2\/comments?post=46"}],"version-history":[{"count":1,"href":"https:\/\/cie.uprrp.edu\/simposioeducacion\/wp-json\/wp\/v2\/pages\/46\/revisions"}],"predecessor-version":[{"id":47,"href":"https:\/\/cie.uprrp.edu\/simposioeducacion\/wp-json\/wp\/v2\/pages\/46\/revisions\/47"}],"wp:attachment":[{"href":"https:\/\/cie.uprrp.edu\/simposioeducacion\/wp-json\/wp\/v2\/media?parent=46"}],"curies":[{"name":"wp","href":"https:\/\/api.w.org\/{rel}","templated":true}]}}